{"id":178,"date":"2021-12-08T10:41:33","date_gmt":"2021-12-08T10:41:33","guid":{"rendered":"https:\/\/www.ateti.pt\/loja\/?post_type=product&#038;p=178"},"modified":"2026-04-23T11:49:22","modified_gmt":"2026-04-23T10:49:22","slug":"caffe-bonini-intenso-5","status":"publish","type":"product","link":"https:\/\/www.ateti.pt\/loja\/produto\/caffe-bonini-intenso-5\/","title":{"rendered":"Caf\u00e9 Intenso Caffitaly 10 C\u00e1psulas Bonini (03-10-2026)"},"content":{"rendered":"<h5>Caf\u00e9 Intenso Caffitaly Bonini<\/h5>\n<p><strong>Um pouco sobre a Caff\u00e9 Bonini<\/strong><\/p>\n<p>De origem italiana a Caff\u00e9 Bonini nasce de uma pequena empresa\u00a0 de torrefa\u00e7\u00e3o situada na regi\u00e3o da Toscana de It\u00e1lia e alia a arte da transforma\u00e7\u00e3o do caf\u00e9, ao sabor de excel\u00eancia de um caf\u00e9.<\/p>\n<p>A Caff\u00e8 Bonini \u00e9 uma marca de caf\u00e9 italiana com abrang\u00eancia mundial\u00a0 com presen\u00e7a no mercado nacional atrav\u00e9s da marca Caff\u00e8 Bonini Portugal. Oferece um sistema patenteado na \u00e1rea do caf\u00e9 em c\u00e1psula, o Bonini Club, que permite a todos os amantes de caf\u00e9 a possibilidade de usufru\u00edrem todos os dias do verdadeiro caf\u00e9 italiano.<\/p>\n<p>As c\u00e1psulas de caf\u00e9 originais Bonini Club com caf\u00e9, produzido e torrado na It\u00e1lia, numa c\u00e1psula de forma c\u00f3nica, para tirar o caf\u00e9 criando um efeito de v\u00f3rtice, dando a oportunidade de obter mais creme e mais corpo para um caf\u00e9 perfeito<\/p>\n<h5>Ficha t\u00e9cnica<\/h5>\n<div class=\"row\">\n<div class=\"col-xs-6 pull-left\">\n<div class=\"panel panel-default\">\n<div class=\"panel-heading\">INFORMA\u00c7\u00d5ES GERAIS<\/div>\n<table class=\"table table-bordered\">\n<tbody>\n<tr>\n<td colspan=\"2\">Armazenar em local seco \u00e0 temperatura ambiente<\/td>\n<\/tr>\n<tr>\n<th>Produtor<\/th>\n<td>Caff\u00e8 Bonini S.r.l.<\/td>\n<\/tr>\n<\/tbody>\n<\/table>\n<\/div>\n<\/div>\n<\/div>\n<div class=\"row\">\n<div class=\"col-xs-6 pull-left\"><\/div>\n<\/div>\n","protected":false},"excerpt":{"rendered":"<p>0,25\u20ac\/un<\/p>\n<h3>Descri\u00e7\u00e3o<\/h3>\n<p>Uma mistura de sabor forte com um aroma penetrante e consistente ideal para recarregar energias. Uma experi\u00eancia revigorante!<\/p>\n","protected":false},"featured_media":179,"comment_status":"closed","ping_status":"closed","template":"","meta":{"_themeisle_gutenberg_block_has_review":false},"product_brand":[],"product_cat":[117,23,172,256,787,265],"product_tag":[],"woo-feed-brand":[],"class_list":{"0":"post-178","1":"product","2":"type-product","3":"status-publish","4":"has-post-thumbnail","6":"product_cat-cafe-em-capsula","7":"product_cat-capsulas-pingo-doce-caffitaly","8":"product_cat-pingo-doce-caffitaly-compativeis","9":"product_cat-compativeis-cafe-em-capsula","10":"product_cat-promocao-bonini","11":"product_cat-promocoes-outlet-ate-50-desconto-supermercado-online-ate-ti","12":"ts_product_brand-bonini","14":"first","15":"instock","16":"sale","17":"taxable","18":"shipping-taxable","19":"purchasable","20":"product-type-simple"},"_links":{"self":[{"href":"https:\/\/www.ateti.pt\/loja\/wp-json\/wp\/v2\/product\/178","targetHints":{"allow":["GET"]}}],"collection":[{"href":"https:\/\/www.ateti.pt\/loja\/wp-json\/wp\/v2\/product"}],"about":[{"href":"https:\/\/www.ateti.pt\/loja\/wp-json\/wp\/v2\/types\/product"}],"replies":[{"embeddable":true,"href":"https:\/\/www.ateti.pt\/loja\/wp-json\/wp\/v2\/comments?post=178"}],"wp:featuredmedia":[{"embeddable":true,"href":"https:\/\/www.ateti.pt\/loja\/wp-json\/wp\/v2\/media\/179"}],"wp:attachment":[{"href":"https:\/\/www.ateti.pt\/loja\/wp-json\/wp\/v2\/media?parent=178"}],"wp:term":[{"taxonomy":"product_brand","embeddable":true,"href":"https:\/\/www.ateti.pt\/loja\/wp-json\/wp\/v2\/product_brand?post=178"},{"taxonomy":"product_cat","embeddable":true,"href":"https:\/\/www.ateti.pt\/loja\/wp-json\/wp\/v2\/product_cat?post=178"},{"taxonomy":"product_tag","embeddable":true,"href":"https:\/\/www.ateti.pt\/loja\/wp-json\/wp\/v2\/product_tag?post=178"},{"taxonomy":"woo-feed-brand","embeddable":true,"href":"https:\/\/www.ateti.pt\/loja\/wp-json\/wp\/v2\/woo-feed-brand?post=178"}],"curies":[{"name":"wp","href":"https:\/\/api.w.org\/{rel}","templated":true}]}}