{"id":17628,"date":"2020-06-04T11:22:51","date_gmt":"2020-06-04T10:22:51","guid":{"rendered":"https:\/\/www.ateti.pt\/loja\/?post_type=product&#038;p=17628"},"modified":"2026-02-04T10:21:56","modified_gmt":"2026-02-04T10:21:56","slug":"boca-doce-chocolate-22g","status":"publish","type":"product","link":"https:\/\/www.ateti.pt\/loja\/produto\/boca-doce-chocolate-22g\/","title":{"rendered":"Boca Doce Chocolate 22g"},"content":{"rendered":"<h5>Boca Doce Chocolate<\/h5>\n<p>Quantidade: 22g<\/p>\n<p><strong>Ingredientes:<\/strong> Amido de milho, cacau em p\u00f3 (11%), sal, gelificante (carragenina), corante (caramelo sulf\u00edtico de am\u00f3nia), aromas, estabilizador (fosfato diss\u00f3dico), sumo de cenoura negra concentrado.<\/p>\n<p><strong>Modo de prepara\u00e7\u00e3o:<\/strong><\/p>\n<p>1- Deite o conte\u00fado da saqueta numa ca\u00e7arola e adicione 4 colheres de sopa\/100 gramas de a\u00e7\u00facar.<\/p>\n<p>2- Junte pouco a pouco, 500 ml de leite, mexendo at\u00e9 dissolver bem;<\/p>\n<p>3- Leve a levantar fervura em lume brando e deixe cozer durante 2 minutos, mexendo sempre;<\/p>\n<p>4- Coloque nas formas e deixe arrefecer sem mexer.<\/p>\n<p>Veja mais em <a href=\"https:\/\/www.ateti.pt\/loja\/categoria\/mercearia\/sobremesas-mercearia\/\">Sobremesas<\/a><\/p>\n","protected":false},"excerpt":{"rendered":"<p>35.91\u20ac\/kg<\/p>\n","protected":false},"featured_media":17629,"comment_status":"closed","ping_status":"closed","template":"","meta":{"_themeisle_gutenberg_block_has_review":false},"product_brand":[],"product_cat":[132,175],"product_tag":[],"woo-feed-brand":[],"class_list":{"0":"post-17628","1":"product","2":"type-product","3":"status-publish","4":"has-post-thumbnail","6":"product_cat-mercearia","7":"product_cat-sobremesas-mercearia","8":"ts_product_brand-boca-doce","10":"first","11":"instock","12":"taxable","13":"shipping-taxable","14":"purchasable","15":"product-type-simple"},"_links":{"self":[{"href":"https:\/\/www.ateti.pt\/loja\/wp-json\/wp\/v2\/product\/17628","targetHints":{"allow":["GET"]}}],"collection":[{"href":"https:\/\/www.ateti.pt\/loja\/wp-json\/wp\/v2\/product"}],"about":[{"href":"https:\/\/www.ateti.pt\/loja\/wp-json\/wp\/v2\/types\/product"}],"replies":[{"embeddable":true,"href":"https:\/\/www.ateti.pt\/loja\/wp-json\/wp\/v2\/comments?post=17628"}],"wp:featuredmedia":[{"embeddable":true,"href":"https:\/\/www.ateti.pt\/loja\/wp-json\/wp\/v2\/media\/17629"}],"wp:attachment":[{"href":"https:\/\/www.ateti.pt\/loja\/wp-json\/wp\/v2\/media?parent=17628"}],"wp:term":[{"taxonomy":"product_brand","embeddable":true,"href":"https:\/\/www.ateti.pt\/loja\/wp-json\/wp\/v2\/product_brand?post=17628"},{"taxonomy":"product_cat","embeddable":true,"href":"https:\/\/www.ateti.pt\/loja\/wp-json\/wp\/v2\/product_cat?post=17628"},{"taxonomy":"product_tag","embeddable":true,"href":"https:\/\/www.ateti.pt\/loja\/wp-json\/wp\/v2\/product_tag?post=17628"},{"taxonomy":"woo-feed-brand","embeddable":true,"href":"https:\/\/www.ateti.pt\/loja\/wp-json\/wp\/v2\/woo-feed-brand?post=17628"}],"curies":[{"name":"wp","href":"https:\/\/api.w.org\/{rel}","templated":true}]}}