{"id":17504,"date":"2022-04-02T10:29:42","date_gmt":"2022-04-02T09:29:42","guid":{"rendered":"https:\/\/www.ateti.pt\/loja\/?post_type=product&#038;p=17504"},"modified":"2026-03-04T20:57:23","modified_gmt":"2026-03-04T20:57:23","slug":"sal-marinha-salutem-1kg","status":"publish","type":"product","link":"https:\/\/www.ateti.pt\/loja\/produto\/sal-marinha-salutem-1kg\/","title":{"rendered":"Sal Marinho 1kg Salutem"},"content":{"rendered":"<p><strong>Sal Marinho Salutem<\/strong><\/p>\n<p><strong>Quantidade:<\/strong> 1kg<\/p>\n<p><strong>Declara\u00e7\u00e3o nutricional por 100g:<\/strong><\/p>\n<p>Magn\u00e9sio: 710mg(189% VRN); C\u00e1lcio: 110mg(13,7% VRN); Pot\u00e1ssio: 300m g(15% VRN); Ferro: 0,59mg; Mangan\u00eas: 0,51mg (25,5% VRN).<\/p>\n<p>Este sal marinho n\u00e3o refinado prov\u00e9m das salinas do Atl\u00e2ntico. Resulta de uma associa\u00e7\u00e3o harmoniosa das mar\u00e9s, temperatura e humidade do ambiente e do vento, mantendo intacta a riqueza mineral da \u00e1gua do mar.<\/p>\n<p>Assim, no seu estado bruto, principalmente aquele conhecido popularmente como sal de cozinha ou cloreto de s\u00f3dio, est\u00e1 repleto de sais minerais de import\u00e2ncia vital, inclusive para o bom funcionamento do nosso intestino, tais como: pot\u00e1ssio, c\u00e1lcio, ferro, magn\u00e9sio, iodo e outros.<\/p>\n<p>No seu processo natural de cristaliza\u00e7\u00e3o do sal, este n\u00e3o \u00e9 submetido a qualquer tipo de tratamento. Mais completo do ponto de vista nutricional, este sal marinho tem tamb\u00e9m um paladar superior, mais intenso e com uma sensa\u00e7\u00e3o que perdura.<\/p>\n<p>\u2013 100% natural (n\u00e3o refinado).<\/p>\n<p>\u2013 Tal qual, proveniente da salmoura natural.<\/p>\n<p>\u2013 Rico em sais minerais.<\/p>\n<p>\u2013 Sal alimentar.<\/p>\n<p>\u2013 Obtido das salinas do Atl\u00e2ntico.<\/p>\n<p>\u2013 Mais saud\u00e1vel, porque mant\u00e9m o equil\u00edbrio natural em sais minerais.<\/p>\n<p>NOTA: \u00c9 aconselh\u00e1vel a consulta de um m\u00e9dico ou nutricionista sempre que tiver d\u00favidas sobre o consumo deste produto.<\/p>\n<p>Descubra mais na categoria de <a href=\"https:\/\/www.ateti.pt\/loja\/categoria\/mercearia\/temperos-e-molhos\/\">Temperos de Molhos<\/a><\/p>\n","protected":false},"excerpt":{"rendered":"<p>0,89\u20ac\/kg<\/p>\n","protected":false},"featured_media":60930,"comment_status":"closed","ping_status":"closed","template":"","meta":{"_themeisle_gutenberg_block_has_review":false},"product_brand":[],"product_cat":[132,174],"product_tag":[],"woo-feed-brand":[752],"class_list":{"0":"post-17504","1":"product","2":"type-product","3":"status-publish","4":"has-post-thumbnail","6":"product_cat-mercearia","7":"product_cat-temperos-e-molhos","8":"ts_product_brand-salutem","9":"woo-feed-brand-salutem","11":"first","12":"outofstock","13":"taxable","14":"shipping-taxable","15":"purchasable","16":"product-type-simple"},"_links":{"self":[{"href":"https:\/\/www.ateti.pt\/loja\/wp-json\/wp\/v2\/product\/17504","targetHints":{"allow":["GET"]}}],"collection":[{"href":"https:\/\/www.ateti.pt\/loja\/wp-json\/wp\/v2\/product"}],"about":[{"href":"https:\/\/www.ateti.pt\/loja\/wp-json\/wp\/v2\/types\/product"}],"replies":[{"embeddable":true,"href":"https:\/\/www.ateti.pt\/loja\/wp-json\/wp\/v2\/comments?post=17504"}],"wp:featuredmedia":[{"embeddable":true,"href":"https:\/\/www.ateti.pt\/loja\/wp-json\/wp\/v2\/media\/60930"}],"wp:attachment":[{"href":"https:\/\/www.ateti.pt\/loja\/wp-json\/wp\/v2\/media?parent=17504"}],"wp:term":[{"taxonomy":"product_brand","embeddable":true,"href":"https:\/\/www.ateti.pt\/loja\/wp-json\/wp\/v2\/product_brand?post=17504"},{"taxonomy":"product_cat","embeddable":true,"href":"https:\/\/www.ateti.pt\/loja\/wp-json\/wp\/v2\/product_cat?post=17504"},{"taxonomy":"product_tag","embeddable":true,"href":"https:\/\/www.ateti.pt\/loja\/wp-json\/wp\/v2\/product_tag?post=17504"},{"taxonomy":"woo-feed-brand","embeddable":true,"href":"https:\/\/www.ateti.pt\/loja\/wp-json\/wp\/v2\/woo-feed-brand?post=17504"}],"curies":[{"name":"wp","href":"https:\/\/api.w.org\/{rel}","templated":true}]}}