{"id":17403,"date":"2020-05-28T10:55:41","date_gmt":"2020-05-28T09:55:41","guid":{"rendered":"https:\/\/www.ateti.pt\/loja\/?post_type=product&#038;p=17403"},"modified":"2026-02-24T10:42:20","modified_gmt":"2026-02-24T10:42:20","slug":"champo-gotas-de-brilho-johnsons-500ml","status":"publish","type":"product","link":"https:\/\/www.ateti.pt\/loja\/produto\/champo-gotas-de-brilho-johnsons-500ml\/","title":{"rendered":"Champ\u00f4 Gotas de Brilho Johnson\u00b4s 500ml"},"content":{"rendered":"<h5>Champ\u00f4 Gotas de Brilho Johnson\u00b4s<\/h5>\n<p>Quantidade: 500ml<\/p>\n<ul>\n<li>Hipoalerg\u00e9nico*<\/li>\n<li>pH equilibrado e suave para o couro cabeludo<\/li>\n<li>Testado por pediatras e dermatologistas<\/li>\n<li>Sem corantes, ftalatos, sulfatos, \u00e1lcool e sab\u00e3o.<\/li>\n<li>A nossa f\u00f3rmula N\u00e3o Causa L\u00e1grimas<sup>\u00ae<\/sup>\u00a0permite uma experi\u00eancia sem l\u00e1grimas e \u00e9 t\u00e3o suave para os olhos como \u00e1gua pura.<\/li>\n<li>Enriquecido com vitamina\u00a0E<\/li>\n<li>Intensifica a resist\u00eancia natural do cabelo<\/li>\n<\/ul>\n<p>\u00c0 medida que as crian\u00e7as crescem, as necessidades capilares v\u00e3o mudando.\u00a0Como a pele e o couro cabeludo continuam a desenvolver-se at\u00e9 aos 12 anos de idade, a nossa gama de cuidados capilares foi especialmente concebida para ser suave comparativamente com produtos normais para adultos, oferecendo simultaneamente benef\u00edcios superiores. O JOHNSON\u2019S<sup>\u00ae<\/sup>\u00a0Gotas de For\u00e7a Champ\u00f4 para Crian\u00e7as \u00e9 enriquecido com vitamina\u00a0E e foi especialmente concebido para ajudar a fortalecer o cabelo para quebrar menos.<\/p>\n<p>S\u00f3 utilizamos ingredientes de elevada qualidade e delicados para o beb\u00e9. Motivo pelo qual rejeit\u00e1mos mais de 400 ingredientes que n\u00e3o cumprem os nossos padr\u00f5es O melhor para o seu beb\u00e9.<\/p>\n<p>*\u00a0formulado para minimizar o risco de alergias.<\/p>\n<p><strong>Modo de utiliza\u00e7\u00e3o:<\/strong><\/p>\n<p>Molhe o cabelo da crian\u00e7a com \u00e1gua morna, ensaboe suavemente o cabelo com o Gotas de For\u00e7a Champ\u00f4 para Crian\u00e7as e enxague abundantemente<\/p>\n<p>*\u00a0Manter fora do alcance das crian\u00e7as. Apenas para uso externo.<\/p>\n<p><strong>Ingredientes:<\/strong> Aqua, Cocamidopropyl Betaine, Decyl Glucoside, Sodium Methyl Cocoyl Taurate, Glycerin, Silk Amino Acids, Hydroxypropyl Guar Hydroxypropyltrimonium Chloride, Polyquaternium-10, Argania Spinosa Kernel Oil (Argan Oil), Glycol Distearate, Coconut Acid, Sodium Cocoyl Isethionate, PEG-80 Sorbitan Laurate, PEG-150 Distearate, Sodium Chloride, Disodium EDTA, Citric Acid, BHT, Sodium Benzoate, Parfum.<\/p>\n<p>Veja mais em <a href=\"https:\/\/www.ateti.pt\/loja\/categoria\/bebe-crianca\/higiene-bebe-crianca\/\">Beb\u00e9 e Crian\u00e7a<\/a><\/p>\n","protected":false},"excerpt":{"rendered":"<p>10.78\u20ac\/l<\/p>\n","protected":false},"featured_media":60798,"comment_status":"closed","ping_status":"closed","template":"","meta":{"_themeisle_gutenberg_block_has_review":false},"product_brand":[],"product_cat":[214,203,211,190,227],"product_tag":[],"woo-feed-brand":[],"class_list":{"0":"post-17403","1":"product","2":"type-product","3":"status-publish","4":"has-post-thumbnail","6":"product_cat-bebe-crianca","7":"product_cat-beleza-e-higiene","8":"product_cat-cabelo","9":"product_cat-desinfetantes-e-limpeza","10":"product_cat-higiene-bebe-crianca","11":"ts_product_brand-johnsons","13":"first","14":"instock","15":"sale","16":"taxable","17":"shipping-taxable","18":"purchasable","19":"product-type-simple"},"_links":{"self":[{"href":"https:\/\/www.ateti.pt\/loja\/wp-json\/wp\/v2\/product\/17403","targetHints":{"allow":["GET"]}}],"collection":[{"href":"https:\/\/www.ateti.pt\/loja\/wp-json\/wp\/v2\/product"}],"about":[{"href":"https:\/\/www.ateti.pt\/loja\/wp-json\/wp\/v2\/types\/product"}],"replies":[{"embeddable":true,"href":"https:\/\/www.ateti.pt\/loja\/wp-json\/wp\/v2\/comments?post=17403"}],"wp:featuredmedia":[{"embeddable":true,"href":"https:\/\/www.ateti.pt\/loja\/wp-json\/wp\/v2\/media\/60798"}],"wp:attachment":[{"href":"https:\/\/www.ateti.pt\/loja\/wp-json\/wp\/v2\/media?parent=17403"}],"wp:term":[{"taxonomy":"product_brand","embeddable":true,"href":"https:\/\/www.ateti.pt\/loja\/wp-json\/wp\/v2\/product_brand?post=17403"},{"taxonomy":"product_cat","embeddable":true,"href":"https:\/\/www.ateti.pt\/loja\/wp-json\/wp\/v2\/product_cat?post=17403"},{"taxonomy":"product_tag","embeddable":true,"href":"https:\/\/www.ateti.pt\/loja\/wp-json\/wp\/v2\/product_tag?post=17403"},{"taxonomy":"woo-feed-brand","embeddable":true,"href":"https:\/\/www.ateti.pt\/loja\/wp-json\/wp\/v2\/woo-feed-brand?post=17403"}],"curies":[{"name":"wp","href":"https:\/\/api.w.org\/{rel}","templated":true}]}}