{"id":17146,"date":"2016-05-21T14:51:01","date_gmt":"2016-05-21T13:51:01","guid":{"rendered":"https:\/\/www.ateti.pt\/loja\/?post_type=product&#038;p=17146"},"modified":"2026-05-06T21:10:39","modified_gmt":"2026-05-06T20:10:39","slug":"removedor-de-verniz-perfumado-c-doseador-clean-e-care-200ml","status":"publish","type":"product","link":"https:\/\/www.ateti.pt\/loja\/produto\/removedor-de-verniz-perfumado-c-doseador-clean-e-care-200ml\/","title":{"rendered":"Acetona Suavizada com Doseador Clean e Care 200ml"},"content":{"rendered":"<h1><strong>Acetona Suavizada com Doseador Clean e Care<\/strong><\/h1>\n<p><strong>Quantidade:<\/strong> 200ml<\/p>\n<p><strong> Acetona Suavizada c\/Doseador Clean e Care<\/strong>, perfeito para cuidados de beleza e outros tipos de uso.<\/p>\n<h4><em>Sabia que podia usar acetona para:<\/em><\/h4>\n<h5>Remover arranh\u00f5es no vidro do rel\u00f3gio,<\/h5>\n<p>Basta embeber o algod\u00e3o na acetona e esfreg\u00e1-lo sobre vidro. Isso vai amenizar a apar\u00eancia do risco.<\/p>\n<h5>Aproveitar verniz seco<\/h5>\n<p>Antes de deitar fora o verniz endurecido coloque um pouco de acetona no frasco. Depois \u00e9 s\u00f3 agitar. Isso vai deixar o esmalte l\u00edquido novamente e vai poder us\u00e1-lo por mais tempo.<\/p>\n<h5>Eliminar res\u00edduos de pl\u00e1stico derretido<\/h5>\n<p>Para se livrar desse problema, pingue um pouquinho de acetona diretamente sobre o pl\u00e1stico derretido. Deixe a acetona agir por alguns minutos e retire tudo com um guardanapo ou pano de limpeza.<\/p>\n<h5>Remover res\u00edduos de cola<\/h5>\n<p>Mesmo colas extremamente resistentes, como a super cola, podem ser removidas com um pouquinho de acetona. Assim como no caso do pl\u00e1stico derretido, basta deixar agindo por um tempinho e ir chegando a consist\u00eancia do res\u00edduo. Quando estiver mole o suficiente, basta remover a cola.<\/p>\n<h5>Retirar manchas de tinta<\/h5>\n<p>Para se livrar de manchas de tinta de caneta dos dedos ou de qualquer parte de sua pele, basta usar um pouquinho de acetona. Para isso, use um peda\u00e7o de algod\u00e3o embebido na acetona para esfregar o local. Depois \u00e9 s\u00f3 lavar as m\u00e3os normalmente<\/p>\n<h5>Limpar solas de sapatos<\/h5>\n<p>Para deixar as solas dos sapatos limpinhas como novas, ao inv\u00e9s de usar \u00e1gua e sab\u00e3o, esfregue essa parte suja usando um algod\u00e3o com acetona. S\u00f3 depois disso voc\u00ea deve lavar a sola normalmente.<\/p>\n<p>Veja mais em <a href=\"https:\/\/www.ateti.pt\/loja\/categoria\/higiene-e-limpeza\/higiene\/higiene-feminina\/\">Higiene Feminina<\/a><\/p>\n<p>&nbsp;<\/p>\n<h4><\/h4>\n","protected":false},"excerpt":{"rendered":"<p>11.95\u20ac\/lt<\/p>\n","protected":false},"featured_media":60793,"comment_status":"closed","ping_status":"closed","template":"","meta":{"_themeisle_gutenberg_block_has_review":false},"product_brand":[],"product_cat":[203,190,230,265],"product_tag":[],"woo-feed-brand":[],"class_list":{"0":"post-17146","1":"product","2":"type-product","3":"status-publish","4":"has-post-thumbnail","6":"product_cat-beleza-e-higiene","7":"product_cat-desinfetantes-e-limpeza","8":"product_cat-higiene-feminina","9":"product_cat-promocoes-outlet-ate-50-desconto-supermercado-online-ate-ti","10":"ts_product_brand-clean-e-care","12":"first","13":"instock","14":"sale","15":"taxable","16":"shipping-taxable","17":"purchasable","18":"product-type-simple"},"_links":{"self":[{"href":"https:\/\/www.ateti.pt\/loja\/wp-json\/wp\/v2\/product\/17146","targetHints":{"allow":["GET"]}}],"collection":[{"href":"https:\/\/www.ateti.pt\/loja\/wp-json\/wp\/v2\/product"}],"about":[{"href":"https:\/\/www.ateti.pt\/loja\/wp-json\/wp\/v2\/types\/product"}],"replies":[{"embeddable":true,"href":"https:\/\/www.ateti.pt\/loja\/wp-json\/wp\/v2\/comments?post=17146"}],"wp:featuredmedia":[{"embeddable":true,"href":"https:\/\/www.ateti.pt\/loja\/wp-json\/wp\/v2\/media\/60793"}],"wp:attachment":[{"href":"https:\/\/www.ateti.pt\/loja\/wp-json\/wp\/v2\/media?parent=17146"}],"wp:term":[{"taxonomy":"product_brand","embeddable":true,"href":"https:\/\/www.ateti.pt\/loja\/wp-json\/wp\/v2\/product_brand?post=17146"},{"taxonomy":"product_cat","embeddable":true,"href":"https:\/\/www.ateti.pt\/loja\/wp-json\/wp\/v2\/product_cat?post=17146"},{"taxonomy":"product_tag","embeddable":true,"href":"https:\/\/www.ateti.pt\/loja\/wp-json\/wp\/v2\/product_tag?post=17146"},{"taxonomy":"woo-feed-brand","embeddable":true,"href":"https:\/\/www.ateti.pt\/loja\/wp-json\/wp\/v2\/woo-feed-brand?post=17146"}],"curies":[{"name":"wp","href":"https:\/\/api.w.org\/{rel}","templated":true}]}}