{"id":17006,"date":"2020-05-20T15:25:28","date_gmt":"2020-05-20T14:25:28","guid":{"rendered":"https:\/\/www.ateti.pt\/loja\/?post_type=product&#038;p=17006"},"modified":"2025-06-08T22:27:23","modified_gmt":"2025-06-08T21:27:23","slug":"leite-gresso-gordo-1l","status":"publish","type":"product","link":"https:\/\/www.ateti.pt\/loja\/produto\/leite-gresso-gordo-1l\/","title":{"rendered":"Leite UHT Gordo Gresso 1L"},"content":{"rendered":"<p><strong>Leite Gordo Gresso<\/strong><\/p>\n<p>Quantidade: 1L<\/p>\n<p>Sugest\u00e3o de receita<\/p>\n<h5>Arroz Doce<\/h5>\n<p><strong>Ingredientes:<\/strong><\/p>\n<ul class=\"wpurp-recipe-ingredient-container\">\n<li class=\"wpurp-recipe-ingredient\"><span class=\"wpurp-recipe-ingredient-quantity\" data-normalized=\"300\" data-fraction=\"\" data-original=\"300\">300<\/span>\u00a0<span class=\"wpurp-recipe-ingredient-unit\" data-original=\"g\">g<\/span>\u00a0<span class=\"wpurp-recipe-ingredient-name\">de arroz carolino<\/span><\/li>\n<li class=\"wpurp-recipe-ingredient\"><span class=\"wpurp-recipe-ingredient-quantity\" data-normalized=\"350\" data-fraction=\"\" data-original=\"350\">350<\/span>\u00a0<span class=\"wpurp-recipe-ingredient-name\">de a\u00e7\u00facar<\/span><\/li>\n<li class=\"wpurp-recipe-ingredient\"><span class=\"wpurp-recipe-ingredient-quantity\" data-normalized=\"2\" data-fraction=\"\" data-original=\"2\">2<\/span>\u00a0<span class=\"wpurp-recipe-ingredient-unit\" data-original=\"l\">l<\/span>\u00a0<span class=\"wpurp-recipe-ingredient-name\">de Leite Gordo Gresso<\/span><\/li>\n<li class=\"wpurp-recipe-ingredient\"><span class=\"wpurp-recipe-ingredient-quantity\" data-normalized=\"6\" data-fraction=\"\" data-original=\"6\">6<\/span>\u00a0<span class=\"wpurp-recipe-ingredient-name\">gemas<\/span><\/li>\n<li class=\"wpurp-recipe-ingredient\"><span class=\"wpurp-recipe-ingredient-quantity\" data-normalized=\"6\" data-fraction=\"\" data-original=\"6\">6<\/span>\u00a0<span class=\"wpurp-recipe-ingredient-unit\" data-original=\"dl\">dl<\/span>\u00a0<span class=\"wpurp-recipe-ingredient-name\">de \u00e1gua<\/span><\/li>\n<li class=\"wpurp-recipe-ingredient\"><span class=\"wpurp-recipe-ingredient-quantity\" data-normalized=\"1\" data-fraction=\"\" data-original=\"1\">1<\/span>\u00a0<span class=\"wpurp-recipe-ingredient-unit\" data-original=\"colher de sopa\">colher de sopa<\/span>\u00a0<span class=\"wpurp-recipe-ingredient-name\">de\u00a0 manteiga<\/span><\/li>\n<li class=\"wpurp-recipe-ingredient\"><span class=\"wpurp-recipe-ingredient-quantity\" data-normalized=\"1\" data-fraction=\"\" data-original=\"1\">1<\/span>\u00a0<span class=\"wpurp-recipe-ingredient-name\">casca de lim\u00e3o<\/span><\/li>\n<li class=\"wpurp-recipe-ingredient\"><span class=\"wpurp-recipe-ingredient-quantity\" data-normalized=\"1\" data-fraction=\"\" data-original=\"1\">1<\/span>\u00a0<span class=\"wpurp-recipe-ingredient-name\">pau de canela<\/span><\/li>\n<li class=\"wpurp-recipe-ingredient\"><span class=\"wpurp-recipe-ingredient-quantity\" data-normalized=\"1\" data-fraction=\"\" data-original=\"1\">1<\/span>\u00a0<span class=\"wpurp-recipe-ingredient-name\">pitada de sal<\/span><\/li>\n<li class=\"wpurp-recipe-ingredient\"><span class=\"wpurp-recipe-ingredient-name\">Canela em p\u00f3 para polvilhar<\/span><\/li>\n<\/ul>\n<p><strong>Prepara\u00e7\u00e3o:<\/strong><\/p>\n<ol class=\"wpurp-recipe-instruction-container\">\n<li class=\"wpurp-recipe-instruction\">\n<div class=\"wpurp-rows\">\n<div class=\"wpurp-rows-row\"><span class=\"wpurp-recipe-instruction-text\">Para preparar este arroz doce, deite a \u00e1gua para um tacho, junte a manteiga, a pitada de sal, a casca de lim\u00e3o e o pau de canela, leve ao lume e deixe come\u00e7ar a ferver. Junte o arroz e deixe cozer, mexendo de vez em quando, at\u00e9 que fique quase sem \u00e1gua.<\/span><\/div>\n<\/div>\n<\/li>\n<li class=\"wpurp-recipe-instruction\">\n<div class=\"wpurp-rows\">\n<div class=\"wpurp-rows-row\"><span class=\"wpurp-recipe-instruction-text\">Num tacho \u00e0 parte, aque\u00e7a o leite. V\u00e1 depois adicionando o leite ao tacho do arroz, aos poucos e mexendo de vez em quando, e deixe cozer o arroz at\u00e9 ficar macio e bem cremoso. Junte depois o a\u00e7\u00facar, mexa e deixe ferver mais 5 minutos.<\/span><\/div>\n<\/div>\n<\/li>\n<li class=\"wpurp-recipe-instruction\">\n<div class=\"wpurp-rows\">\n<div class=\"wpurp-rows-row\"><span class=\"wpurp-recipe-instruction-text\">Numa tigela, bata as gemas, adicione um pouco do arroz do tacho, mexendo at\u00e9 ficar morno. Adicione depois ao tacho mexendo sempre, retire do lume, rejeite a casca de lim\u00e3o e o pau de canela, verta para uma tigela e deixe arrefecer. Na hora de servir, polvilhe com canela.<\/span><\/div>\n<\/div>\n<div><\/div>\n<\/li>\n<\/ol>\n<p>Bom apetite!<\/p>\n<p>Veja mais em <a href=\"https:\/\/www.ateti.pt\/loja\/categoria\/mercearia\/laticinios\/\">Latic\u00ednios<\/a><\/p>\n","protected":false},"excerpt":{"rendered":"<p>1.31\u20ac\/L<\/p>\n","protected":false},"featured_media":17007,"comment_status":"closed","ping_status":"closed","template":"","meta":{"_themeisle_gutenberg_block_has_review":false},"product_brand":[],"product_cat":[891,157,132],"product_tag":[],"woo-feed-brand":[],"class_list":{"0":"post-17006","1":"product","2":"type-product","3":"status-publish","4":"has-post-thumbnail","6":"product_cat-iva-zero","7":"product_cat-laticinios","8":"product_cat-mercearia","9":"ts_product_brand-gresso","11":"first","12":"instock","13":"sale","14":"taxable","15":"shipping-taxable","16":"purchasable","17":"product-type-simple"},"_links":{"self":[{"href":"https:\/\/www.ateti.pt\/loja\/wp-json\/wp\/v2\/product\/17006","targetHints":{"allow":["GET"]}}],"collection":[{"href":"https:\/\/www.ateti.pt\/loja\/wp-json\/wp\/v2\/product"}],"about":[{"href":"https:\/\/www.ateti.pt\/loja\/wp-json\/wp\/v2\/types\/product"}],"replies":[{"embeddable":true,"href":"https:\/\/www.ateti.pt\/loja\/wp-json\/wp\/v2\/comments?post=17006"}],"wp:featuredmedia":[{"embeddable":true,"href":"https:\/\/www.ateti.pt\/loja\/wp-json\/wp\/v2\/media\/17007"}],"wp:attachment":[{"href":"https:\/\/www.ateti.pt\/loja\/wp-json\/wp\/v2\/media?parent=17006"}],"wp:term":[{"taxonomy":"product_brand","embeddable":true,"href":"https:\/\/www.ateti.pt\/loja\/wp-json\/wp\/v2\/product_brand?post=17006"},{"taxonomy":"product_cat","embeddable":true,"href":"https:\/\/www.ateti.pt\/loja\/wp-json\/wp\/v2\/product_cat?post=17006"},{"taxonomy":"product_tag","embeddable":true,"href":"https:\/\/www.ateti.pt\/loja\/wp-json\/wp\/v2\/product_tag?post=17006"},{"taxonomy":"woo-feed-brand","embeddable":true,"href":"https:\/\/www.ateti.pt\/loja\/wp-json\/wp\/v2\/woo-feed-brand?post=17006"}],"curies":[{"name":"wp","href":"https:\/\/api.w.org\/{rel}","templated":true}]}}