{"id":16913,"date":"2020-05-19T14:29:52","date_gmt":"2020-05-19T13:29:52","guid":{"rendered":"https:\/\/www.ateti.pt\/loja\/?post_type=product&#038;p=16913"},"modified":"2026-02-18T15:31:20","modified_gmt":"2026-02-18T15:31:20","slug":"cuidado-madeira-classic-pronto-400-ml","status":"publish","type":"product","link":"https:\/\/www.ateti.pt\/loja\/produto\/cuidado-madeira-classic-pronto-400-ml\/","title":{"rendered":"Cuidado Madeira Cl\u00e1ssico Pronto 400mL"},"content":{"rendered":"<h5>Cuidado Madeira Cl\u00e1ssico Pronto<\/h5>\n<p>Quantidade: 400mL<\/p>\n<p>Pronto* embeleza cuidado madeira \u2013 classic, proporciona um brilho fant\u00e1stico, elimina o p\u00f3 e a sujidade.<\/p>\n<p>Eficaz em: madeira selada, madeira laminada, couro, granito, a\u00e7o, inoxid\u00e1vel, quartzo e outros.<\/p>\n<p>Remove: p\u00f3, sujidade, dedadas e manchas.<\/p>\n<p>Instru\u00e7\u00f5es de uso: ler sempre as instru\u00e7\u00f5es de uso antes de usar. N\u00e3o rodar a tampa. Agitar bem a embalagem e mantendo-a na posi\u00e7\u00e3o vertical pulverizar a uma dist\u00e2ncia de 15 cm da superf\u00edcie ou diretamente no pano. Para melhores resultados, passar imediatamente com um pano suave. N\u00e3o usar no ch\u00e3o, nas superf\u00edcies internas da casa.<\/p>\n<p>Aten\u00e7\u00e3o: recipiente pressurizado, pode romper se aquecido. Nocivo para os organismos aqu\u00e1ticos, com efeitos prolongados.<\/p>\n<p>Mantenha fora do alcance das crian\u00e7as. Mantenha ao abrigo da luz solar. N\u00e3o exponha a temperaturas superiores a 50\u00baC. Mantenha afastado do calor\/fa\u00edsca\/chama aberta\/superf\u00edcies quentes. &#8211; n\u00e3o fume. N\u00e3o perfure ou queime, mesmo ap\u00f3s o uso. Lave cuidadosamente ap\u00f3s o manuseio. Eliminar o conte\u00fado\/recipiente de acordo coma legisla\u00e7\u00e3o nacional.<\/p>\n<p>Usar somente em locais bem ventilados.<\/p>\n<p>Cont\u00e9m: inferior 5%\u00a0 tencioativos no-i\u00f3nicos; 5-15% hidrocarbonos alif\u00e1ticos. Tamb\u00e9m cont\u00e9m: perfume; limonene; linabol-bromo-nitropropane-1,3-diol<\/p>\n<p>Veja mais em <a href=\"https:\/\/www.ateti.pt\/loja\/categoria\/higiene-e-limpeza\/limpeza\/diversos-limpeza\/\">Diversos<\/a><\/p>\n","protected":false},"excerpt":{"rendered":"<p>10.00\u20ac\/lt<\/p>\n","protected":false},"featured_media":57105,"comment_status":"closed","ping_status":"closed","template":"","meta":{"_themeisle_gutenberg_block_has_review":false},"product_brand":[],"product_cat":[190,233,204],"product_tag":[],"woo-feed-brand":[],"class_list":{"0":"post-16913","1":"product","2":"type-product","3":"status-publish","4":"has-post-thumbnail","6":"product_cat-desinfetantes-e-limpeza","7":"product_cat-diversos-limpeza","8":"product_cat-limpeza","9":"ts_product_brand-pronto","11":"first","12":"instock","13":"taxable","14":"shipping-taxable","15":"purchasable","16":"product-type-simple"},"_links":{"self":[{"href":"https:\/\/www.ateti.pt\/loja\/wp-json\/wp\/v2\/product\/16913","targetHints":{"allow":["GET"]}}],"collection":[{"href":"https:\/\/www.ateti.pt\/loja\/wp-json\/wp\/v2\/product"}],"about":[{"href":"https:\/\/www.ateti.pt\/loja\/wp-json\/wp\/v2\/types\/product"}],"replies":[{"embeddable":true,"href":"https:\/\/www.ateti.pt\/loja\/wp-json\/wp\/v2\/comments?post=16913"}],"wp:featuredmedia":[{"embeddable":true,"href":"https:\/\/www.ateti.pt\/loja\/wp-json\/wp\/v2\/media\/57105"}],"wp:attachment":[{"href":"https:\/\/www.ateti.pt\/loja\/wp-json\/wp\/v2\/media?parent=16913"}],"wp:term":[{"taxonomy":"product_brand","embeddable":true,"href":"https:\/\/www.ateti.pt\/loja\/wp-json\/wp\/v2\/product_brand?post=16913"},{"taxonomy":"product_cat","embeddable":true,"href":"https:\/\/www.ateti.pt\/loja\/wp-json\/wp\/v2\/product_cat?post=16913"},{"taxonomy":"product_tag","embeddable":true,"href":"https:\/\/www.ateti.pt\/loja\/wp-json\/wp\/v2\/product_tag?post=16913"},{"taxonomy":"woo-feed-brand","embeddable":true,"href":"https:\/\/www.ateti.pt\/loja\/wp-json\/wp\/v2\/woo-feed-brand?post=16913"}],"curies":[{"name":"wp","href":"https:\/\/api.w.org\/{rel}","templated":true}]}}