{"id":16888,"date":"2020-11-26T15:46:05","date_gmt":"2020-11-26T14:46:05","guid":{"rendered":"https:\/\/www.ateti.pt\/loja\/?post_type=product&#038;p=16888"},"modified":"2026-04-22T15:20:44","modified_gmt":"2026-04-22T14:20:44","slug":"detergente-liquido-universal-persil-60-doses","status":"publish","type":"product","link":"https:\/\/www.ateti.pt\/loja\/produto\/detergente-liquido-universal-persil-60-doses\/","title":{"rendered":"Detergente L\u00edquido Universal Persil 60D"},"content":{"rendered":"<p><strong>Detergente L\u00edquido Universal Persil<\/strong><\/p>\n<p>Quantidade: 60D<\/p>\n<p>Uma alternativa em gel para uma lavagem completa.<\/p>\n<p>O novo Persil Universal Gel com tecnologia Limpeza Profunda penetra no interior das fibras removendo at\u00e9 as n\u00f3doas mais dif\u00edceis. Tudo isto, garantindo o cuidado dos tecidos e a frescura duradoura de Persil.<\/p>\n<p><strong>Benef\u00edcios em usar Detergente L\u00edquido Universal Persil:<\/strong><\/p>\n<div class=\"accordiontile textimage\">\n<div class=\"accordiontile__base\">\n<div class=\"accordiontile__header\">\n<div class=\"accordiontile__title\">\n<div class=\"title__base atomic-width-control--component\">\n<ol>\n<li class=\"title__hl--h3\">Penetra em profundidade na fibra para remover mesmo as n\u00f3doas mais resistentes.<\/li>\n<li class=\"title__hl--h3\">Gra\u00e7as \u00e0 sua f\u00f3rmula inovadora confere uma luminosidade \u00fanica \u00e0 sua roupa, para evitar o aspeto acinzentado ap\u00f3s v\u00e1rias lavagens.<\/li>\n<li class=\"title__hl--h3\">Proporciona uma sensa\u00e7\u00e3o de frescura duradoura e agrad\u00e1vel \u00e0 sua roupa.<\/li>\n<li class=\"title__hl--h3\">Apesar da sua a\u00e7\u00e3o poderosa de limpeza, \u00e9 delicado com os tecidos.<\/li>\n<li class=\"title__hl--h3\">Mais sustent\u00e1vel: menos desperd\u00edcio de pl\u00e1stico, menos petr\u00f3leo, menos \u00e1gua, menos energia e menos CO2.<\/li>\n<\/ol>\n<p><strong>Utiliza\u00e7\u00e3o:<\/strong><\/p>\n<div class=\"accordiontile textimage\">\n<div class=\"accordiontile__base\">\n<div class=\"accordiontile__header\">\n<div class=\"accordiontile__title\">\n<div class=\"title__base atomic-width-control--component\">Para m\u00e1quinas de roupa entre 4 a 5 kg e com \u00e1gua de dureza m\u00e9dia.<\/div>\n<\/div>\n<\/div>\n<\/div>\n<\/div>\n<div class=\"accordiontile textimage\">\n<div class=\"accordiontile__base\">\n<div class=\"accordiontile__header\">\n<div class=\"accordiontile__img\">\n<div data-components=\"Image\" data-component-param-image=\"{&quot;src&quot;:&quot;https:\/\/dm.henkel-dam.com\/is\/image\/henkel\/lp17_dosage-icon-gel-small_1-1-ratio&quot;,&quot;servletParams&quot;:{&quot;qlt&quot;:&quot;90&quot;,&quot;fit&quot;:&quot;hfit&quot;,&quot;fmt&quot;:&quot;&quot;,&quot;align&quot;:&quot;&quot;},&quot;mobileSource&quot;:&quot;https:\/\/dm.henkel-dam.com\/is\/image\/henkel\/lp17_dosage-icon-gel-small_1-1-ratio&quot;,&quot;renditions&quot;:null,&quot;lazyEnabled&quot;:true}\"><\/div>\n<div class=\"image__base image--hfit image--loaded\" data-components=\"Image\" data-component-param-image=\"{&quot;src&quot;:&quot;https:\/\/dm.henkel-dam.com\/is\/image\/henkel\/lp17_dosage-icon-gel-small_1-1-ratio&quot;,&quot;servletParams&quot;:{&quot;qlt&quot;:&quot;90&quot;,&quot;fit&quot;:&quot;hfit&quot;,&quot;fmt&quot;:&quot;&quot;,&quot;align&quot;:&quot;&quot;},&quot;mobileSource&quot;:&quot;https:\/\/dm.henkel-dam.com\/is\/image\/henkel\/lp17_dosage-icon-gel-small_1-1-ratio&quot;,&quot;renditions&quot;:null,&quot;lazyEnabled&quot;:true}\"><strong>50ml &#8211;<\/strong>para sujidade normal<\/div>\n<\/div>\n<\/div>\n<\/div>\n<\/div>\n<div class=\"accordiontile textimage\">\n<div class=\"accordiontile__base\">\n<div class=\"accordiontile__header\">\n<div class=\"accordiontile__title\">\n<div><\/div>\n<div class=\"title__base atomic-width-control--component\"><strong>75ml<\/strong>&#8211; para sujidade dif\u00edcil<\/div>\n<div class=\"title__base atomic-width-control--component\"><\/div>\n<div><\/div>\n<div>Veja mais em <a href=\"https:\/\/www.ateti.pt\/loja\/categoria\/higiene-e-limpeza\/limpeza\/\">Limpeza<\/a><\/div>\n<\/div>\n<\/div>\n<\/div>\n<\/div>\n<\/div>\n<\/div>\n<\/div>\n<\/div>\n<\/div>\n","protected":false},"excerpt":{"rendered":"<p>0.13\u20ac\/dose<\/p>\n","protected":false},"featured_media":57066,"comment_status":"closed","ping_status":"closed","template":"","meta":{"_themeisle_gutenberg_block_has_review":false},"product_brand":[],"product_cat":[190,204,208],"product_tag":[],"woo-feed-brand":[],"class_list":{"0":"post-16888","1":"product","2":"type-product","3":"status-publish","4":"has-post-thumbnail","6":"product_cat-desinfetantes-e-limpeza","7":"product_cat-limpeza","8":"product_cat-roupa","9":"ts_product_brand-persil","11":"first","12":"instock","13":"taxable","14":"shipping-taxable","15":"purchasable","16":"product-type-simple"},"_links":{"self":[{"href":"https:\/\/www.ateti.pt\/loja\/wp-json\/wp\/v2\/product\/16888","targetHints":{"allow":["GET"]}}],"collection":[{"href":"https:\/\/www.ateti.pt\/loja\/wp-json\/wp\/v2\/product"}],"about":[{"href":"https:\/\/www.ateti.pt\/loja\/wp-json\/wp\/v2\/types\/product"}],"replies":[{"embeddable":true,"href":"https:\/\/www.ateti.pt\/loja\/wp-json\/wp\/v2\/comments?post=16888"}],"wp:featuredmedia":[{"embeddable":true,"href":"https:\/\/www.ateti.pt\/loja\/wp-json\/wp\/v2\/media\/57066"}],"wp:attachment":[{"href":"https:\/\/www.ateti.pt\/loja\/wp-json\/wp\/v2\/media?parent=16888"}],"wp:term":[{"taxonomy":"product_brand","embeddable":true,"href":"https:\/\/www.ateti.pt\/loja\/wp-json\/wp\/v2\/product_brand?post=16888"},{"taxonomy":"product_cat","embeddable":true,"href":"https:\/\/www.ateti.pt\/loja\/wp-json\/wp\/v2\/product_cat?post=16888"},{"taxonomy":"product_tag","embeddable":true,"href":"https:\/\/www.ateti.pt\/loja\/wp-json\/wp\/v2\/product_tag?post=16888"},{"taxonomy":"woo-feed-brand","embeddable":true,"href":"https:\/\/www.ateti.pt\/loja\/wp-json\/wp\/v2\/woo-feed-brand?post=16888"}],"curies":[{"name":"wp","href":"https:\/\/api.w.org\/{rel}","templated":true}]}}

Detergente Líquido Universal Persil 60D

<p><strong>Detergente Líquido Universal Persil</strong></p>
<p>Quantidade: 60D</p>
<p>Uma alternativa em gel para uma lavagem completa.</p>
<p>O novo Persil Universal Gel com tecnologia Limpeza Profunda penetra no interior das fibras removendo até as nódoas mais difíceis. Tudo isto, garantindo o cuidado dos tecidos e a frescura duradoura de Persil.</p>
<p><strong>Benefícios em usar Detergente Líquido Universal Persil:</strong></p>
<div class="accordiontile textimage">
<div class="accordiontile__base">
<div class="accordiontile__header">
<div class="accordiontile__title">
<div class="title__base atomic-width-control--component">
<ol>
<li class="title__hl--h3">Penetra em profundidade na fibra para remover mesmo as nódoas mais resistentes.</li>
<li class="title__hl--h3">Graças à sua fórmula inovadora confere uma luminosidade única à sua roupa, para evitar o aspeto acinzentado após várias lavagens.</li>
<li class="title__hl--h3">Proporciona uma sensação de frescura duradoura e agradável à sua roupa.</li>
<li class="title__hl--h3">Apesar da sua ação poderosa de limpeza, é delicado com os tecidos.</li>
<li class="title__hl--h3">Mais sustentável: menos desperdício de plástico, menos petróleo, menos água, menos energia e menos CO2.</li>
</ol>
<p><strong>Utilização:</strong></p>
<div class="accordiontile textimage">
<div class="accordiontile__base">
<div class="accordiontile__header">
<div class="accordiontile__title">
<div class="title__base atomic-width-control--component">Para máquinas de roupa entre 4 a 5 kg e com água de dureza média.</div>
</div>
</div>
</div>
</div>
<div class="accordiontile textimage">
<div class="accordiontile__base">
<div class="accordiontile__header">
<div class="accordiontile__img">
<div data-components="Image" data-component-param-image="{&quot;src&quot;:&quot;https://dm.henkel-dam.com/is/image/henkel/lp17_dosage-icon-gel-small_1-1-ratio&quot;,&quot;servletParams&quot;:{&quot;qlt&quot;:&quot;90&quot;,&quot;fit&quot;:&quot;hfit&quot;,&quot;fmt&quot;:&quot;&quot;,&quot;align&quot;:&quot;&quot;},&quot;mobileSource&quot;:&quot;https://dm.henkel-dam.com/is/image/henkel/lp17_dosage-icon-gel-small_1-1-ratio&quot;,&quot;renditions&quot;:null,&quot;lazyEnabled&quot;:true}"></div>
<div class="image__base image--hfit image--loaded" data-components="Image" data-component-param-image="{&quot;src&quot;:&quot;https://dm.henkel-dam.com/is/image/henkel/lp17_dosage-icon-gel-small_1-1-ratio&quot;,&quot;servletParams&quot;:{&quot;qlt&quot;:&quot;90&quot;,&quot;fit&quot;:&quot;hfit&quot;,&quot;fmt&quot;:&quot;&quot;,&quot;align&quot;:&quot;&quot;},&quot;mobileSource&quot;:&quot;https://dm.henkel-dam.com/is/image/henkel/lp17_dosage-icon-gel-small_1-1-ratio&quot;,&quot;renditions&quot;:null,&quot;lazyEnabled&quot;:true}"><strong>50ml &#8211;</strong>para sujidade normal</div>
</div>
</div>
</div>
</div>
<div class="accordiontile textimage">
<div class="accordiontile__base">
<div class="accordiontile__header">
<div class="accordiontile__title">
<div></div>
<div class="title__base atomic-width-control--component"><strong>75ml</strong>&#8211; para sujidade difícil</div>
<div class="title__base atomic-width-control--component"></div>
<div></div>
<div>Veja mais em <a href="https://www.ateti.pt/loja/categoria/higiene-e-limpeza/limpeza/">Limpeza</a></div>
</div>
</div>
</div>
</div>
</div>
</div>
</div>
</div>
</div>
