{"id":16882,"date":"2021-07-11T13:37:49","date_gmt":"2021-07-11T12:37:49","guid":{"rendered":"https:\/\/www.ateti.pt\/loja\/?post_type=product&#038;p=16882"},"modified":"2026-02-24T16:54:46","modified_gmt":"2026-02-24T16:54:46","slug":"detergente-maquina-roupa-liquido-universal-xtra-100-doses","status":"publish","type":"product","link":"https:\/\/www.ateti.pt\/loja\/produto\/detergente-maquina-roupa-liquido-universal-xtra-100-doses\/","title":{"rendered":"Detergente M\u00e1quina Roupa L\u00edquido Universal Xtra 100D"},"content":{"rendered":"<h5>Detergente M\u00e1quina Roupa L\u00edquido Universal Xtra<\/h5>\n<p>Quantidade: 100D<\/p>\n<p>Para uma limpeza impec\u00e1vel e frescura intensa, lavagem ap\u00f3s lavagem. Mesmo a baixas temperaturas de 30\u00baC. Seja esperto, tenha tanto por t\u00e3o pouco!<\/p>\n<p><strong>Modo de utiliza\u00e7\u00e3o:<\/strong><\/p>\n<p>Siga sempre as instru\u00e7\u00f5es na etiqueta de cada produto<\/p>\n<p>Dosagem para 1 lavagem = 50 ml<\/p>\n<p><b>M\u00e1quina 4-5 kg<\/b><\/p>\n<p>Dureza da \u00e1gua: macia \/ m\u00e9dia<br \/>\n1 lavagem = 50 ml (sujidade normal) ou 75 ml (sujidade dif\u00edcil)<\/p>\n<p>Dureza da \u00e1gua: dura<br \/>\n1 lavagem = 75 ml (sujidade normal) ou 100 ml (sujidade dif\u00edcil)<\/p>\n<p><b>M\u00e1quina 6-8 kg<\/b><\/p>\n<p>Dureza da \u00e1gua: macia \/ m\u00e9dia<br \/>\n1 lavagem = 75 ml (sujidade normal) ou 100 ml (sujidade dif\u00edcil)<\/p>\n<p>Dureza da \u00e1gua: dura<br \/>\n1 lavagem = 100 ml (sujidade normal) ou 150 ml (sujidade dif\u00edcil)<\/p>\n<p><b>Lavagem \u00e0 m\u00e3o<\/b><\/p>\n<ul>\n<li>25 ml para 10 litros<\/li>\n<\/ul>\n<p><b>Temperatura de lavagem<\/b><\/p>\n<p>Lavagem a qualquer temperatura desde 30\u00b0C a 90\u00b0C<\/p>\n<p>Detergente adequado para roupa branca e de cor.<\/p>\n<p>Veja mais em <a href=\"https:\/\/www.ateti.pt\/loja\/categoria\/higiene-e-limpeza\/limpeza\/roupa\/\">Roupa<\/a><\/p>\n","protected":false},"excerpt":{"rendered":"<p>0.25\u20ac\/dose<\/p>\n","protected":false},"featured_media":32064,"comment_status":"closed","ping_status":"closed","template":"","meta":{"_themeisle_gutenberg_block_has_review":false},"product_brand":[],"product_cat":[190,204,208],"product_tag":[],"woo-feed-brand":[],"class_list":{"0":"post-16882","1":"product","2":"type-product","3":"status-publish","4":"has-post-thumbnail","6":"product_cat-desinfetantes-e-limpeza","7":"product_cat-limpeza","8":"product_cat-roupa","9":"ts_product_brand-xtra","11":"first","12":"outofstock","13":"taxable","14":"shipping-taxable","15":"purchasable","16":"product-type-simple"},"_links":{"self":[{"href":"https:\/\/www.ateti.pt\/loja\/wp-json\/wp\/v2\/product\/16882","targetHints":{"allow":["GET"]}}],"collection":[{"href":"https:\/\/www.ateti.pt\/loja\/wp-json\/wp\/v2\/product"}],"about":[{"href":"https:\/\/www.ateti.pt\/loja\/wp-json\/wp\/v2\/types\/product"}],"replies":[{"embeddable":true,"href":"https:\/\/www.ateti.pt\/loja\/wp-json\/wp\/v2\/comments?post=16882"}],"wp:featuredmedia":[{"embeddable":true,"href":"https:\/\/www.ateti.pt\/loja\/wp-json\/wp\/v2\/media\/32064"}],"wp:attachment":[{"href":"https:\/\/www.ateti.pt\/loja\/wp-json\/wp\/v2\/media?parent=16882"}],"wp:term":[{"taxonomy":"product_brand","embeddable":true,"href":"https:\/\/www.ateti.pt\/loja\/wp-json\/wp\/v2\/product_brand?post=16882"},{"taxonomy":"product_cat","embeddable":true,"href":"https:\/\/www.ateti.pt\/loja\/wp-json\/wp\/v2\/product_cat?post=16882"},{"taxonomy":"product_tag","embeddable":true,"href":"https:\/\/www.ateti.pt\/loja\/wp-json\/wp\/v2\/product_tag?post=16882"},{"taxonomy":"woo-feed-brand","embeddable":true,"href":"https:\/\/www.ateti.pt\/loja\/wp-json\/wp\/v2\/woo-feed-brand?post=16882"}],"curies":[{"name":"wp","href":"https:\/\/api.w.org\/{rel}","templated":true}]}}