{"id":16248,"date":"2020-05-07T09:49:25","date_gmt":"2020-05-07T08:49:25","guid":{"rendered":"https:\/\/www.ateti.pt\/loja\/?post_type=product&#038;p=16248"},"modified":"2026-02-09T16:46:37","modified_gmt":"2026-02-09T16:46:37","slug":"massa-esparguete-com-tinta-de-choco-milaneza-500g","status":"publish","type":"product","link":"https:\/\/www.ateti.pt\/loja\/produto\/massa-esparguete-com-tinta-de-choco-milaneza-500g\/","title":{"rendered":"Massa Esparguete com Tinta de Choco 500g Milaneza"},"content":{"rendered":"<p><strong>Massa Esparguete Tinta de Choco Milaneza<\/strong><\/p>\n<p>Quantidade: 500g<\/p>\n<p>Enriquecida com o sabor da tinta de choco, sugere-se preparar esta massa com ingredientes do mar: peixe, marisco ou ambos.<\/p>\n<p>As massas Milaneza s\u00e3o adoradas por toda a gente.<br \/>\nA Milaneza \u00e9 a massa n\u00ba 1 em Portugal.<br \/>\nAs raz\u00f5es deste sucesso s\u00e3o simples: uma rigorosa sele\u00e7\u00e3o dos melhores trigos duros e uma moderna tecnologia de fabrico, o que origina uma massa extremamente saborosa que agrada a todos.<\/p>\n<p>Massas aliment\u00edcias de qualidade superior com tinta de choco.<\/p>\n<p><strong>Ingredientes:<\/strong> S\u00eamola de trigo duro e tinta de choco 3,5% (tinta de choco e sal). Pode conter vest\u00edgios de ovo, mostarda e leite.<\/p>\n<p><strong>Declara\u00e7\u00e3o Nutricional (por 100g):<\/strong> Energia: 1473kj\/348kcal; L\u00edpidos: 1,8g; dos quais Saturados: 0,4g; Hidratos de Carbono: 69g; dos quais A\u00e7ucares: 4,5g; Fibra: 3,7g; Prote\u00ednas: 12g; Sal: 0,4g.<\/p>\n<h5>TEMPO DE COZEDURA:<\/h5>\n<p><strong>Al dente:<\/strong>\u00a06 minutos<\/p>\n<p><strong>Suave:<\/strong>\u00a08 minutos<\/p>\n<h4>Como preparar <strong>Massa Esparguete Tinta de Choco Milaneza<\/strong><\/h4>\n<p>Sugest\u00e3o de receita<\/p>\n<h5>Linguine com tinta de choco Milaneza com camar\u00e3o e am\u00eaijoas<\/h5>\n<p><strong>Ingredientes:<\/strong><\/p>\n<ul>\n<li>400g de\u00a0Linguine com tinta de choco Milaneza<\/li>\n<li>12 Camar\u00f5es (30\/40)<\/li>\n<li>12 Ameijoas<\/li>\n<li>20 grs\u00a0Alho picado<\/li>\n<li>1 molho Coentros<\/li>\n<li>1 dl Vinho branco<\/li>\n<li>Lim\u00e3o q.b.<\/li>\n<li>Pimenta q.b.<\/li>\n<li>Azeite q.b.<\/li>\n<li>Sal q.b.<\/li>\n<\/ul>\n<p><strong>Prepara\u00e7\u00e3o:<\/strong><\/p>\n<p>Coza a massa \u201cal dente\u201d seguindo as instru\u00e7\u00f5es da embalagem. Numa frigideira coloque o azeite, deixe aquecer e junte o alho. De seguida adicione o camar\u00e3o e as am\u00eaijoas, e deixe suar. Refresque com vinho branco e deixe cozinhar por 2 minutos. Tempere com sal, pimenta, sumo de lim\u00e3o e coentros e adicione \u00e0 frigideira o Linguine previamente cozido de forma a envolver os sabores.<\/p>\n<p>Bom apetite!<\/p>\n<p>Veja mais em <a href=\"https:\/\/www.ateti.pt\/loja\/categoria\/mercearia\/arrozemassas\/\">Arroz e Massas<\/a><\/p>\n<h1><\/h1>\n","protected":false},"excerpt":{"rendered":"<p>5.44\u20ac\/kg<\/p>\n","protected":false},"featured_media":78782,"comment_status":"closed","ping_status":"closed","template":"","meta":{"_themeisle_gutenberg_block_has_review":false},"product_brand":[],"product_cat":[187,891,132],"product_tag":[],"woo-feed-brand":[],"class_list":{"0":"post-16248","1":"product","2":"type-product","3":"status-publish","4":"has-post-thumbnail","6":"product_cat-arrozemassas","7":"product_cat-iva-zero","8":"product_cat-mercearia","9":"ts_product_brand-milaneza","11":"first","12":"instock","13":"taxable","14":"shipping-taxable","15":"purchasable","16":"product-type-simple"},"_links":{"self":[{"href":"https:\/\/www.ateti.pt\/loja\/wp-json\/wp\/v2\/product\/16248","targetHints":{"allow":["GET"]}}],"collection":[{"href":"https:\/\/www.ateti.pt\/loja\/wp-json\/wp\/v2\/product"}],"about":[{"href":"https:\/\/www.ateti.pt\/loja\/wp-json\/wp\/v2\/types\/product"}],"replies":[{"embeddable":true,"href":"https:\/\/www.ateti.pt\/loja\/wp-json\/wp\/v2\/comments?post=16248"}],"wp:featuredmedia":[{"embeddable":true,"href":"https:\/\/www.ateti.pt\/loja\/wp-json\/wp\/v2\/media\/78782"}],"wp:attachment":[{"href":"https:\/\/www.ateti.pt\/loja\/wp-json\/wp\/v2\/media?parent=16248"}],"wp:term":[{"taxonomy":"product_brand","embeddable":true,"href":"https:\/\/www.ateti.pt\/loja\/wp-json\/wp\/v2\/product_brand?post=16248"},{"taxonomy":"product_cat","embeddable":true,"href":"https:\/\/www.ateti.pt\/loja\/wp-json\/wp\/v2\/product_cat?post=16248"},{"taxonomy":"product_tag","embeddable":true,"href":"https:\/\/www.ateti.pt\/loja\/wp-json\/wp\/v2\/product_tag?post=16248"},{"taxonomy":"woo-feed-brand","embeddable":true,"href":"https:\/\/www.ateti.pt\/loja\/wp-json\/wp\/v2\/woo-feed-brand?post=16248"}],"curies":[{"name":"wp","href":"https:\/\/api.w.org\/{rel}","templated":true}]}}