{"id":16246,"date":"2020-05-07T09:46:03","date_gmt":"2020-05-07T08:46:03","guid":{"rendered":"https:\/\/www.ateti.pt\/loja\/?post_type=product&#038;p=16246"},"modified":"2024-06-19T11:50:29","modified_gmt":"2024-06-19T10:50:29","slug":"massa-wok-noodles-milaneza-250-gr","status":"publish","type":"product","link":"https:\/\/www.ateti.pt\/loja\/produto\/massa-wok-noodles-milaneza-250-gr\/","title":{"rendered":"Massa Wok Noodles Milaneza 250g"},"content":{"rendered":"<p><strong>Massa Wok Noodles Milaneza<\/strong><\/p>\n<p>Quantidade: 250g<\/p>\n<p>Massas aliment\u00edcias.<\/p>\n<p><strong>Ingredientes:<\/strong> S\u00eamola de trigo duro, farinha de trigo, sal. Pode conter vest\u00edgios de ovo.<\/p>\n<p><strong>Declara\u00e7\u00e3o Nutricional (por 100g):<\/strong> Energia: 1544kj\/364kcal; L\u00edpidos: 1,3g; dos quais Saturados: 0,4g; Hidratos de Carbono: 75g; dos quais A\u00e7ucares: 3,4g; Fibra: 2,1g: Prote\u00ednas: 12g; Sal: 0,56g.<\/p>\n<p><strong>Como preparar:\u00a0<\/strong><\/p>\n<ol>\n<li>Comece por aquecer o azeite no wok. Adicione os seus ingredientes frescos favoritos previamente cortados em pequenos peda\u00e7os. Deixe cozinhar.<\/li>\n<li>Coloque os Noodles diretamente no wok e adicione 1 copo pequeno de \u00e1gua a ferver (=180ml) por bloco de noodles. Deixe cozinhar sem mexer, at\u00e9 que os noodles se separem com a cozedura<\/li>\n<li>De seguida, mexa com cuidado em lume forte. \u00a0Para uma textura\u00a0<em>al dente<\/em>, deixe cozinhar por 6 minutos<\/li>\n<li>Retifique temperos, retire do lume e sirva de imediato.<\/li>\n<\/ol>\n<p>Sugest\u00e3o de receita<\/p>\n<p><strong>Ingredientes:<\/strong><\/p>\n<ul>\n<li>sal<\/li>\n<li>200 g de Massa Wok Noodles Milaneza<\/li>\n<li>60 g de Vaqueiro<\/li>\n<li>6 dentes de alho<\/li>\n<li>300 g de miolo de camar\u00e3o congelado<\/li>\n<li>300 g de mistura chinesa de vegetais<\/li>\n<li>2 colheres de sopa de molho de soja<\/li>\n<li>2 colheres de sopa de molho de ostras<\/li>\n<li>2 ovos<\/li>\n<li>pimenta<\/li>\n<\/ul>\n<p><strong>Prepara\u00e7\u00e3o:<\/strong><\/p>\n<ol>\n<li>Leve uma panela ao lume com bastante \u00e1gua temperada com sal. Quando ferver introduza os noodles e deixe cozer 2 a 3 minutos.<\/li>\n<li>Entretanto aque\u00e7a a Vaqueiro L\u00edquida num wok ou numa frigideira bastante larga e, de prefer\u00eancia, abaulada. Junte os dentes de alho, bem esmagados e sem pele, e o miolo de camar\u00e3o. Deixe saltear sobre lume forte 1 a 2 minutos. Junte a mistura chinesa de vegetais e cozinhe mexendo, mais 5 a 6 minutos. Regue com o molho de soja e o molho de ostras. E deixe saltear mais 1 a 2 minutos. Abra os ovos para uma tacinha, empurre o conte\u00fado da frigideira ou do wok para um dos lados e os ovos no lado oposto, mexendo rapidamente para os misturar com os restantes ingredientes. Adicione a os noodles bem escorridos e misture bem. usando, se poss\u00edvel, 2 pauzinhos para soltar bem a massa.<\/li>\n<li>Sirva imediatamente.<\/li>\n<\/ol>\n<p>Bom apetite!<\/p>\n<p>Veja mais em <a href=\"https:\/\/www.ateti.pt\/loja\/categoria\/mercearia\/arrozemassas\/\">Arroz e Massas<\/a><\/p>\n","protected":false},"excerpt":{"rendered":"<p>7.48\u20ac\/kg<\/p>\n","protected":false},"featured_media":57147,"comment_status":"closed","ping_status":"closed","template":"","meta":{"_themeisle_gutenberg_block_has_review":false},"product_brand":[],"product_cat":[187,891,132],"product_tag":[],"woo-feed-brand":[],"class_list":{"0":"post-16246","1":"product","2":"type-product","3":"status-publish","4":"has-post-thumbnail","6":"product_cat-arrozemassas","7":"product_cat-iva-zero","8":"product_cat-mercearia","9":"ts_product_brand-milaneza","11":"first","12":"instock","13":"taxable","14":"shipping-taxable","15":"purchasable","16":"product-type-simple"},"_links":{"self":[{"href":"https:\/\/www.ateti.pt\/loja\/wp-json\/wp\/v2\/product\/16246","targetHints":{"allow":["GET"]}}],"collection":[{"href":"https:\/\/www.ateti.pt\/loja\/wp-json\/wp\/v2\/product"}],"about":[{"href":"https:\/\/www.ateti.pt\/loja\/wp-json\/wp\/v2\/types\/product"}],"replies":[{"embeddable":true,"href":"https:\/\/www.ateti.pt\/loja\/wp-json\/wp\/v2\/comments?post=16246"}],"wp:featuredmedia":[{"embeddable":true,"href":"https:\/\/www.ateti.pt\/loja\/wp-json\/wp\/v2\/media\/57147"}],"wp:attachment":[{"href":"https:\/\/www.ateti.pt\/loja\/wp-json\/wp\/v2\/media?parent=16246"}],"wp:term":[{"taxonomy":"product_brand","embeddable":true,"href":"https:\/\/www.ateti.pt\/loja\/wp-json\/wp\/v2\/product_brand?post=16246"},{"taxonomy":"product_cat","embeddable":true,"href":"https:\/\/www.ateti.pt\/loja\/wp-json\/wp\/v2\/product_cat?post=16246"},{"taxonomy":"product_tag","embeddable":true,"href":"https:\/\/www.ateti.pt\/loja\/wp-json\/wp\/v2\/product_tag?post=16246"},{"taxonomy":"woo-feed-brand","embeddable":true,"href":"https:\/\/www.ateti.pt\/loja\/wp-json\/wp\/v2\/woo-feed-brand?post=16246"}],"curies":[{"name":"wp","href":"https:\/\/api.w.org\/{rel}","templated":true}]}}