{"id":16242,"date":"2020-05-07T09:41:58","date_gmt":"2020-05-07T08:41:58","guid":{"rendered":"https:\/\/www.ateti.pt\/loja\/?post_type=product&#038;p=16242"},"modified":"2025-01-21T11:48:56","modified_gmt":"2025-01-21T11:48:56","slug":"massa-talharim-milaneza-500g","status":"publish","type":"product","link":"https:\/\/www.ateti.pt\/loja\/produto\/massa-talharim-milaneza-500g\/","title":{"rendered":"Massa Talharim Milaneza 500g"},"content":{"rendered":"<p><strong>Massa Talharim Milaneza<\/strong><\/p>\n<p>O Talharim ajusta-se ao seu gosto. Pode levar esta massa ao forno ou simplesmente coz\u00ea-la. A sua ondula\u00e7\u00e3o t\u00e3o caracter\u00edstica distingue-a das outras massas, sendo ideal para absorver o molho escolhido.<\/p>\n<p>As massas Milaneza s\u00e3o adoradas por toda a gente.<br \/>\nA Milaneza \u00e9 a massa n\u00ba 1 em Portugal.<br \/>\nAs raz\u00f5es deste sucesso s\u00e3o simples: uma rigorosa sele\u00e7\u00e3o dos melhores trigos duros e uma moderna tecnologia de fabrico, o que origina uma massa extremamente saborosa que agrada a todos.<\/p>\n<h5>TEMPO DE COZEDURA:<\/h5>\n<p><strong>Al dente:<\/strong>\u00a010 minutos<\/p>\n<p><strong>Suave:<\/strong>\u00a012 minutos<\/p>\n<p>Quantidade: 500g<\/p>\n<p>Massas aliment\u00edcias de qualidade superior.<\/p>\n<p><strong>Ingredientes:<\/strong> S\u00e9mola de trigo duro. Pode conter vest\u00edgios de ovo, molusco, mostarda e derivados de leite.<\/p>\n<p><strong>Declara\u00e7\u00e3o Nutricional (por 100g):<\/strong> Energia: 1501kj\/ 354kcal; L\u00edpidos: 1,8g; dos quais Saturados: 0,4g; Hidratos de Carbono: 71g; dos quais A\u00e7ucares: 5g; Fibra: 2,9g; Prote\u00ednas: 12g; Sal: 0,025g.<\/p>\n<h4>Como preparar massa talharim<\/h4>\n<p>Sugest\u00e3o de receita<\/p>\n<h5>Talharim com Cogumelos<\/h5>\n<p><strong>Ingredientes:<\/strong><\/p>\n<ul>\n<li>400 g Massa Talharim Milaneza<\/li>\n<li>70 g cogumelos secos<\/li>\n<li>70 g manteiga<\/li>\n<li>1 c. sopa de azeite<\/li>\n<li>1 c. sopa de farinha para usos culin\u00e1rios Milaneza<\/li>\n<li>2 c. sopa de queijo parmes\u00e3o ralado<\/li>\n<li>1 Dente de alho<\/li>\n<li>2,5 dl leite fervido<\/li>\n<li>Sal e pimenta q.b.<\/li>\n<\/ul>\n<p><strong>Prepara\u00e7\u00e3o:<\/strong><\/p>\n<p>Durante duas horas deixar os cogumelos em \u00e1gua t\u00e9pida.<br \/>\nEscorr\u00ea-los e cort\u00e1-los em tiras. Guardar a \u00e1gua.<\/p>\n<p>Numa sert\u00e3 grande com azeite, alourar o alho e os cogumelos.<\/p>\n<p>Temperar com sal, juntando aos poucos a \u00e1gua em que estiveram os cogumelos.<\/p>\n<p>Para a prepara\u00e7\u00e3o do bechamel, derreter a manteiga, juntar a farinha e mexer sempre, ir juntando lentamente o leite quente. Temperar com sal e deixar ao lume durante 15 minutos, mexer sempre.<br \/>\nMisturar bem o Bechamel com os cogumelos.<\/p>\n<p>Cozer entretanto a massa \u201cal dente\u201d, escorrer e misturar na sert\u00e3, juntar o parmes\u00e3o e a pimenta.<br \/>\nMexer bem durante 2 minutos.<\/p>\n<p>Servir bem quente.<\/p>\n<p>Bom apetite!<\/p>\n<p>Veja mais em <a href=\"https:\/\/www.ateti.pt\/loja\/categoria\/mercearia\/arrozemassas\/\">Arroz e Massas<\/a><\/p>\n","protected":false},"excerpt":{"rendered":"<p>3.74\u20ac\/kg<\/p>\n","protected":false},"featured_media":62702,"comment_status":"closed","ping_status":"closed","template":"","meta":{"_themeisle_gutenberg_block_has_review":false},"product_brand":[],"product_cat":[187,891,132],"product_tag":[],"woo-feed-brand":[],"class_list":{"0":"post-16242","1":"product","2":"type-product","3":"status-publish","4":"has-post-thumbnail","6":"product_cat-arrozemassas","7":"product_cat-iva-zero","8":"product_cat-mercearia","9":"ts_product_brand-milaneza","11":"first","12":"instock","13":"taxable","14":"shipping-taxable","15":"purchasable","16":"product-type-simple"},"_links":{"self":[{"href":"https:\/\/www.ateti.pt\/loja\/wp-json\/wp\/v2\/product\/16242","targetHints":{"allow":["GET"]}}],"collection":[{"href":"https:\/\/www.ateti.pt\/loja\/wp-json\/wp\/v2\/product"}],"about":[{"href":"https:\/\/www.ateti.pt\/loja\/wp-json\/wp\/v2\/types\/product"}],"replies":[{"embeddable":true,"href":"https:\/\/www.ateti.pt\/loja\/wp-json\/wp\/v2\/comments?post=16242"}],"wp:featuredmedia":[{"embeddable":true,"href":"https:\/\/www.ateti.pt\/loja\/wp-json\/wp\/v2\/media\/62702"}],"wp:attachment":[{"href":"https:\/\/www.ateti.pt\/loja\/wp-json\/wp\/v2\/media?parent=16242"}],"wp:term":[{"taxonomy":"product_brand","embeddable":true,"href":"https:\/\/www.ateti.pt\/loja\/wp-json\/wp\/v2\/product_brand?post=16242"},{"taxonomy":"product_cat","embeddable":true,"href":"https:\/\/www.ateti.pt\/loja\/wp-json\/wp\/v2\/product_cat?post=16242"},{"taxonomy":"product_tag","embeddable":true,"href":"https:\/\/www.ateti.pt\/loja\/wp-json\/wp\/v2\/product_tag?post=16242"},{"taxonomy":"woo-feed-brand","embeddable":true,"href":"https:\/\/www.ateti.pt\/loja\/wp-json\/wp\/v2\/woo-feed-brand?post=16242"}],"curies":[{"name":"wp","href":"https:\/\/api.w.org\/{rel}","templated":true}]}}