{"id":16126,"date":"2025-01-26T12:59:09","date_gmt":"2025-01-26T12:59:09","guid":{"rendered":"https:\/\/www.ateti.pt\/loja\/?post_type=product&#038;p=16126"},"modified":"2025-02-17T10:18:54","modified_gmt":"2025-02-17T10:18:54","slug":"maionese-hellmanns-emb-208-gr","status":"publish","type":"product","link":"https:\/\/www.ateti.pt\/loja\/produto\/maionese-hellmanns-emb-208-gr\/","title":{"rendered":"Maionese Hellmann&#8217;s 208g"},"content":{"rendered":"<p><strong>Maionese Hellmann&#8217;s<\/strong><\/p>\n<p>Quantidade: 208g<\/p>\n<p><strong>Sugest\u00e3o de Receita<\/strong><\/p>\n<p>1 Sapateira Brasmar Sele\u00e7\u00e3o pr\u00e9-cozida e congelada com cerca de 800\\900g<\/p>\n<p>30g de pickles picadinhos<\/p>\n<p>1 raminho de salsa picada<\/p>\n<p>2 ovos cozidos<\/p>\n<p>120g de miolo de broa desfeito<\/p>\n<p>1 c. s de mostarda<\/p>\n<p>2 c. s de vinho do Porto<\/p>\n<p>2 c. s de ketchup<\/p>\n<p>80g de <strong>Maionese Hellmann&#8217;s<\/strong><\/p>\n<p>3 c. s de cerveja<\/p>\n<p>Sal e pimenta acabada de moer<\/p>\n<p><strong>PREPARA\u00c7\u00c3O:<\/strong><\/p>\n<p>1 &#8211; Deixe descongelar a sapateira, de prefer\u00eancia de um dia para o outro<\/p>\n<p>2 &#8211; Abra a embalagem e passe a sapateira por \u00e1gua fria<\/p>\n<p>3 &#8211; Seque a sapateira e retire-lhe as patas e a barriga<\/p>\n<p>4 &#8211; Com a ajuda de uma colher, retire a pasta que est\u00e1 no interior da carapa\u00e7a, de modo a manter a carapa\u00e7a inteira<\/p>\n<p>5 &#8211; Lave a carapa\u00e7a, seque e guarde no frio<\/p>\n<p>6 &#8211; Com a ajuda de um garfo, esmague bem a pasta que retirou do interior da carapa\u00e7a<\/p>\n<p>7 &#8211; Corte a barriga em peda\u00e7os e esmague ligeiramente as patas<\/p>\n<p>8 &#8211; Retire a carne que est\u00e1 no interior das patas e da barriga<\/p>\n<p>9 &#8211; Junte a pasta, os pickles picadinhos, a salsa, os ovos passados no ralador da cenoura, o miolo da broa, a maionese, o ketchup, a mostarda, o vinho do porto e a cerveja<\/p>\n<p>10 &#8211; Misture bem at\u00e9 ficar uma pasta homog\u00eanea<\/p>\n<p>11 &#8211; Verifique o sal<\/p>\n<p>12 &#8211; Junte uma pitada de pimenta acabada de moer e misture<\/p>\n<p>13 &#8211; Sirva a sapateira dentro da carapa\u00e7a, decorada a gosto e acompanhe com tostas ou fatias de p\u00e3o torrado.<\/p>\n<p>Veja mais em <a href=\"https:\/\/www.ateti.pt\/loja\/categoria\/mercearia\/temperos-e-molhos\/\">Temperos e Molhos<\/a><\/p>\n","protected":false},"excerpt":{"rendered":"<p>16.78\u20ac\/kg<\/p>\n","protected":false},"featured_media":51566,"comment_status":"closed","ping_status":"closed","template":"","meta":{"_themeisle_gutenberg_block_has_review":false},"product_brand":[],"product_cat":[132,174],"product_tag":[],"woo-feed-brand":[],"class_list":{"0":"post-16126","1":"product","2":"type-product","3":"status-publish","4":"has-post-thumbnail","6":"product_cat-mercearia","7":"product_cat-temperos-e-molhos","8":"ts_product_brand-hellmanns","10":"first","11":"instock","12":"taxable","13":"shipping-taxable","14":"purchasable","15":"product-type-simple"},"_links":{"self":[{"href":"https:\/\/www.ateti.pt\/loja\/wp-json\/wp\/v2\/product\/16126","targetHints":{"allow":["GET"]}}],"collection":[{"href":"https:\/\/www.ateti.pt\/loja\/wp-json\/wp\/v2\/product"}],"about":[{"href":"https:\/\/www.ateti.pt\/loja\/wp-json\/wp\/v2\/types\/product"}],"replies":[{"embeddable":true,"href":"https:\/\/www.ateti.pt\/loja\/wp-json\/wp\/v2\/comments?post=16126"}],"wp:featuredmedia":[{"embeddable":true,"href":"https:\/\/www.ateti.pt\/loja\/wp-json\/wp\/v2\/media\/51566"}],"wp:attachment":[{"href":"https:\/\/www.ateti.pt\/loja\/wp-json\/wp\/v2\/media?parent=16126"}],"wp:term":[{"taxonomy":"product_brand","embeddable":true,"href":"https:\/\/www.ateti.pt\/loja\/wp-json\/wp\/v2\/product_brand?post=16126"},{"taxonomy":"product_cat","embeddable":true,"href":"https:\/\/www.ateti.pt\/loja\/wp-json\/wp\/v2\/product_cat?post=16126"},{"taxonomy":"product_tag","embeddable":true,"href":"https:\/\/www.ateti.pt\/loja\/wp-json\/wp\/v2\/product_tag?post=16126"},{"taxonomy":"woo-feed-brand","embeddable":true,"href":"https:\/\/www.ateti.pt\/loja\/wp-json\/wp\/v2\/woo-feed-brand?post=16126"}],"curies":[{"name":"wp","href":"https:\/\/api.w.org\/{rel}","templated":true}]}}