{"id":16104,"date":"2020-05-06T16:33:53","date_gmt":"2020-05-06T15:33:53","guid":{"rendered":"https:\/\/www.ateti.pt\/loja\/?post_type=product&#038;p=16104"},"modified":"2023-10-10T10:13:47","modified_gmt":"2023-10-10T09:13:47","slug":"sopa-de-legumes-4-porcoes-knorr-63-gr","status":"publish","type":"product","link":"https:\/\/www.ateti.pt\/loja\/produto\/sopa-de-legumes-4-porcoes-knorr-63-gr\/","title":{"rendered":"Sopa De Legumes 4 por\u00e7\u00f5es Knorr 63g"},"content":{"rendered":"<h5>Sopa De Legumes 4 por\u00e7\u00f5es Knorr<\/h5>\n<p>Quantidade: 63g<\/p>\n<p>Comer sopa todos os dias contribui para uma dieta saud\u00e1vel e equilibrada. Rica em sabor, e com ingredientes cuidadosamente selecionados,\u00a0<b>Knorr Sopa de Legumes<\/b>\u00a0\u00e9 uma forma conveniente de contribuir para o equil\u00edbrio da sua alimenta\u00e7\u00e3o. Prepare uma sopa tradicional de uma forma r\u00e1pida e muito saborosa. Experimente toda a gama de sopas Knorr!<\/p>\n<div class=\"component-wrapper section\">\n<div id=\"product-copy-v2-a64e97fc3049a0861eb95cea61451e01\" class=\"clearfix component product-copy-v2\" data-config=\"product-copy-v2-a64e97fc3049a0861eb95cea61451e01-config\" data-server=\"true\" data-role=\"product-copy-v2\">\n<div class=\"c-product-copy-v2 product-copy__title\" data-componentname=\"productCopyV2\" data-component-experience-variant=\"default\" data-component-variants=\"copy\" data-component-positions=\"17\">\n<div class=\"container\">\n<div class=\"c-product-copy-v2__wrapper\">\n<div class=\"c-product-copy-v2-content\">\n<div class=\"c-product-copy-v2-content__item\">Reconfortantes e saborosas<\/div>\n<\/div>\n<\/div>\n<\/div>\n<\/div>\n<\/div>\n<\/div>\n<div class=\"component-wrapper section\">\n<div id=\"product-copy-v2-d6a666448f775c22df2b1b77e47f5084\" class=\"clearfix component product-copy-v2\" data-config=\"product-copy-v2-d6a666448f775c22df2b1b77e47f5084-config\" data-server=\"true\" data-role=\"product-copy-v2\">\n<div class=\"c-product-copy-v2 product-copy__description\" data-componentname=\"productCopyV2\" data-component-experience-variant=\"default\" data-component-variants=\"defaultView\" data-component-positions=\"18\">\n<div class=\"container\">\n<div class=\"c-product-copy-v2__wrapper\">\n<div class=\"c-product-copy-v2-content\">\n<div class=\"c-product-copy-v2-content__item\">Conhe\u00e7a os benef\u00edcios de Knorr Sopa de Legumes: uma receita muito pr\u00e1tica que vai tornar as suas refei\u00e7\u00f5es ainda mais deliciosas.<\/div>\n<\/div>\n<\/div>\n<\/div>\n<\/div>\n<\/div>\n<\/div>\n<div class=\"component-wrapper section\">\n<div id=\"product-copy-v2-665ac9a7375d699fc6628a130e7716ef\" class=\"clearfix component product-copy-v2\" data-config=\"product-copy-v2-665ac9a7375d699fc6628a130e7716ef-config\" data-server=\"true\" data-role=\"product-copy-v2\">\n<div class=\"c-product-copy-v2 product-copy__features\" data-componentname=\"productCopyV2\" data-component-experience-variant=\"default\" data-component-variants=\"defaultView\" data-component-positions=\"19\">\n<div class=\"container\">\n<div class=\"c-product-copy-v2__wrapper\">\n<div class=\"c-product-copy-v2-content\">\n<div class=\"c-product-copy-v2-content__item\">\n<ul>\n<li>Sem corantes<\/li>\n<li>Sem conservantes<\/li>\n<li>Sem intensificadores de sabor<\/li>\n<li>Feito com tomate de origem sustent\u00e1vel<\/li>\n<\/ul>\n<div class=\"component-wrapper section\">\n<div class=\"c-column-control c-column-control--column-nutrition \">\n<div id=\"iea-component-layout-container-d529fdead70ef502a468c1c99e8e8c5c\">\n<div class=\"section clearfix \">\n<div id=\"container_d529fdead70ef502a468c1c99e8e8c5c\" class=\"column-container row\">\n<div class=\"col-md-12\">\n<div class=\"container_par_1 parsys\">\n<div class=\"component-wrapper section\">\n<div id=\"quote-8f40eeeda4f853c821356cca9958a811\" class=\"clearfix component quote\" data-config=\"quote-8f40eeeda4f853c821356cca9958a811-config\" data-server=\"true\" data-role=\"quote\">\n<div class=\"c-quote highlight\" data-componentname=\"quote\" data-component-experience-variant=\"default\" data-component-variants=\"defaultView\" data-component-positions=\"21\">\n<div class=\"c-quote__wrapper row\">\n<div class=\"c-quote__textblock\">\n<div class=\"c-quote__text\">\n<p><strong>Ingredientes: <\/strong>Batata, amido, sal, cenoura (5,9%), ervilhas, gordura de palma, pur\u00e9 de tomate\u00b9 (3,9%), cebola, prote\u00ednas vegetais hidrolisadas, alho franc\u00eas (1,6%), cloreto de pot\u00e1ssio\u00b2, feij\u00e3o verde (0,8%), LACTOSE, extrato de levedura, prote\u00ednas do LEITE, especiarias, alho, salsa, antioxidante (BHA). Pode conter gl\u00faten, ovo, aipo e mostarda.<\/p>\n<\/div>\n<\/div>\n<\/div>\n<\/div>\n<\/div>\n<\/div>\n<div class=\"component-wrapper section\">\n<div id=\"product-copy-v2-55292a7918d22cb02ffd699a803329dc\" class=\"clearfix component product-copy-v2\" data-config=\"product-copy-v2-55292a7918d22cb02ffd699a803329dc-config\" data-server=\"true\" data-role=\"product-copy-v2\">\n<div class=\"c-product-copy-v2 c-product-copy-v2--type-c \" data-componentname=\"productCopyV2\" data-component-experience-variant=\"default\" data-component-variants=\"copy\" data-component-positions=\"22\">\n<div class=\"container\">\n<div class=\"c-product-copy-v2__wrapper\">\n<div class=\"c-product-copy-v2-content\">\n<div class=\"c-product-copy-v2-content__item\">\u00b9Produzido a partir de tomate de origem sustent\u00e1vel.<br \/>\n\u00b2Substituto do sal.<\/div>\n<\/div>\n<\/div>\n<\/div>\n<\/div>\n<\/div>\n<\/div>\n<div class=\"component-wrapper section\">\n<div id=\"product-copy-v2-e2004d61fd60a6c0423d0380c1daa509\" class=\"clearfix component product-copy-v2\" data-config=\"product-copy-v2-e2004d61fd60a6c0423d0380c1daa509-config\" data-server=\"true\" data-role=\"product-copy-v2\">\n<div class=\"c-product-copy-v2 \" data-componentname=\"productCopyV2\" data-component-experience-variant=\"default\" data-component-variants=\"copy\" data-component-positions=\"23\">\n<div class=\"container\">\n<div class=\"c-product-copy-v2__wrapper\">\n<div class=\"c-product-copy-v2-content\"><\/div>\n<\/div>\n<\/div>\n<\/div>\n<\/div>\n<\/div>\n<div class=\"component-wrapper section\">\n<div id=\"product-copy-v2-59bff73467e50b825823c0771d121ffb\" class=\"clearfix component product-copy-v2\" data-config=\"product-copy-v2-59bff73467e50b825823c0771d121ffb-config\" data-server=\"true\" data-role=\"product-copy-v2\">\n<div class=\"c-product-copy-v2 c-product-copy-v2--type-a \" data-componentname=\"productCopyV2\" data-component-experience-variant=\"default\" data-component-variants=\"copy\" data-component-positions=\"24\">\n<div class=\"container\">\n<div class=\"c-product-copy-v2__wrapper\">\n<div class=\"c-product-copy-v2-content\"><strong>Modo de utiliza\u00e7\u00e3o:<\/strong><\/div>\n<\/div>\n<\/div>\n<\/div>\n<\/div>\n<\/div>\n<\/div>\n<\/div>\n<\/div>\n<\/div>\n<\/div>\n<\/div>\n<\/div>\n<div class=\"component-wrapper section\">\n<div id=\"product-copy-v2-ea659de6b3913127886b15a69462264d\" class=\"clearfix component product-copy-v2\" data-config=\"product-copy-v2-ea659de6b3913127886b15a69462264d-config\" data-server=\"true\" data-role=\"product-copy-v2\">\n<div class=\"c-product-copy-v2 product-copy--how-to-use\" data-componentname=\"productCopyV2\" data-component-experience-variant=\"default\" data-component-variants=\"copy\" data-component-positions=\"26\">\n<div class=\"container\">\n<div class=\"c-product-copy-v2__wrapper\">\n<div class=\"c-product-copy-v2-content\"><\/div>\n<\/div>\n<\/div>\n<\/div>\n<\/div>\n<\/div>\n<div class=\"component-wrapper section\">\n<div id=\"product-copy-v2-b7369da1979d091c9fb6e638b9b282b2\" class=\"clearfix component product-copy-v2\" data-config=\"product-copy-v2-b7369da1979d091c9fb6e638b9b282b2-config\" data-server=\"true\" data-role=\"product-copy-v2\">\n<div class=\"c-product-copy-v2 product-copy--how-to-use-steps\" data-componentname=\"productCopyV2\" data-component-experience-variant=\"default\" data-component-variants=\"defaultView\" data-component-positions=\"27\">\n<div class=\"container\">\n<div class=\"c-product-copy-v2__wrapper\">\n<div class=\"c-product-copy-v2-content\">\n<div class=\"c-product-copy-v2-content__item\">1. Num tacho leve ao lume 1 litro de \u00e1gua. Quando come\u00e7ar a ferver junte o conte\u00fado da embalagem e mexa.<\/div>\n<div class=\"c-product-copy-v2-content__item\">2. Deixe cozer durante 5 minutos em lume brando, sem tapar completamente o recipiente, mexendo de vez em quando.<\/div>\n<\/div>\n<\/div>\n<\/div>\n<\/div>\n<div>Bom apetite!<\/div>\n<div>Veja mais em <a href=\"https:\/\/www.ateti.pt\/loja\/categoria\/mercearia\/diversos\/\">Diversos<\/a><\/div>\n<\/div>\n<\/div>\n<\/div>\n<\/div>\n<\/div>\n<\/div>\n<\/div>\n<\/div>\n<\/div>\n","protected":false},"excerpt":{"rendered":"<p>28.41\u20ac\/kg<\/p>\n","protected":false},"featured_media":57261,"comment_status":"closed","ping_status":"closed","template":"","meta":{"_themeisle_gutenberg_block_has_review":false},"product_brand":[],"product_cat":[176,132],"product_tag":[],"woo-feed-brand":[],"class_list":{"0":"post-16104","1":"product","2":"type-product","3":"status-publish","4":"has-post-thumbnail","6":"product_cat-diversos","7":"product_cat-mercearia","8":"ts_product_brand-knorr","10":"first","11":"instock","12":"taxable","13":"shipping-taxable","14":"purchasable","15":"product-type-simple"},"_links":{"self":[{"href":"https:\/\/www.ateti.pt\/loja\/wp-json\/wp\/v2\/product\/16104","targetHints":{"allow":["GET"]}}],"collection":[{"href":"https:\/\/www.ateti.pt\/loja\/wp-json\/wp\/v2\/product"}],"about":[{"href":"https:\/\/www.ateti.pt\/loja\/wp-json\/wp\/v2\/types\/product"}],"replies":[{"embeddable":true,"href":"https:\/\/www.ateti.pt\/loja\/wp-json\/wp\/v2\/comments?post=16104"}],"wp:featuredmedia":[{"embeddable":true,"href":"https:\/\/www.ateti.pt\/loja\/wp-json\/wp\/v2\/media\/57261"}],"wp:attachment":[{"href":"https:\/\/www.ateti.pt\/loja\/wp-json\/wp\/v2\/media?parent=16104"}],"wp:term":[{"taxonomy":"product_brand","embeddable":true,"href":"https:\/\/www.ateti.pt\/loja\/wp-json\/wp\/v2\/product_brand?post=16104"},{"taxonomy":"product_cat","embeddable":true,"href":"https:\/\/www.ateti.pt\/loja\/wp-json\/wp\/v2\/product_cat?post=16104"},{"taxonomy":"product_tag","embeddable":true,"href":"https:\/\/www.ateti.pt\/loja\/wp-json\/wp\/v2\/product_tag?post=16104"},{"taxonomy":"woo-feed-brand","embeddable":true,"href":"https:\/\/www.ateti.pt\/loja\/wp-json\/wp\/v2\/woo-feed-brand?post=16104"}],"curies":[{"name":"wp","href":"https:\/\/api.w.org\/{rel}","templated":true}]}}