{"id":16099,"date":"2020-05-06T16:28:51","date_gmt":"2020-05-06T15:28:51","guid":{"rendered":"https:\/\/www.ateti.pt\/loja\/?post_type=product&#038;p=16099"},"modified":"2024-11-28T12:48:59","modified_gmt":"2024-11-28T12:48:59","slug":"sopa-de-espargos-4-porcoes-knorr-70-gr","status":"publish","type":"product","link":"https:\/\/www.ateti.pt\/loja\/produto\/sopa-de-espargos-4-porcoes-knorr-70-gr\/","title":{"rendered":"Sopa De Espargos Knorr 70g"},"content":{"rendered":"<p><strong>Sopa de Espargos Knorr<\/strong><\/p>\n<p><em>Sem corantes \/ Sem conservantes \/ Sem intensificadores de sabor<\/em><\/p>\n<p>Preparado desidratado para sopa de espargos.<\/p>\n<p>Conhe\u00e7a todos os benef\u00edcios de Knorr Sopa de Espargos: uma receita muito pr\u00e1tica que vai tornar as suas refei\u00e7\u00f5es ainda mais deliciosas e r\u00e1pidas de fazer.<\/p>\n<p>Comer sopa todos os dias contribui para uma dieta saud\u00e1vel e equilibrada. Rica em sabor, e com ingredientes cuidadosamente selecionados,\u00a0Knorr Sopa de Espargos \u00e9 uma forma conveniente de contribuir para o equil\u00edbrio da sua alimenta\u00e7\u00e3o.<\/p>\n<p>Prepare uma sopa tradicional de uma forma r\u00e1pida e muito saborosa.<\/p>\n<p><strong>Lista de Ingredientes:<\/strong><\/p>\n<p>Farinha de trigo, amidos, gordura de palma, sal, espargos (7,8%), aromas (cont\u00e9m aipo), xarope de glucose, cloreto de pot\u00e1ssio\u00b9, prote\u00ednas do leite, cebola, curcuma, espinafres, extrato de levedura.<\/p>\n<p>Pode conter ovo e mostarda.<\/p>\n<p>\u00b9Substituto do sal.<\/p>\n<p>Conservar em local seco e fresco.<\/p>\n<p><strong>Valores nutricionais:<\/strong> (m\u00e9dios por 100ml)<\/p>\n<p>N\u00e3o Preparado:<br \/>\nEnergia: 114.00 kJ \/ 27.00 kcal<br \/>\nL\u00edpidos: 0.90 g<br \/>\nDos quais \u00e1cidos gordos saturados: 0.50 g<br \/>\nHidratos de carbono: 4.00 g<br \/>\nDos quais a\u00e7\u00facares: &lt;0.50 g<br \/>\nFibras: &lt;0.50 g<br \/>\nProte\u00ednas: 0.60 g<br \/>\nSal: 0.80 g<\/p>\n<p><strong>Instru\u00e7\u00f5es de utiliza\u00e7\u00e3o:<\/strong><br \/>\nDeite o conte\u00fado da embalagem em 1 litro de \u00e1gua fria, leve ao lume e mexa com uma vara de arames.<br \/>\nQuando iniciar a fervura, deixe cozer durante 5 minutos em lume brando sem tapar completamente o recipiente, mexendo de vez em quando.<\/p>\n<p><strong>Sugest\u00e3o de prepara\u00e7\u00e3o (receita):<\/strong><\/p>\n<p><em>Creme de Espargos<\/em><\/p>\n<p><strong>Ingredientes:<\/strong><br \/>\n-1 sopa de espargos<br \/>\n-1 natas light<br \/>\n-500ml de \u00e1gua<br \/>\n-450g de espargos picados<br \/>\n-1 colher de sopa de cebola picada<br \/>\n-2 colheres de sopa de margarina sem sal light<\/p>\n<p><strong>Prepara\u00e7\u00e3o:<\/strong><br \/>\nNuma panela derreta a margarina e refogue a cebola picada.<br \/>\nAdicione os espargos picados, a \u00e1gua e o p\u00f3 sopa de espargos.<br \/>\nMisture bem, tape a panela e deixe cozinhar at\u00e9 que os espargos fiquem macios, mexendo de vez em quando.<br \/>\nColoque todo o preparado num liquidificador e misture tudo at\u00e9 que fique tudo completamente dissolvido.<br \/>\nAcrescente as natas, misture bem e leve ao lume novamente para aquecer.<br \/>\nDecore como mais gostar e est\u00e1 pronta a servir.<\/p>\n<p>Experimente toda a gama de sopas Knorr,\u00a0 vai adorar!<\/p>\n<p><strong>Quantidade:<\/strong> 70g<\/p>\n<p>Veja mais em <a href=\"https:\/\/www.ateti.pt\/loja\/categoria\/mercearia\/diversos\/\">Diversos<\/a><\/p>\n","protected":false},"excerpt":{"rendered":"<p>25.57\u20ac\/kg<\/p>\n","protected":false},"featured_media":57306,"comment_status":"closed","ping_status":"closed","template":"","meta":{"_themeisle_gutenberg_block_has_review":false},"product_brand":[],"product_cat":[176,132],"product_tag":[],"woo-feed-brand":[],"class_list":{"0":"post-16099","1":"product","2":"type-product","3":"status-publish","4":"has-post-thumbnail","6":"product_cat-diversos","7":"product_cat-mercearia","8":"ts_product_brand-knorr","10":"first","11":"instock","12":"taxable","13":"shipping-taxable","14":"purchasable","15":"product-type-simple"},"_links":{"self":[{"href":"https:\/\/www.ateti.pt\/loja\/wp-json\/wp\/v2\/product\/16099","targetHints":{"allow":["GET"]}}],"collection":[{"href":"https:\/\/www.ateti.pt\/loja\/wp-json\/wp\/v2\/product"}],"about":[{"href":"https:\/\/www.ateti.pt\/loja\/wp-json\/wp\/v2\/types\/product"}],"replies":[{"embeddable":true,"href":"https:\/\/www.ateti.pt\/loja\/wp-json\/wp\/v2\/comments?post=16099"}],"wp:featuredmedia":[{"embeddable":true,"href":"https:\/\/www.ateti.pt\/loja\/wp-json\/wp\/v2\/media\/57306"}],"wp:attachment":[{"href":"https:\/\/www.ateti.pt\/loja\/wp-json\/wp\/v2\/media?parent=16099"}],"wp:term":[{"taxonomy":"product_brand","embeddable":true,"href":"https:\/\/www.ateti.pt\/loja\/wp-json\/wp\/v2\/product_brand?post=16099"},{"taxonomy":"product_cat","embeddable":true,"href":"https:\/\/www.ateti.pt\/loja\/wp-json\/wp\/v2\/product_cat?post=16099"},{"taxonomy":"product_tag","embeddable":true,"href":"https:\/\/www.ateti.pt\/loja\/wp-json\/wp\/v2\/product_tag?post=16099"},{"taxonomy":"woo-feed-brand","embeddable":true,"href":"https:\/\/www.ateti.pt\/loja\/wp-json\/wp\/v2\/woo-feed-brand?post=16099"}],"curies":[{"name":"wp","href":"https:\/\/api.w.org\/{rel}","templated":true}]}}