{"id":16048,"date":"2020-05-06T14:40:51","date_gmt":"2020-05-06T13:40:51","guid":{"rendered":"https:\/\/www.ateti.pt\/loja\/?post_type=product&#038;p=16048"},"modified":"2024-08-29T15:33:37","modified_gmt":"2024-08-29T14:33:37","slug":"mistura-5-bagas-com-moinho-ajustavel-margao-24-gr","status":"publish","type":"product","link":"https:\/\/www.ateti.pt\/loja\/produto\/mistura-5-bagas-com-moinho-ajustavel-margao-24-gr\/","title":{"rendered":"Mistura 5 Bagas com Moinho Marg\u00e3o 24g"},"content":{"rendered":"<h5>Mistura 5 Bagas c\/Moinho Marg\u00e3o<\/h5>\n<p>Quantidade: 24g<\/p>\n<p><strong>Como utilizar:<\/strong><\/p>\n<p>1. Retire a tampa.<\/p>\n<p>2. Ajuste a patilha vermelha de acordo com o resultado desejado.<\/p>\n<p>Nota: Estes moinhos n\u00e3o s\u00e3o recarreg\u00e1veis\u200b\u200b.<\/p>\n<p>Sugest\u00e3o de receita<\/p>\n<h5>Esparguete \u00e1 italiana<\/h5>\n<p><strong>Ingredientes:<\/strong><\/p>\n<p><b>Para a carne:<\/b><\/p>\n<ul class=\"recipe-about-list\">\n<li>350 g de carne picada<\/li>\n<li>400 g de tomates esmagados ou molho de tomate<\/li>\n<li>Vinho branco para temperar q.b<\/li>\n<li>Moinho 5 Bagas<\/li>\n<li>Moinho de Sal do Mediterr\u00e2neo<\/li>\n<li>Segredos Alho e Ervas Arom\u00e1ticas<\/li>\n<\/ul>\n<p><b>Para a massa:<\/b><\/p>\n<ul class=\"recipe-about-list\">\n<li>250 gramas esparguete<\/li>\n<li>Moinho Sal do Mediterr\u00e2neo<\/li>\n<li>Segredos do Mundo It\u00e1lia<\/li>\n<\/ul>\n<p><strong>Prepara\u00e7\u00e3o:<\/strong><\/p>\n<ul>\n<li class=\"row step\">\n<div class=\"col-xs-12 col-md-12 step-content\">\n<p>Tempere a carne picada com sal, pimenta 5 bagas e alho mo\u00eddo. Leve ao lume at\u00e9 a carne ficar cozinhada. Adicione o tomate e deixe ganhar sabor.<\/p>\n<\/div>\n<\/li>\n<li class=\"row step\">\n<div class=\"col-xs-12 col-md-12 step-content\">\n<p>Enquanto aguarda, cozinhe o esparguete em \u00e1gua e sal. Escorra a \u00e1gua restante, adicione uma noz de manteiga e polvilhe com Segredos do Mundo It\u00e1lia.<\/p>\n<\/div>\n<\/li>\n<li class=\"row step\">\n<div class=\"col-xs-12 col-md-12 step-content\">\n<p>Coloque a massa no prato, a carne em cima confira um toque final com o Segredos Alho E Ervas Arom\u00e1ticas.<\/p>\n<\/div>\n<p>&nbsp;<\/li>\n<\/ul>\n<p>Bom apetite!<\/p>\n<p>Veja mais em <a href=\"https:\/\/www.ateti.pt\/loja\/categoria\/mercearia\/temperos-e-molhos\/\">Temperos e Molhos<\/a><\/p>\n","protected":false},"excerpt":{"rendered":"<p>162.08\u20ac\/kg<\/p>\n","protected":false},"featured_media":60706,"comment_status":"closed","ping_status":"closed","template":"","meta":{"_themeisle_gutenberg_block_has_review":false},"product_brand":[],"product_cat":[132,174],"product_tag":[],"woo-feed-brand":[],"class_list":{"0":"post-16048","1":"product","2":"type-product","3":"status-publish","4":"has-post-thumbnail","6":"product_cat-mercearia","7":"product_cat-temperos-e-molhos","8":"ts_product_brand-margao","10":"first","11":"instock","12":"taxable","13":"shipping-taxable","14":"purchasable","15":"product-type-simple"},"_links":{"self":[{"href":"https:\/\/www.ateti.pt\/loja\/wp-json\/wp\/v2\/product\/16048","targetHints":{"allow":["GET"]}}],"collection":[{"href":"https:\/\/www.ateti.pt\/loja\/wp-json\/wp\/v2\/product"}],"about":[{"href":"https:\/\/www.ateti.pt\/loja\/wp-json\/wp\/v2\/types\/product"}],"replies":[{"embeddable":true,"href":"https:\/\/www.ateti.pt\/loja\/wp-json\/wp\/v2\/comments?post=16048"}],"wp:featuredmedia":[{"embeddable":true,"href":"https:\/\/www.ateti.pt\/loja\/wp-json\/wp\/v2\/media\/60706"}],"wp:attachment":[{"href":"https:\/\/www.ateti.pt\/loja\/wp-json\/wp\/v2\/media?parent=16048"}],"wp:term":[{"taxonomy":"product_brand","embeddable":true,"href":"https:\/\/www.ateti.pt\/loja\/wp-json\/wp\/v2\/product_brand?post=16048"},{"taxonomy":"product_cat","embeddable":true,"href":"https:\/\/www.ateti.pt\/loja\/wp-json\/wp\/v2\/product_cat?post=16048"},{"taxonomy":"product_tag","embeddable":true,"href":"https:\/\/www.ateti.pt\/loja\/wp-json\/wp\/v2\/product_tag?post=16048"},{"taxonomy":"woo-feed-brand","embeddable":true,"href":"https:\/\/www.ateti.pt\/loja\/wp-json\/wp\/v2\/woo-feed-brand?post=16048"}],"curies":[{"name":"wp","href":"https:\/\/api.w.org\/{rel}","templated":true}]}}