{"id":16044,"date":"2020-05-06T14:37:08","date_gmt":"2020-05-06T13:37:08","guid":{"rendered":"https:\/\/www.ateti.pt\/loja\/?post_type=product&#038;p=16044"},"modified":"2024-02-13T17:41:58","modified_gmt":"2024-02-13T17:41:58","slug":"canela-pau-margao-30-gr","status":"publish","type":"product","link":"https:\/\/www.ateti.pt\/loja\/produto\/canela-pau-margao-30-gr\/","title":{"rendered":"Canela Pau Marg\u00e3o 30g"},"content":{"rendered":"<p><strong>Canela Pau Marg\u00e3o<\/strong><\/p>\n<p>Quantidade: 30g<\/p>\n<p>Origin\u00e1ria do sudeste asi\u00e1tico, a canela \u00e9 a casca interna das \u00e1rvores de canela, da fam\u00edlia Lauraceae.<\/p>\n<p>A canela \u00e9 colhida no in\u00edcio da esta\u00e7\u00e3o chuvosa pois \u00e9 neste momento que a casca da \u00e1rvore se enche de seiva e \u00e9 mais facilmente cortada. As incis\u00f5es s\u00e3o ent\u00e3o feitas na parte inferior dos troncos e galhos. A casca \u00e9 cortada em tiras grandes e, em seguida, com a ajuda de uma faca, \u00e9 separada da \u00e1rvore. A casca \u00e9 raspada de modo a reter apenas a casca interna. Os peda\u00e7os de casca interior obtidos s\u00e3o ent\u00e3o mo\u00eddos para secar para obter canela mo\u00edda com um sabor doce e sutil.<\/p>\n<p>A canela pau \u00e9 \u00f3tima para fazer infus\u00f5es e ch\u00e1s.<\/p>\n<p>A canela pau marg\u00e3o combina bem com uma variedade de ingredientes, em especial com laranja e mel.<\/p>\n<p>Se cozinhar a canela pau em l\u00edquidos, o seu aroma passa para o preparado.<\/p>\n<p>Especialmente selecionadas para si nas melhores origens, as especiarias e ervas arom\u00e1ticas Marg\u00e3o s\u00e3o indispens\u00e1veis em qualquer cozinha.<\/p>\n<p>O seu fecho reutiliz\u00e1vel mant\u00e9m a qualidade do produto durante mais tempo.<\/p>\n<p><strong>Utiliza\u00e7\u00e3o:\u00a0<\/strong>Utilize a gosto, use a sua criatividade para real\u00e7ar o sabor dos seus pratos com incr\u00edveis aromas e sabores e surpreenda-se!<\/p>\n<p><strong>Conserva\u00e7\u00e3o:\u00a0<\/strong>Guardar e local fresco e seco. Depois de aberta a embalagem, consumir de prefer\u00eancia no prazo de 6 meses.<\/p>\n<p><strong>Quantidade:<\/strong> 30g<\/p>\n<p>Sugest\u00e3o de receita<\/p>\n<h5>Ma\u00e7\u00e3s assadas<\/h5>\n<p><strong>Ingredientes:<\/strong><\/p>\n<ul>\n<li class=\"ingredient-wrapper\"><span class=\"ingredient-quantity\">500<\/span>\u00a0<span class=\"ingredient-unit\">g<\/span>\u00a0<span class=\"ingredient-product\">ma\u00e7\u00e3 reineta<\/span><\/li>\n<li class=\"ingredient-wrapper\"><span class=\"ingredient-quantity\">4<\/span>\u00a0<span class=\"ingredient-unit\">c. de ch\u00e1<\/span>\u00a0<span class=\"ingredient-product\">a\u00e7\u00facar mascavado<\/span><\/li>\n<li class=\"ingredient-wrapper\"><span class=\"ingredient-quantity\">4<\/span>\u00a0<span class=\"ingredient-product\">paus de canela<\/span><\/li>\n<li class=\"ingredient-wrapper\"><span class=\"ingredient-quantity\">4<\/span>\u00a0<span class=\"ingredient-unit\">c. de ch\u00e1<\/span>\u00a0<span class=\"ingredient-product\">vinho do Porto<\/span><\/li>\n<\/ul>\n<p><strong>Prepara\u00e7\u00e3o:<\/strong><\/p>\n<div class=\"instruction\"><span class=\"instruction-index\">1.\u00a0<\/span><span class=\"instruction-body\">Ligue o forno a 180 \u00ba C.<\/span><\/div>\n<div><\/div>\n<div class=\"instruction\"><span class=\"instruction-index\">2.\u00a0<\/span><span class=\"instruction-body\">Lave muito bem as ma\u00e7\u00e3s e retire-lhes o caro\u00e7o com um descaro\u00e7ador. Coloque-as num tabuleiro de ir ao forno e, no lugar do caro\u00e7o, introduza 1 pau de canela, 1 colher de ch\u00e1 de a\u00e7\u00facar mascavado e o vinho do Porto.<\/span><\/div>\n<div><\/div>\n<div class=\"instruction\"><span class=\"instruction-index\">3.\u00a0<\/span><span class=\"instruction-body\">Leve ao forno durante cerca de 25 minutos ou at\u00e9 as ma\u00e7\u00e3s estarem macias.\u00a0<\/span><\/div>\n<div><\/div>\n<div class=\"instruction\"><span class=\"instruction-body\">Bom apetite!\u00a0<\/span><\/div>\n<p>Veja mais em <a href=\"https:\/\/www.ateti.pt\/loja\/categoria\/mercearia\/temperos-e-molhos\/\">Temperos e Molhos<\/a><\/p>\n","protected":false},"excerpt":{"rendered":"<p>86.33\u20ac\/kg<\/p>\n","protected":false},"featured_media":61155,"comment_status":"closed","ping_status":"closed","template":"","meta":{"_themeisle_gutenberg_block_has_review":false},"product_brand":[],"product_cat":[132,174],"product_tag":[],"woo-feed-brand":[],"class_list":{"0":"post-16044","1":"product","2":"type-product","3":"status-publish","4":"has-post-thumbnail","6":"product_cat-mercearia","7":"product_cat-temperos-e-molhos","8":"ts_product_brand-margao","10":"first","11":"instock","12":"taxable","13":"shipping-taxable","14":"purchasable","15":"product-type-simple"},"_links":{"self":[{"href":"https:\/\/www.ateti.pt\/loja\/wp-json\/wp\/v2\/product\/16044","targetHints":{"allow":["GET"]}}],"collection":[{"href":"https:\/\/www.ateti.pt\/loja\/wp-json\/wp\/v2\/product"}],"about":[{"href":"https:\/\/www.ateti.pt\/loja\/wp-json\/wp\/v2\/types\/product"}],"replies":[{"embeddable":true,"href":"https:\/\/www.ateti.pt\/loja\/wp-json\/wp\/v2\/comments?post=16044"}],"wp:featuredmedia":[{"embeddable":true,"href":"https:\/\/www.ateti.pt\/loja\/wp-json\/wp\/v2\/media\/61155"}],"wp:attachment":[{"href":"https:\/\/www.ateti.pt\/loja\/wp-json\/wp\/v2\/media?parent=16044"}],"wp:term":[{"taxonomy":"product_brand","embeddable":true,"href":"https:\/\/www.ateti.pt\/loja\/wp-json\/wp\/v2\/product_brand?post=16044"},{"taxonomy":"product_cat","embeddable":true,"href":"https:\/\/www.ateti.pt\/loja\/wp-json\/wp\/v2\/product_cat?post=16044"},{"taxonomy":"product_tag","embeddable":true,"href":"https:\/\/www.ateti.pt\/loja\/wp-json\/wp\/v2\/product_tag?post=16044"},{"taxonomy":"woo-feed-brand","embeddable":true,"href":"https:\/\/www.ateti.pt\/loja\/wp-json\/wp\/v2\/woo-feed-brand?post=16044"}],"curies":[{"name":"wp","href":"https:\/\/api.w.org\/{rel}","templated":true}]}}