{"id":16031,"date":"2020-05-06T14:20:59","date_gmt":"2020-05-06T14:20:59","guid":{"rendered":"https:\/\/www.ateti.pt\/loja\/?post_type=product&#038;p=16031"},"modified":"2026-01-25T00:25:06","modified_gmt":"2026-01-25T00:25:06","slug":"pate-de-figado-de-porco-la-piara-75g","status":"publish","type":"product","link":"https:\/\/www.ateti.pt\/loja\/produto\/pate-de-figado-de-porco-la-piara-75g\/","title":{"rendered":"Pat\u00ea de F\u00edgado de Porco La Piara 75g"},"content":{"rendered":"<h5>Pat\u00ea de F\u00edgado de Porco La Piara<\/h5>\n<p>Quantidade: 75g<\/p>\n<p>Pat\u00ea de f\u00edgado de porco.<\/p>\n<p><strong> Ingredientes:<\/strong> Carne, f\u00edgado 27%,toucinho e prote\u00edna de porco, \u00e1gua, farinha de arroz, fibra vegetal, sal, estabilizadores (tripolifosfato de s\u00f3dio, carragenina), intensificador de sabor (glutamato monoss\u00f3dico), a\u00e7ucar, especiarias, aromas, conservante (nitrito de s\u00f3dio).<\/p>\n<p><strong>Declara\u00e7\u00e3o Nutricional (por 100g):<\/strong> Energia: 1111kj\/269kcal; L\u00edpidos:24g; dos quais Saturados: 8,2g; Hidratos de Carbono: 1,4g; dos quais A\u00e7ucares: 0,4g; Prote\u00ednas: 11g; Sal: 1,7g; Ferro: 4,4mg.<\/p>\n<p>Veja mais em <a href=\"https:\/\/www.ateti.pt\/loja\/categoria\/mercearia\/aperitivos\/\">Aperitivos<\/a><\/p>\n","protected":false},"excerpt":{"rendered":"<p>29.20\u20ac\/kg<\/p>\n","protected":false},"featured_media":57088,"comment_status":"closed","ping_status":"closed","template":"","meta":{"_themeisle_gutenberg_block_has_review":false},"product_brand":[],"product_cat":[206,132],"product_tag":[],"woo-feed-brand":[],"class_list":{"0":"post-16031","1":"product","2":"type-product","3":"status-publish","4":"has-post-thumbnail","6":"product_cat-aperitivos","7":"product_cat-mercearia","8":"ts_product_brand-la-piara","10":"first","11":"instock","12":"taxable","13":"shipping-taxable","14":"purchasable","15":"product-type-simple"},"_links":{"self":[{"href":"https:\/\/www.ateti.pt\/loja\/wp-json\/wp\/v2\/product\/16031","targetHints":{"allow":["GET"]}}],"collection":[{"href":"https:\/\/www.ateti.pt\/loja\/wp-json\/wp\/v2\/product"}],"about":[{"href":"https:\/\/www.ateti.pt\/loja\/wp-json\/wp\/v2\/types\/product"}],"replies":[{"embeddable":true,"href":"https:\/\/www.ateti.pt\/loja\/wp-json\/wp\/v2\/comments?post=16031"}],"wp:featuredmedia":[{"embeddable":true,"href":"https:\/\/www.ateti.pt\/loja\/wp-json\/wp\/v2\/media\/57088"}],"wp:attachment":[{"href":"https:\/\/www.ateti.pt\/loja\/wp-json\/wp\/v2\/media?parent=16031"}],"wp:term":[{"taxonomy":"product_brand","embeddable":true,"href":"https:\/\/www.ateti.pt\/loja\/wp-json\/wp\/v2\/product_brand?post=16031"},{"taxonomy":"product_cat","embeddable":true,"href":"https:\/\/www.ateti.pt\/loja\/wp-json\/wp\/v2\/product_cat?post=16031"},{"taxonomy":"product_tag","embeddable":true,"href":"https:\/\/www.ateti.pt\/loja\/wp-json\/wp\/v2\/product_tag?post=16031"},{"taxonomy":"woo-feed-brand","embeddable":true,"href":"https:\/\/www.ateti.pt\/loja\/wp-json\/wp\/v2\/woo-feed-brand?post=16031"}],"curies":[{"name":"wp","href":"https:\/\/api.w.org\/{rel}","templated":true}]}}