{"id":15748,"date":"2020-05-01T12:07:24","date_gmt":"2020-05-01T11:07:24","guid":{"rendered":"https:\/\/www.ateti.pt\/loja\/?post_type=product&#038;p=15748"},"modified":"2023-03-31T15:43:01","modified_gmt":"2023-03-31T14:43:01","slug":"granola-salutem-500g","status":"publish","type":"product","link":"https:\/\/www.ateti.pt\/loja\/produto\/granola-salutem-500g\/","title":{"rendered":"Granola 500g Salutem"},"content":{"rendered":"<h5>Granola Salutem<\/h5>\n<p>Quantidade: 500g<\/p>\n<p>Ingredientes:Flocos de aveia integral (43%), a\u00e7\u00facar, pevides de ab\u00f3bora (8%), arroz tufado (arroz, a\u00e7\u00facar, gl\u00faten de trigo, farinha maltada de cevada e trigo e sal), sultanas(5%), \u00f3leo vegetal de palma, mel, avel\u00e3s (3%), am\u00eandoas (3%), mirtilos, \u00f3leo vegetal de girassol), Sementes de linha\u00e7a(2%), farinha de trigo, leite em p\u00f3 desengordurado e sal.<\/p>\n<h5>Declara\u00e7\u00e3o nutricional (por 100g):<\/h5>\n<p>1936kj\/462kcal; L\u00edpidos: 19.7g, dos quais saturados: 3,9g; Hidratos de carbono: 55,2g, dos quais a\u00e7\u00facares: 21,7g; Fibra: 7,5g; Prote\u00ednas: 12,3g; Sal: 0.6g.<\/p>\n<p>Cont\u00e9m gl\u00faten, frutos de casca rija e leite. Pode conter vest\u00edgios de soja, amendoim e s\u00e9samo.<\/p>\n","protected":false},"excerpt":{"rendered":"<p>10.58\u20ac\/kg<\/p>\n","protected":false},"featured_media":31325,"comment_status":"closed","ping_status":"closed","template":"","meta":{"_themeisle_gutenberg_block_has_review":false},"product_brand":[],"product_cat":[207,223],"product_tag":[],"woo-feed-brand":[752],"class_list":{"0":"post-15748","1":"product","2":"type-product","3":"status-publish","4":"has-post-thumbnail","6":"product_cat-bio-saudavel","7":"product_cat-mercearia-saudavel","8":"ts_product_brand-salutem","9":"woo-feed-brand-salutem","11":"first","12":"instock","13":"taxable","14":"shipping-taxable","15":"purchasable","16":"product-type-simple"},"_links":{"self":[{"href":"https:\/\/www.ateti.pt\/loja\/wp-json\/wp\/v2\/product\/15748","targetHints":{"allow":["GET"]}}],"collection":[{"href":"https:\/\/www.ateti.pt\/loja\/wp-json\/wp\/v2\/product"}],"about":[{"href":"https:\/\/www.ateti.pt\/loja\/wp-json\/wp\/v2\/types\/product"}],"replies":[{"embeddable":true,"href":"https:\/\/www.ateti.pt\/loja\/wp-json\/wp\/v2\/comments?post=15748"}],"wp:featuredmedia":[{"embeddable":true,"href":"https:\/\/www.ateti.pt\/loja\/wp-json\/wp\/v2\/media\/31325"}],"wp:attachment":[{"href":"https:\/\/www.ateti.pt\/loja\/wp-json\/wp\/v2\/media?parent=15748"}],"wp:term":[{"taxonomy":"product_brand","embeddable":true,"href":"https:\/\/www.ateti.pt\/loja\/wp-json\/wp\/v2\/product_brand?post=15748"},{"taxonomy":"product_cat","embeddable":true,"href":"https:\/\/www.ateti.pt\/loja\/wp-json\/wp\/v2\/product_cat?post=15748"},{"taxonomy":"product_tag","embeddable":true,"href":"https:\/\/www.ateti.pt\/loja\/wp-json\/wp\/v2\/product_tag?post=15748"},{"taxonomy":"woo-feed-brand","embeddable":true,"href":"https:\/\/www.ateti.pt\/loja\/wp-json\/wp\/v2\/woo-feed-brand?post=15748"}],"curies":[{"name":"wp","href":"https:\/\/api.w.org\/{rel}","templated":true}]}}