{"id":15731,"date":"2022-04-01T11:47:58","date_gmt":"2022-04-01T10:47:58","guid":{"rendered":"https:\/\/www.ateti.pt\/loja\/?post_type=product&#038;p=15731"},"modified":"2026-02-11T09:19:17","modified_gmt":"2026-02-11T09:19:17","slug":"multi-cereais-crocante-salutem-400g","status":"publish","type":"product","link":"https:\/\/www.ateti.pt\/loja\/produto\/multi-cereais-crocante-salutem-400g\/","title":{"rendered":"Muesli Multicereais Crocante 400g Salutem"},"content":{"rendered":"<p>Muesli Multicereais Crocante Salutem<\/p>\n<p><strong>Quantidade:<\/strong> 400g<\/p>\n<p>Muesli Multicereais Crocante Salutem s\u00e3o \u00f3timos para um pequeno-almo\u00e7o nutritivo e d\u00e3o a energia que precisas para o dia de trabalho.<\/p>\n<p><strong>Ingredientes:<\/strong> flocos de aveia (55%), a\u00e7ucar, \u00f3leo vegetal de palma, flocos de trigo (5%), arroz extrudido (farinha de arroz, a\u00e7ucar, gl\u00faten de trigo, farinha maltada de trigo e cevada, sal, cevada maltada, emulcionante (lecitina de girassol)), coco ralado, xarope de glucose\/frutose,regulador de acidez (bicarbonato de s\u00f3dio), xarope de caramelo, aroma.<\/p>\n<p>Cont\u00e9m gl\u00faten. Pode conter vest\u00edgios de derivados de leite, soja, amendoim, avel\u00e3s e sementes de s\u00e9samo.<\/p>\n<p><strong>Declara\u00e7\u00e3o Nutricional (por 100g):<\/strong><\/p>\n<p>Energia: 1873kj\/ 446kcal; L\u00edpidos: 14,2g; dos quais Saturados: 6,0g; Hidratos de Carbono: 66,8g; dos quais A\u00e7ucares: 25,7g; Fibra: 6,7g; Prote\u00ednas: 9,3g; Sal: 0,38g.<\/p>\n<p>V\u00ea mais produtos em\u00a0<a href=\"https:\/\/www.ateti.pt\/loja\/categoria\/bio-saudavel\/\">Bio &amp; Saud\u00e1vel<\/a><\/p>\n","protected":false},"excerpt":{"rendered":"<p>7.58\u20ac\/kg<\/p>\n","protected":false},"featured_media":78827,"comment_status":"closed","ping_status":"closed","template":"","meta":{"_themeisle_gutenberg_block_has_review":false},"product_brand":[],"product_cat":[207,223],"product_tag":[],"woo-feed-brand":[752],"class_list":{"0":"post-15731","1":"product","2":"type-product","3":"status-publish","4":"has-post-thumbnail","6":"product_cat-bio-saudavel","7":"product_cat-mercearia-saudavel","8":"ts_product_brand-salutem","9":"woo-feed-brand-salutem","11":"first","12":"instock","13":"taxable","14":"shipping-taxable","15":"purchasable","16":"product-type-simple"},"_links":{"self":[{"href":"https:\/\/www.ateti.pt\/loja\/wp-json\/wp\/v2\/product\/15731","targetHints":{"allow":["GET"]}}],"collection":[{"href":"https:\/\/www.ateti.pt\/loja\/wp-json\/wp\/v2\/product"}],"about":[{"href":"https:\/\/www.ateti.pt\/loja\/wp-json\/wp\/v2\/types\/product"}],"replies":[{"embeddable":true,"href":"https:\/\/www.ateti.pt\/loja\/wp-json\/wp\/v2\/comments?post=15731"}],"wp:featuredmedia":[{"embeddable":true,"href":"https:\/\/www.ateti.pt\/loja\/wp-json\/wp\/v2\/media\/78827"}],"wp:attachment":[{"href":"https:\/\/www.ateti.pt\/loja\/wp-json\/wp\/v2\/media?parent=15731"}],"wp:term":[{"taxonomy":"product_brand","embeddable":true,"href":"https:\/\/www.ateti.pt\/loja\/wp-json\/wp\/v2\/product_brand?post=15731"},{"taxonomy":"product_cat","embeddable":true,"href":"https:\/\/www.ateti.pt\/loja\/wp-json\/wp\/v2\/product_cat?post=15731"},{"taxonomy":"product_tag","embeddable":true,"href":"https:\/\/www.ateti.pt\/loja\/wp-json\/wp\/v2\/product_tag?post=15731"},{"taxonomy":"woo-feed-brand","embeddable":true,"href":"https:\/\/www.ateti.pt\/loja\/wp-json\/wp\/v2\/woo-feed-brand?post=15731"}],"curies":[{"name":"wp","href":"https:\/\/api.w.org\/{rel}","templated":true}]}}