{"id":15721,"date":"2025-12-01T11:39:04","date_gmt":"2025-12-01T11:39:04","guid":{"rendered":"https:\/\/www.ateti.pt\/loja\/?post_type=product&#038;p=15721"},"modified":"2026-03-06T11:41:43","modified_gmt":"2026-03-06T11:41:43","slug":"flocos-de-aveia-finos-salutem-375g","status":"publish","type":"product","link":"https:\/\/www.ateti.pt\/loja\/produto\/flocos-de-aveia-finos-salutem-375g\/","title":{"rendered":"Flocos de Aveia Finos 375g Salutem (30-04-2026)"},"content":{"rendered":"<p><strong>Flocos de Aveia Finos Salutem<\/strong><\/p>\n<p><strong>Quantidade:<\/strong> 375g<\/p>\n<p><strong>Ingredientes<\/strong>: 100% Flocos de aveia integral.<\/p>\n<p><strong>Declara\u00e7\u00e3o nutricional (por 100g):<\/strong><\/p>\n<p>Energia: 1543kj\/367kcal; L\u00edpidos:8.4g, dos quais saturados: 1,3g; Hidratos de carbono:56.1g, dos quais a\u00e7\u00facares: 1.0g; Fibra: 9.1g; Prote\u00ednas: 12.1g; Sal: 0.01g;<\/p>\n<p>Beta-glucanos: 4.4g.<\/p>\n<p>Cont\u00e9m gl\u00faten. Pode conter vest\u00edgios de soja, frutos de casca rija e s\u00e9samo.<\/p>\n<p>V\u00ea mais produtos em\u00a0<a href=\"https:\/\/www.ateti.pt\/loja\/categoria\/bio-saudavel\/\">Bio &amp; Saud\u00e1vel<\/a><\/p>\n","protected":false},"excerpt":{"rendered":"<p>2.91\u20ac\/kg<\/p>\n","protected":false},"featured_media":66444,"comment_status":"closed","ping_status":"closed","template":"","meta":{"_themeisle_gutenberg_block_has_review":false},"product_brand":[],"product_cat":[207,223,265],"product_tag":[],"woo-feed-brand":[],"class_list":{"0":"post-15721","1":"product","2":"type-product","3":"status-publish","4":"has-post-thumbnail","6":"product_cat-bio-saudavel","7":"product_cat-mercearia-saudavel","8":"product_cat-promocoes-outlet-ate-50-desconto-supermercado-online-ate-ti","9":"ts_product_brand-salutem","11":"first","12":"outofstock","13":"sale","14":"taxable","15":"shipping-taxable","16":"purchasable","17":"product-type-simple"},"_links":{"self":[{"href":"https:\/\/www.ateti.pt\/loja\/wp-json\/wp\/v2\/product\/15721","targetHints":{"allow":["GET"]}}],"collection":[{"href":"https:\/\/www.ateti.pt\/loja\/wp-json\/wp\/v2\/product"}],"about":[{"href":"https:\/\/www.ateti.pt\/loja\/wp-json\/wp\/v2\/types\/product"}],"replies":[{"embeddable":true,"href":"https:\/\/www.ateti.pt\/loja\/wp-json\/wp\/v2\/comments?post=15721"}],"wp:featuredmedia":[{"embeddable":true,"href":"https:\/\/www.ateti.pt\/loja\/wp-json\/wp\/v2\/media\/66444"}],"wp:attachment":[{"href":"https:\/\/www.ateti.pt\/loja\/wp-json\/wp\/v2\/media?parent=15721"}],"wp:term":[{"taxonomy":"product_brand","embeddable":true,"href":"https:\/\/www.ateti.pt\/loja\/wp-json\/wp\/v2\/product_brand?post=15721"},{"taxonomy":"product_cat","embeddable":true,"href":"https:\/\/www.ateti.pt\/loja\/wp-json\/wp\/v2\/product_cat?post=15721"},{"taxonomy":"product_tag","embeddable":true,"href":"https:\/\/www.ateti.pt\/loja\/wp-json\/wp\/v2\/product_tag?post=15721"},{"taxonomy":"woo-feed-brand","embeddable":true,"href":"https:\/\/www.ateti.pt\/loja\/wp-json\/wp\/v2\/woo-feed-brand?post=15721"}],"curies":[{"name":"wp","href":"https:\/\/api.w.org\/{rel}","templated":true}]}}