{"id":15553,"date":"2020-04-30T09:29:50","date_gmt":"2020-04-30T08:29:50","guid":{"rendered":"https:\/\/www.ateti.pt\/loja\/?post_type=product&#038;p=15553"},"modified":"2026-03-10T16:06:26","modified_gmt":"2026-03-10T16:06:26","slug":"espuma-de-barbear-protectcare-200ml-nivea","status":"publish","type":"product","link":"https:\/\/www.ateti.pt\/loja\/produto\/espuma-de-barbear-protectcare-200ml-nivea\/","title":{"rendered":"Espuma de Barbear Protect &amp; Care 200ml Nivea"},"content":{"rendered":"<p><strong>Espuma de Barbear Nivea<\/strong><\/p>\n<p>Quantidade: 200mL<\/p>\n<p><strong>Ingredientes:<\/strong><\/p>\n<p>Aqua, Isobutane, Triethanolamine, Laureth-23, Palmitic Acid, Stearic Acid, Glycerin, Panthenol, Aloe Barbadensis Leaf Juice Powder, Propylene Glycol, Sorbitol, Coco-Caprylate\/Caprate, Hydroxypropyl Methylcellulose, PEG-7M, Myristic Acid, Arachidic Acid, Oleic Acid, Potassium Hydroxide, Butane, Propane, Silica, BHT, Piroctone Olamine, Limonene, Linalool.<\/p>\n<p><strong>Ingredientes Especiais:\u00a0<\/strong><\/p>\n<ul>\n<li>Aloe Vera<\/li>\n<li>Provitamina B5<\/li>\n<\/ul>\n<p><strong>Benef\u00edcios:<\/strong><\/p>\n<ul>\n<li>Barreira protetora da pele<\/li>\n<li>Suaviza os pelos da barba, para um deslizar eficaz da l\u00e2mina e um barbear confort\u00e1vel.<\/li>\n<li>\u00a0Defende a pele contra pequenos cortes.<\/li>\n<li>F\u00f3rmula com Aloe Vera e Pr\u00f3-Vitamina B5.<\/li>\n<\/ul>\n<p class=\"nx-product-information__description\"><strong>Espuma de Barbear Nivea<\/strong> um barbear frequente pode ser um desafio para a tua pele. A f\u00f3rmula com Aloe Vera e Pr\u00f3-Vitamina B5 cuida da tua pele e protege-a da desidrata\u00e7\u00e3o, permitindo um barbear eficaz e protegido. Suaviza os pelos da barba, para um deslisar eficaz da l\u00e2mina e um barbear confort\u00e1vel, defendendo a pele contra pequenos cortes: NIVEA MEN Espuma de Barbear Protect &amp; Care, 200 ml.<\/p>\n<p><strong>Espuma de Barbear Protect &amp; Care 200ml Nivea\u00a0<\/strong>\u00e9 ideal para todos os tipos de pele.<\/p>\n<p class=\"nx-u-section__headline nx-font-heading-3 nx-u-mb-base-2 nx-u-txt--left nx-expand-section__headline\"><strong>Como Aplicar:<\/strong><\/p>\n<div id=\"tns2-ow\" class=\"tns-outer\">\n<div id=\"tns2-mw\" class=\"tns-ovh tns-ah\">\n<div id=\"tns2-iw\" class=\"tns-inner\">\n<div id=\"tns2\" class=\"nx-slider  tns-slider tns-carousel tns-subpixel tns-calc tns-horizontal\" data-module=\"SliderPagination\" data-no-lazy-load=\"\" data-options=\"{&quot;autoHeight&quot;: true,&quot;responsive&quot;:{&quot;136&quot;:{&quot;items&quot;:1.25,&quot;gutter&quot;:8,&quot;slideBy&quot;: 1},&quot;768&quot;:{&quot;items&quot;:2,&quot;gutter&quot;:16},&quot;1024&quot;:{&quot;items&quot;:3,&quot;gutter&quot;:16},&quot;1280&quot;:{&quot;gutter&quot;:16}}}\" data-module-initialized=\"true\">\n<div id=\"tns2-item0\" class=\"nx-how-to nx-how-to-list__item nx-u-image nx-u-pt-base-4 tns-item tns-slide-active tns-item--prev\" data-test=\"howToText\">\n<p><strong>1- APLICAR:\u00a0<\/strong> Agitar bem antes de utilizar, manter a lata direita, aplicar e massajar diretamente no rosto humedecido com \u00e1gua morna.<\/p>\n<p><strong>2-BARBEAR: <\/strong>Passe com a l\u00e2mina em movimentos suaves.<\/p>\n<\/div>\n<div id=\"tns2-item2\" class=\"nx-how-to nx-how-to-list__item nx-u-image nx-u-pt-base-4 tns-item tns-slide-active tns-item--prev\" data-test=\"howToText\">\n<p class=\"nx-how-to__heading nx-u-mt-base-1 nx-u-mb-base-1\"><strong>3-RETIRAR: <\/strong>Passe o rosto por \u00e1gua fria e seque a pele.<\/p>\n<\/div>\n<div id=\"tns2-item3\" class=\"nx-how-to nx-how-to-list__item nx-u-image nx-u-pt-base-4 tns-item tns-slide-active tns-item--prev\" data-test=\"howToText\">\n<p class=\"nx-how-to__heading nx-u-mt-base-1 nx-u-mb-base-1\"><strong>4-CUIDAR: <\/strong>Aplique um After Shave Protect&amp;Care para acalmar e regenerar a pele.<\/p>\n<\/div>\n<\/div>\n<\/div>\n<\/div>\n<\/div>\n<h4 class=\"nx-warning-text__headline\">Precau\u00e7\u00f5es:<\/h4>\n<p class=\"nx-warning-text__description\">Recipiente sob press\u00e3o: risco de explos\u00e3o sob a a\u00e7\u00e3o do calor. Manter afastado do calor, superf\u00edcies quentes, fa\u00edsca, chama aberta e outras fontes de igni\u00e7\u00e3o. N\u00e3o fumar. N\u00e3o furar nem queimar, mesmo ap\u00f3s utiliza\u00e7\u00e3o. Manter ao abrigo da luz solar. N\u00e3o expor a temperaturas superiores a 50\u00baC. Manter fora do alcance das crian\u00e7as. Cont\u00e9m 4% em massa de componentes inflam\u00e1veis.<\/p>\n<p>Veja mais em <a href=\"https:\/\/www.ateti.pt\/loja\/categoria\/higiene-e-limpeza\/higiene\/higiene-masculina\/\">Higiene Masculina<\/a><\/p>\n<p>&nbsp;<\/p>\n","protected":false},"excerpt":{"rendered":"<p>25.95\u20ac\/L<\/p>\n","protected":false},"featured_media":60711,"comment_status":"closed","ping_status":"closed","template":"","meta":{"_themeisle_gutenberg_block_has_review":false},"product_brand":[],"product_cat":[203,190,231],"product_tag":[],"woo-feed-brand":[],"class_list":{"0":"post-15553","1":"product","2":"type-product","3":"status-publish","4":"has-post-thumbnail","6":"product_cat-beleza-e-higiene","7":"product_cat-desinfetantes-e-limpeza","8":"product_cat-higiene-masculina","9":"ts_product_brand-nivea","11":"first","12":"instock","13":"taxable","14":"shipping-taxable","15":"purchasable","16":"product-type-simple"},"_links":{"self":[{"href":"https:\/\/www.ateti.pt\/loja\/wp-json\/wp\/v2\/product\/15553","targetHints":{"allow":["GET"]}}],"collection":[{"href":"https:\/\/www.ateti.pt\/loja\/wp-json\/wp\/v2\/product"}],"about":[{"href":"https:\/\/www.ateti.pt\/loja\/wp-json\/wp\/v2\/types\/product"}],"replies":[{"embeddable":true,"href":"https:\/\/www.ateti.pt\/loja\/wp-json\/wp\/v2\/comments?post=15553"}],"wp:featuredmedia":[{"embeddable":true,"href":"https:\/\/www.ateti.pt\/loja\/wp-json\/wp\/v2\/media\/60711"}],"wp:attachment":[{"href":"https:\/\/www.ateti.pt\/loja\/wp-json\/wp\/v2\/media?parent=15553"}],"wp:term":[{"taxonomy":"product_brand","embeddable":true,"href":"https:\/\/www.ateti.pt\/loja\/wp-json\/wp\/v2\/product_brand?post=15553"},{"taxonomy":"product_cat","embeddable":true,"href":"https:\/\/www.ateti.pt\/loja\/wp-json\/wp\/v2\/product_cat?post=15553"},{"taxonomy":"product_tag","embeddable":true,"href":"https:\/\/www.ateti.pt\/loja\/wp-json\/wp\/v2\/product_tag?post=15553"},{"taxonomy":"woo-feed-brand","embeddable":true,"href":"https:\/\/www.ateti.pt\/loja\/wp-json\/wp\/v2\/woo-feed-brand?post=15553"}],"curies":[{"name":"wp","href":"https:\/\/api.w.org\/{rel}","templated":true}]}}

<p><strong>Espuma de Barbear Nivea</strong></p>
<p>Quantidade: 200mL</p>
<p><strong>Ingredientes:</strong></p>
<p>Aqua, Isobutane, Triethanolamine, Laureth-23, Palmitic Acid, Stearic Acid, Glycerin, Panthenol, Aloe Barbadensis Leaf Juice Powder, Propylene Glycol, Sorbitol, Coco-Caprylate/Caprate, Hydroxypropyl Methylcellulose, PEG-7M, Myristic Acid, Arachidic Acid, Oleic Acid, Potassium Hydroxide, Butane, Propane, Silica, BHT, Piroctone Olamine, Limonene, Linalool.</p>
<p><strong>Ingredientes Especiais: </strong></p>
<ul>
<li>Aloe Vera</li>
<li>Provitamina B5</li>
</ul>
<p><strong>Benefícios:</strong></p>
<ul>
<li>Barreira protetora da pele</li>
<li>Suaviza os pelos da barba, para um deslizar eficaz da lâmina e um barbear confortável.</li>
<li> Defende a pele contra pequenos cortes.</li>
<li>Fórmula com Aloe Vera e Pró-Vitamina B5.</li>
</ul>
<p class="nx-product-information__description"><strong>Espuma de Barbear Nivea</strong> um barbear frequente pode ser um desafio para a tua pele. A fórmula com Aloe Vera e Pró-Vitamina B5 cuida da tua pele e protege-a da desidratação, permitindo um barbear eficaz e protegido. Suaviza os pelos da barba, para um deslisar eficaz da lâmina e um barbear confortável, defendendo a pele contra pequenos cortes: NIVEA MEN Espuma de Barbear Protect &amp; Care, 200 ml.</p>
<p><strong>Espuma de Barbear Protect &amp; Care 200ml Nivea </strong>é ideal para todos os tipos de pele.</p>
<p class="nx-u-section__headline nx-font-heading-3 nx-u-mb-base-2 nx-u-txt--left nx-expand-section__headline"><strong>Como Aplicar:</strong></p>
<div id="tns2-ow" class="tns-outer">
<div id="tns2-mw" class="tns-ovh tns-ah">
<div id="tns2-iw" class="tns-inner">
<div id="tns2" class="nx-slider  tns-slider tns-carousel tns-subpixel tns-calc tns-horizontal" data-module="SliderPagination" data-no-lazy-load="" data-options="{&quot;autoHeight&quot;: true,&quot;responsive&quot;:{&quot;136&quot;:{&quot;items&quot;:1.25,&quot;gutter&quot;:8,&quot;slideBy&quot;: 1},&quot;768&quot;:{&quot;items&quot;:2,&quot;gutter&quot;:16},&quot;1024&quot;:{&quot;items&quot;:3,&quot;gutter&quot;:16},&quot;1280&quot;:{&quot;gutter&quot;:16}}}" data-module-initialized="true">
<div id="tns2-item0" class="nx-how-to nx-how-to-list__item nx-u-image nx-u-pt-base-4 tns-item tns-slide-active tns-item--prev" data-test="howToText">
<p><strong>1- APLICAR: </strong> Agitar bem antes de utilizar, manter a lata direita, aplicar e massajar diretamente no rosto humedecido com água morna.</p>
<p><strong>2-BARBEAR: </strong>Passe com a lâmina em movimentos suaves.</p>
</div>
<div id="tns2-item2" class="nx-how-to nx-how-to-list__item nx-u-image nx-u-pt-base-4 tns-item tns-slide-active tns-item--prev" data-test="howToText">
<p class="nx-how-to__heading nx-u-mt-base-1 nx-u-mb-base-1"><strong>3-RETIRAR: </strong>Passe o rosto por água fria e seque a pele.</p>
</div>
<div id="tns2-item3" class="nx-how-to nx-how-to-list__item nx-u-image nx-u-pt-base-4 tns-item tns-slide-active tns-item--prev" data-test="howToText">
<p class="nx-how-to__heading nx-u-mt-base-1 nx-u-mb-base-1"><strong>4-CUIDAR: </strong>Aplique um After Shave Protect&amp;Care para acalmar e regenerar a pele.</p>
</div>
</div>
</div>
</div>
</div>
<h4 class="nx-warning-text__headline">Precauções:</h4>
<p class="nx-warning-text__description">Recipiente sob pressão: risco de explosão sob a ação do calor. Manter afastado do calor, superfícies quentes, faísca, chama aberta e outras fontes de ignição. Não fumar. Não furar nem queimar, mesmo após utilização. Manter ao abrigo da luz solar. Não expor a temperaturas superiores a 50ºC. Manter fora do alcance das crianças. Contém 4% em massa de componentes inflamáveis.</p>
<p>Veja mais em <a href="https://www.ateti.pt/loja/categoria/higiene-e-limpeza/higiene/higiene-masculina/">Higiene Masculina</a></p>
<p>&nbsp;</p>
