{"id":15518,"date":"2020-04-29T16:43:37","date_gmt":"2020-04-29T15:43:37","guid":{"rendered":"https:\/\/www.ateti.pt\/loja\/?post_type=product&#038;p=15518"},"modified":"2026-03-17T17:45:01","modified_gmt":"2026-03-17T17:45:01","slug":"chocolate-em-po-125gr-pantagruel","status":"publish","type":"product","link":"https:\/\/www.ateti.pt\/loja\/produto\/chocolate-em-po-125gr-pantagruel\/","title":{"rendered":"Chocolate em P\u00f3 125g Pantagruel"},"content":{"rendered":"<p><strong>Chocolate em P\u00f3 Pantagruel<\/strong><\/p>\n<p>Quantidade: 125g<\/p>\n<p>Sugest\u00e3o de receita<\/p>\n<p>Salame de chocolate<\/p>\n<p><strong>Ingredientes:<\/strong><\/p>\n<ul>\n<li>125g de chocolate em p\u00f3 Pantagruel<\/li>\n<li>100g bolacha tipo Maria<\/li>\n<li>100g am\u00eandoas<\/li>\n<li>100g \u00f3leo de coco<\/li>\n<li>75g a\u00e7\u00facar<\/li>\n<li>1 ovo<\/li>\n<li>+ 1 colher de sopa de chocolate em p\u00f3 (para polvilhar)<\/li>\n<\/ul>\n<p><strong>Prepara\u00e7\u00e3o:<br \/>\n<\/strong><\/p>\n<ol>\n<li>Esmagar as bolachas grosseiramente e com uma faca picar as am\u00eandoas.<\/li>\n<li>Derreter o \u00f3leo de coco no microondas ou em banho-maria.<\/li>\n<li>Numa ta\u00e7a misturar o \u00f3leo de coco derretido com o a\u00e7\u00facar e chocolate em p\u00f3. Adicionar o ovo batido e mexer bem. Por fim envolver as bolachas e am\u00eandoas em peda\u00e7os.<\/li>\n<li>Enrolar a mistura em papel vegetal, formando um rolo e deixar no frigor\u00edfico durante a noite.<\/li>\n<li>Antes de servir, polvilhar com chocolate em p\u00f3.<\/li>\n<\/ol>\n<p>Bom apetite!<\/p>\n<p>Veja mais em <a href=\"https:\/\/www.ateti.pt\/loja\/categoria\/mercearia\/chocolates-biscoitos-e-cereais\/chocolates\/\">Chocolates e Doces<\/a><\/p>\n","protected":false},"excerpt":{"rendered":"<p>23.92\u20ac\/Kg<\/p>\n","protected":false},"featured_media":57207,"comment_status":"closed","ping_status":"closed","template":"","meta":{"_themeisle_gutenberg_block_has_review":false},"product_brand":[],"product_cat":[25,144,132],"product_tag":[],"woo-feed-brand":[],"class_list":{"0":"post-15518","1":"product","2":"type-product","3":"status-publish","4":"has-post-thumbnail","6":"product_cat-chocolates","7":"product_cat-chocolates-biscoitos-e-cereais","8":"product_cat-mercearia","9":"ts_product_brand-pantagruel","11":"first","12":"instock","13":"taxable","14":"shipping-taxable","15":"purchasable","16":"product-type-simple"},"_links":{"self":[{"href":"https:\/\/www.ateti.pt\/loja\/wp-json\/wp\/v2\/product\/15518","targetHints":{"allow":["GET"]}}],"collection":[{"href":"https:\/\/www.ateti.pt\/loja\/wp-json\/wp\/v2\/product"}],"about":[{"href":"https:\/\/www.ateti.pt\/loja\/wp-json\/wp\/v2\/types\/product"}],"replies":[{"embeddable":true,"href":"https:\/\/www.ateti.pt\/loja\/wp-json\/wp\/v2\/comments?post=15518"}],"wp:featuredmedia":[{"embeddable":true,"href":"https:\/\/www.ateti.pt\/loja\/wp-json\/wp\/v2\/media\/57207"}],"wp:attachment":[{"href":"https:\/\/www.ateti.pt\/loja\/wp-json\/wp\/v2\/media?parent=15518"}],"wp:term":[{"taxonomy":"product_brand","embeddable":true,"href":"https:\/\/www.ateti.pt\/loja\/wp-json\/wp\/v2\/product_brand?post=15518"},{"taxonomy":"product_cat","embeddable":true,"href":"https:\/\/www.ateti.pt\/loja\/wp-json\/wp\/v2\/product_cat?post=15518"},{"taxonomy":"product_tag","embeddable":true,"href":"https:\/\/www.ateti.pt\/loja\/wp-json\/wp\/v2\/product_tag?post=15518"},{"taxonomy":"woo-feed-brand","embeddable":true,"href":"https:\/\/www.ateti.pt\/loja\/wp-json\/wp\/v2\/woo-feed-brand?post=15518"}],"curies":[{"name":"wp","href":"https:\/\/api.w.org\/{rel}","templated":true}]}}