{"id":15456,"date":"2020-04-29T15:41:51","date_gmt":"2020-04-29T14:41:51","guid":{"rendered":"https:\/\/www.ateti.pt\/loja\/?post_type=product&#038;p=15456"},"modified":"2025-12-31T22:29:03","modified_gmt":"2025-12-31T22:29:03","slug":"canela-moida-14gr-margao","status":"publish","type":"product","link":"https:\/\/www.ateti.pt\/loja\/produto\/canela-moida-14gr-margao\/","title":{"rendered":"Canela Mo\u00edda Marg\u00e3o 14g"},"content":{"rendered":"<p><strong>Canela Mo\u00edda Marg\u00e3o 14g<\/strong><\/p>\n<p>Quantidade: 14g<\/p>\n<p>Sabia que&#8230;<\/p>\n<p>Origin\u00e1ria do sudeste asi\u00e1tico, a canela \u00e9 a casca interna das \u00e1rvores de canela, da fam\u00edlia Lauraceae.<\/p>\n<p>A canela \u00e9 colhida no in\u00edcio da esta\u00e7\u00e3o chuvosa pois \u00e9 neste momento que a casca da \u00e1rvore se enche de seiva e \u00e9 mais facilmente cortada. As incis\u00f5es s\u00e3o ent\u00e3o feitas na parte inferior dos troncos e galhos. A casca \u00e9 cortada em tiras grandes e, em seguida, com a ajuda de uma faca, \u00e9 separada da \u00e1rvore. A casca \u00e9 raspada de modo a reter apenas a casca interna. Os peda\u00e7os de casca interior obtidos s\u00e3o ent\u00e3o mo\u00eddos para secar para obter canela mo\u00edda com um sabor doce e sutil.<\/p>\n<p>Canela Mo\u00edda ideal para massas de bolos, past\u00e9is de nata e arroz-doce.<\/p>\n<p>Conservar ao abrigo da luz, do calor e da humidade. Depois de aberta, consumir de prefer\u00eancia no prazo de 6 meses.<\/p>\n<p>Sugest\u00e3o de receita<\/p>\n<h5>Biscoitos de Lim\u00e3o<\/h5>\n<p><strong>Ingredientes:<\/strong><\/p>\n<ul class=\"recipe-about-list\">\n<li>100 gramas manteiga amolecida<\/li>\n<li>100 gramas a\u00e7\u00facar<\/li>\n<li>1 ovo<\/li>\n<li>225 gramas de farinha<\/li>\n<li>1 colher de fermento Qu\u00edmico Vahin\u00e9<\/li>\n<li>1 colher de ch\u00e1\u00a0Canela Mo\u00edda<\/li>\n<li>Sumo de 1 lim\u00e3o<\/li>\n<li>100 gramas de a\u00e7\u00facar de confeiteiro<\/li>\n<\/ul>\n<p><strong>Prepara\u00e7\u00e3o:<\/strong><\/p>\n<ul>\n<li class=\"row step\">\n<div class=\"col-xs-12 col-md-12 step-content\">\n<p>Pr\u00e9-aque\u00e7a o forno a 180\u00b0, unte 3 folhas de papel vegetal com margarina.<\/p>\n<\/div>\n<\/li>\n<li class=\"row step\">\n<div class=\"col-xs-12 col-md-12 step-content\">\n<p>Bata a manteiga e o a\u00e7\u00facar e depois adicione os restantes ingredientes at\u00e9 formarem uma massa homog\u00e9nea. Reserve durante 15 minutos.<\/p>\n<\/div>\n<\/li>\n<li class=\"row step\">\n<div class=\"col-xs-12 col-md-12 step-content\">\n<p>Retire a massa e coloque numa superf\u00edcie lisa e com farinha e corte com cortadores de natal.<\/p>\n<\/div>\n<\/li>\n<li class=\"row step\">\n<div class=\"col-xs-12 col-md-12 step-content\">\n<p>Coloque a massa nas folhas untadas e leve ao forno durante 15 a 20 minutos.<\/p>\n<\/div>\n<\/li>\n<\/ul>\n<div class=\"col-xs-12 col-md-12 step-content\">\n<ul>\n<li>Deixe arrefecer. Junte o a\u00e7\u00facar de confeiteiro com um pouco de \u00e1gua e decore os biscoitos.<\/li>\n<\/ul>\n<\/div>\n<p>Bom apetite!<\/p>\n<p>Veja mais em <a href=\"https:\/\/www.ateti.pt\/loja\/categoria\/mercearia\/temperos-e-molhos\/\">Temperos e Molhos<\/a><\/p>\n","protected":false},"excerpt":{"rendered":"<p>99.29\u20ac\/KG<\/p>\n","protected":false},"featured_media":54824,"comment_status":"closed","ping_status":"closed","template":"","meta":{"_themeisle_gutenberg_block_has_review":false},"product_brand":[],"product_cat":[132,174],"product_tag":[],"woo-feed-brand":[],"class_list":{"0":"post-15456","1":"product","2":"type-product","3":"status-publish","4":"has-post-thumbnail","6":"product_cat-mercearia","7":"product_cat-temperos-e-molhos","8":"ts_product_brand-margao","10":"first","11":"instock","12":"taxable","13":"shipping-taxable","14":"purchasable","15":"product-type-simple"},"_links":{"self":[{"href":"https:\/\/www.ateti.pt\/loja\/wp-json\/wp\/v2\/product\/15456","targetHints":{"allow":["GET"]}}],"collection":[{"href":"https:\/\/www.ateti.pt\/loja\/wp-json\/wp\/v2\/product"}],"about":[{"href":"https:\/\/www.ateti.pt\/loja\/wp-json\/wp\/v2\/types\/product"}],"replies":[{"embeddable":true,"href":"https:\/\/www.ateti.pt\/loja\/wp-json\/wp\/v2\/comments?post=15456"}],"wp:featuredmedia":[{"embeddable":true,"href":"https:\/\/www.ateti.pt\/loja\/wp-json\/wp\/v2\/media\/54824"}],"wp:attachment":[{"href":"https:\/\/www.ateti.pt\/loja\/wp-json\/wp\/v2\/media?parent=15456"}],"wp:term":[{"taxonomy":"product_brand","embeddable":true,"href":"https:\/\/www.ateti.pt\/loja\/wp-json\/wp\/v2\/product_brand?post=15456"},{"taxonomy":"product_cat","embeddable":true,"href":"https:\/\/www.ateti.pt\/loja\/wp-json\/wp\/v2\/product_cat?post=15456"},{"taxonomy":"product_tag","embeddable":true,"href":"https:\/\/www.ateti.pt\/loja\/wp-json\/wp\/v2\/product_tag?post=15456"},{"taxonomy":"woo-feed-brand","embeddable":true,"href":"https:\/\/www.ateti.pt\/loja\/wp-json\/wp\/v2\/woo-feed-brand?post=15456"}],"curies":[{"name":"wp","href":"https:\/\/api.w.org\/{rel}","templated":true}]}}

Canela Moída Margão 14g

<p><strong>Canela Moída Margão 14g</strong></p>
<p>Quantidade: 14g</p>
<p>Sabia que&#8230;</p>
<p>Originária do sudeste asiático, a canela é a casca interna das árvores de canela, da família Lauraceae.</p>
<p>A canela é colhida no início da estação chuvosa pois é neste momento que a casca da árvore se enche de seiva e é mais facilmente cortada. As incisões são então feitas na parte inferior dos troncos e galhos. A casca é cortada em tiras grandes e, em seguida, com a ajuda de uma faca, é separada da árvore. A casca é raspada de modo a reter apenas a casca interna. Os pedaços de casca interior obtidos são então moídos para secar para obter canela moída com um sabor doce e sutil.</p>
<p>Canela Moída ideal para massas de bolos, pastéis de nata e arroz-doce.</p>
<p>Conservar ao abrigo da luz, do calor e da humidade. Depois de aberta, consumir de preferência no prazo de 6 meses.</p>
<p>Sugestão de receita</p>
<h5>Biscoitos de Limão</h5>
<p><strong>Ingredientes:</strong></p>
<ul class="recipe-about-list">
<li>100 gramas manteiga amolecida</li>
<li>100 gramas açúcar</li>
<li>1 ovo</li>
<li>225 gramas de farinha</li>
<li>1 colher de fermento Químico Vahiné</li>
<li>1 colher de chá Canela Moída</li>
<li>Sumo de 1 limão</li>
<li>100 gramas de açúcar de confeiteiro</li>
</ul>
<p><strong>Preparação:</strong></p>
<ul>
<li class="row step">
<div class="col-xs-12 col-md-12 step-content">
<p>Pré-aqueça o forno a 180°, unte 3 folhas de papel vegetal com margarina.</p>
</div>
</li>
<li class="row step">
<div class="col-xs-12 col-md-12 step-content">
<p>Bata a manteiga e o açúcar e depois adicione os restantes ingredientes até formarem uma massa homogénea. Reserve durante 15 minutos.</p>
</div>
</li>
<li class="row step">
<div class="col-xs-12 col-md-12 step-content">
<p>Retire a massa e coloque numa superfície lisa e com farinha e corte com cortadores de natal.</p>
</div>
</li>
<li class="row step">
<div class="col-xs-12 col-md-12 step-content">
<p>Coloque a massa nas folhas untadas e leve ao forno durante 15 a 20 minutos.</p>
</div>
</li>
</ul>
<div class="col-xs-12 col-md-12 step-content">
<ul>
<li>Deixe arrefecer. Junte o açúcar de confeiteiro com um pouco de água e decore os biscoitos.</li>
</ul>
</div>
<p>Bom apetite!</p>
<p>Veja mais em <a href="https://www.ateti.pt/loja/categoria/mercearia/temperos-e-molhos/">Temperos e Molhos</a></p>
