{"id":15438,"date":"2020-04-29T15:27:10","date_gmt":"2020-04-29T14:27:10","guid":{"rendered":"https:\/\/www.ateti.pt\/loja\/?post_type=product&#038;p=15438"},"modified":"2024-02-09T16:11:16","modified_gmt":"2024-02-09T16:11:16","slug":"bloco-wc-lavanda-sonasol","status":"publish","type":"product","link":"https:\/\/www.ateti.pt\/loja\/produto\/bloco-wc-lavanda-sonasol\/","title":{"rendered":"Bloco WC Lavanda Sonasol"},"content":{"rendered":"<h5>Bloco WC Lavanda Sonasol<\/h5>\n<p>Quantidade: 1un.<\/p>\n<p>Sonasol WC, o especialista em limpeza da sua casa de banho, oferece v\u00e1rias solu\u00e7\u00f5es para tornar a sua vida mais f\u00e1cil quando se trata de limpeza e frescura!<\/p>\n<p>Desde o primeiro lan\u00e7amento que Sonasol WC nunca parou de inovar e construir novos padr\u00f5es de limpeza na sua casa de banho.<\/p>\n<p>Com Bloco WC Lavanda Sonasol, existe uma maneira mais f\u00e1cil para conseguir uma sanita limpa e fresca!<\/p>\n<p>Veja mais em <a href=\"https:\/\/www.ateti.pt\/loja\/categoria\/higiene-e-limpeza\/limpeza\/casa-de-banho\/\">Casa de Banho<\/a><\/p>\n","protected":false},"excerpt":{"rendered":"<p>2.19\u20ac\/UNID<\/p>\n","protected":false},"featured_media":58151,"comment_status":"closed","ping_status":"closed","template":"","meta":{"_themeisle_gutenberg_block_has_review":false},"product_brand":[],"product_cat":[210,190,204],"product_tag":[],"woo-feed-brand":[],"class_list":{"0":"post-15438","1":"product","2":"type-product","3":"status-publish","4":"has-post-thumbnail","6":"product_cat-casa-de-banho","7":"product_cat-desinfetantes-e-limpeza","8":"product_cat-limpeza","9":"ts_product_brand-sonasol","11":"first","12":"instock","13":"taxable","14":"shipping-taxable","15":"purchasable","16":"product-type-simple"},"_links":{"self":[{"href":"https:\/\/www.ateti.pt\/loja\/wp-json\/wp\/v2\/product\/15438","targetHints":{"allow":["GET"]}}],"collection":[{"href":"https:\/\/www.ateti.pt\/loja\/wp-json\/wp\/v2\/product"}],"about":[{"href":"https:\/\/www.ateti.pt\/loja\/wp-json\/wp\/v2\/types\/product"}],"replies":[{"embeddable":true,"href":"https:\/\/www.ateti.pt\/loja\/wp-json\/wp\/v2\/comments?post=15438"}],"wp:featuredmedia":[{"embeddable":true,"href":"https:\/\/www.ateti.pt\/loja\/wp-json\/wp\/v2\/media\/58151"}],"wp:attachment":[{"href":"https:\/\/www.ateti.pt\/loja\/wp-json\/wp\/v2\/media?parent=15438"}],"wp:term":[{"taxonomy":"product_brand","embeddable":true,"href":"https:\/\/www.ateti.pt\/loja\/wp-json\/wp\/v2\/product_brand?post=15438"},{"taxonomy":"product_cat","embeddable":true,"href":"https:\/\/www.ateti.pt\/loja\/wp-json\/wp\/v2\/product_cat?post=15438"},{"taxonomy":"product_tag","embeddable":true,"href":"https:\/\/www.ateti.pt\/loja\/wp-json\/wp\/v2\/product_tag?post=15438"},{"taxonomy":"woo-feed-brand","embeddable":true,"href":"https:\/\/www.ateti.pt\/loja\/wp-json\/wp\/v2\/woo-feed-brand?post=15438"}],"curies":[{"name":"wp","href":"https:\/\/api.w.org\/{rel}","templated":true}]}}