{"id":15345,"date":"2020-04-29T11:48:49","date_gmt":"2020-04-29T10:48:49","guid":{"rendered":"https:\/\/www.ateti.pt\/loja\/?post_type=product&#038;p=15345"},"modified":"2025-03-25T10:02:39","modified_gmt":"2025-03-25T10:02:39","slug":"cereais-golden-graham-mel-nestle-375-gr","status":"publish","type":"product","link":"https:\/\/www.ateti.pt\/loja\/produto\/cereais-golden-graham-mel-nestle-375-gr\/","title":{"rendered":"Cereais Golden Grahams Nestl\u00e9 375g"},"content":{"rendered":"<h5>Cereais Golden Grahams Nestl\u00e9<\/h5>\n<h5>Descri\u00e7\u00e3o:<\/h5>\n<p>Os Cereais Golden Grahams Nestl\u00e9, s\u00e3o deliciosos cereais de pequeno-almo\u00e7o em forma de quadrados com um sabor a mel verdadeiramente alucinante. Cont\u00eam cereais integrais, Vitaminas (B2, B3, B5, B6,B9) e Minerais (C\u00e1lcio, Ferro).<\/p>\n<p>Golden Grahams d\u00e1-te a energia que precisas para come\u00e7ares o dia em grande!<br \/>\nDe modo a ajudar a definir a por\u00e7\u00e3o ideal de cereais ao pequeno-almo\u00e7o, a Nestl\u00e9 sugere o n\u00famero de colheres de sopa de cereais para uma refei\u00e7\u00e3o equilibrada para crian\u00e7as (7-9 colheres) e para adultos (9-14 colheres). Para al\u00e9m dos cereais, um pequeno-almo\u00e7o ideal dever\u00e1 incluir tamb\u00e9m leite e uma pe\u00e7a de fruta. Deixa-te levar por este sabor alucinante e adota um estilo de vida saud\u00e1vel e uma alimenta\u00e7\u00e3o variada e equilibrada.<\/p>\n<p>Todos os cereais Nestl\u00e9 com a barra verde t\u00eam como principal ingrediente cereais integrais. Os cereais integrais fornecem mais fibra que os cereais refinados. Ao darem uma maior sensa\u00e7\u00e3o de saciedade, contribuem para controlar o apetite e, consequentemente, equilibrar o peso corporal.<\/p>\n<p>Estudos demonstram que quem consome regularmente cereais integrais tende a ter uma alimenta\u00e7\u00e3o mais equilibrada *. A Nestl\u00e9 trabalha continuamente para melhorar as suas receitas, de modo a satisfazer as necessidades dos seus consumidores, promovendo um estilo de vida saud\u00e1vel. Desde 2013, tem sido feita uma redu\u00e7\u00e3o consistente e gradual do n\u00edvel de a\u00e7\u00facar nas receitas de cereais de pequeno-almo\u00e7o infantil.<\/p>\n<h5><b>Alerg\u00e9neos:<\/b><\/h5>\n<p>Golden Grahams pode conter leite, amendoins e frutos secos de casca rija.<br \/>\nH\u00e1 10 anos que os Cereais de pequeno-almo\u00e7o Nestl\u00e9 s\u00e3o considerados Marca de Confian\u00e7a pelos portugueses.<br \/>\nCereais Nestl\u00e9. Tornamos o seu pequeno-almo\u00e7o melhor todos os dias.<\/p>\n<p>Quantidade: 375g<\/p>\n<p>Encontre aqui mais produtos para enriquecer o seu <a href=\"https:\/\/www.ateti.pt\/loja\/categoria\/mercearia\/chocolates-biscoitos-e-cereais\/pequeno-almoco-e-cereais\/\">pequeno-almo\u00e7o<\/a>.<\/p>\n<p><a href=\"https:\/\/www.ateti.pt\/loja\/wp-content\/uploads\/2020\/04\/Cereais_Golden_Grahams_Nestl\u00e9.jpg\"><img loading=\"lazy\" decoding=\"async\" class=\"alignnone wp-image-18192 size-medium\" src=\"https:\/\/www.ateti.pt\/loja\/wp-content\/uploads\/2020\/04\/Cereais_Golden_Grahams_Nestl\u00e9-145x300.jpg\" alt=\"Cereais_Golden_Grahams_Nestl\u00e9\" width=\"145\" height=\"300\" \/><\/a><\/p>\n<p>&nbsp;<\/p>\n<p>&nbsp;<\/p>\n","protected":false},"excerpt":{"rendered":"<p>11.97\u20ac\/kg<\/p>\n","protected":false},"featured_media":57185,"comment_status":"closed","ping_status":"closed","template":"","meta":{"_themeisle_gutenberg_block_has_review":false},"product_brand":[],"product_cat":[144,132,145],"product_tag":[],"woo-feed-brand":[],"class_list":{"0":"post-15345","1":"product","2":"type-product","3":"status-publish","4":"has-post-thumbnail","6":"product_cat-chocolates-biscoitos-e-cereais","7":"product_cat-mercearia","8":"product_cat-pequeno-almoco-e-cereais","9":"ts_product_brand-nestle","11":"first","12":"instock","13":"taxable","14":"shipping-taxable","15":"purchasable","16":"product-type-simple"},"_links":{"self":[{"href":"https:\/\/www.ateti.pt\/loja\/wp-json\/wp\/v2\/product\/15345","targetHints":{"allow":["GET"]}}],"collection":[{"href":"https:\/\/www.ateti.pt\/loja\/wp-json\/wp\/v2\/product"}],"about":[{"href":"https:\/\/www.ateti.pt\/loja\/wp-json\/wp\/v2\/types\/product"}],"replies":[{"embeddable":true,"href":"https:\/\/www.ateti.pt\/loja\/wp-json\/wp\/v2\/comments?post=15345"}],"wp:featuredmedia":[{"embeddable":true,"href":"https:\/\/www.ateti.pt\/loja\/wp-json\/wp\/v2\/media\/57185"}],"wp:attachment":[{"href":"https:\/\/www.ateti.pt\/loja\/wp-json\/wp\/v2\/media?parent=15345"}],"wp:term":[{"taxonomy":"product_brand","embeddable":true,"href":"https:\/\/www.ateti.pt\/loja\/wp-json\/wp\/v2\/product_brand?post=15345"},{"taxonomy":"product_cat","embeddable":true,"href":"https:\/\/www.ateti.pt\/loja\/wp-json\/wp\/v2\/product_cat?post=15345"},{"taxonomy":"product_tag","embeddable":true,"href":"https:\/\/www.ateti.pt\/loja\/wp-json\/wp\/v2\/product_tag?post=15345"},{"taxonomy":"woo-feed-brand","embeddable":true,"href":"https:\/\/www.ateti.pt\/loja\/wp-json\/wp\/v2\/woo-feed-brand?post=15345"}],"curies":[{"name":"wp","href":"https:\/\/api.w.org\/{rel}","templated":true}]}}

Cereais Golden Grahams Nestlé 375g

<h5>Cereais Golden Grahams Nestlé</h5>
<h5>Descrição:</h5>
<p>Os Cereais Golden Grahams Nestlé, são deliciosos cereais de pequeno-almoço em forma de quadrados com um sabor a mel verdadeiramente alucinante. Contêm cereais integrais, Vitaminas (B2, B3, B5, B6,B9) e Minerais (Cálcio, Ferro).</p>
<p>Golden Grahams dá-te a energia que precisas para começares o dia em grande!<br />
De modo a ajudar a definir a porção ideal de cereais ao pequeno-almoço, a Nestlé sugere o número de colheres de sopa de cereais para uma refeição equilibrada para crianças (7-9 colheres) e para adultos (9-14 colheres). Para além dos cereais, um pequeno-almoço ideal deverá incluir também leite e uma peça de fruta. Deixa-te levar por este sabor alucinante e adota um estilo de vida saudável e uma alimentação variada e equilibrada.</p>
<p>Todos os cereais Nestlé com a barra verde têm como principal ingrediente cereais integrais. Os cereais integrais fornecem mais fibra que os cereais refinados. Ao darem uma maior sensação de saciedade, contribuem para controlar o apetite e, consequentemente, equilibrar o peso corporal.</p>
<p>Estudos demonstram que quem consome regularmente cereais integrais tende a ter uma alimentação mais equilibrada *. A Nestlé trabalha continuamente para melhorar as suas receitas, de modo a satisfazer as necessidades dos seus consumidores, promovendo um estilo de vida saudável. Desde 2013, tem sido feita uma redução consistente e gradual do nível de açúcar nas receitas de cereais de pequeno-almoço infantil.</p>
<h5><b>Alergéneos:</b></h5>
<p>Golden Grahams pode conter leite, amendoins e frutos secos de casca rija.<br />
Há 10 anos que os Cereais de pequeno-almoço Nestlé são considerados Marca de Confiança pelos portugueses.<br />
Cereais Nestlé. Tornamos o seu pequeno-almoço melhor todos os dias.</p>
<p>Quantidade: 375g</p>
<p>Encontre aqui mais produtos para enriquecer o seu <a href="https://www.ateti.pt/loja/categoria/mercearia/chocolates-biscoitos-e-cereais/pequeno-almoco-e-cereais/">pequeno-almoço</a>.</p>
<p><a href="https://www.ateti.pt/loja/wp-content/uploads/2020/04/Cereais_Golden_Grahams_Nestlé.jpg"><img loading="lazy" decoding="async" class="alignnone wp-image-18192 size-medium" src="https://www.ateti.pt/loja/wp-content/uploads/2020/04/Cereais_Golden_Grahams_Nestlé-145x300.jpg" alt="Cereais_Golden_Grahams_Nestlé" width="145" height="300" /></a></p>
<p>&nbsp;</p>
<p>&nbsp;</p>
