{"id":15342,"date":"2020-04-29T11:51:11","date_gmt":"2020-04-29T10:51:11","guid":{"rendered":"https:\/\/www.ateti.pt\/loja\/?post_type=product&#038;p=15342"},"modified":"2025-07-13T18:25:16","modified_gmt":"2025-07-13T17:25:16","slug":"agua-tonica-1lt-schweppes","status":"publish","type":"product","link":"https:\/\/www.ateti.pt\/loja\/produto\/agua-tonica-1lt-schweppes\/","title":{"rendered":"\u00c1gua T\u00f3nica Schweppes 1L"},"content":{"rendered":"<h5>\u00c1gua T\u00f3nica Schweppes<\/h5>\n<p>\u00c1gua T\u00f3nica Schweppes garrafa de 1L ideal para misturar com Gin ou tamb\u00e9m apreciado de forma simples s\u00f3 com gelo.<\/p>\n<p><span class=\"label\">Ingredientes: <\/span><span id=\"ingredientStatement\">\u00e1gua, a\u00e7\u00facar, xarope de glucose e frutose, di\u00f3xido de carbono, acidificante: \u00e1cido c\u00edtrico, aromas naturais, aroma quinino.<\/span><\/p>\n<p>Manter em lugar fresco, seco e ao abrigo da luz solar e de cheiros intensos.<\/p>\n<p>Valores nutricionais: Energia: 36kcal\/ 151kj; Sal:0,03g; L\u00edpidos dos quais \u00e1cidos gordos saturados: 0g; Hidratos de Carbono: 8,5g, dos quais a\u00e7\u00facares 8,4g; Prote\u00ednas:0g.<\/p>\n<p>Quantidade: 1L<\/p>\n<p>Veja mais em <a href=\"https:\/\/www.ateti.pt\/loja\/categoria\/bebidas\/aguas\/\">\u00c1guas<\/a><\/p>\n","protected":false},"excerpt":{"rendered":"<p>1.99\u20ac\/LT<\/p>\n","protected":false},"featured_media":57385,"comment_status":"closed","ping_status":"closed","template":"","meta":{"_themeisle_gutenberg_block_has_review":false},"product_brand":[],"product_cat":[162,158],"product_tag":[],"woo-feed-brand":[],"class_list":{"0":"post-15342","1":"product","2":"type-product","3":"status-publish","4":"has-post-thumbnail","6":"product_cat-aguas","7":"product_cat-bebidas","8":"ts_product_brand-schweppes","10":"first","11":"instock","12":"sale","13":"taxable","14":"shipping-taxable","15":"purchasable","16":"product-type-simple"},"_links":{"self":[{"href":"https:\/\/www.ateti.pt\/loja\/wp-json\/wp\/v2\/product\/15342","targetHints":{"allow":["GET"]}}],"collection":[{"href":"https:\/\/www.ateti.pt\/loja\/wp-json\/wp\/v2\/product"}],"about":[{"href":"https:\/\/www.ateti.pt\/loja\/wp-json\/wp\/v2\/types\/product"}],"replies":[{"embeddable":true,"href":"https:\/\/www.ateti.pt\/loja\/wp-json\/wp\/v2\/comments?post=15342"}],"wp:featuredmedia":[{"embeddable":true,"href":"https:\/\/www.ateti.pt\/loja\/wp-json\/wp\/v2\/media\/57385"}],"wp:attachment":[{"href":"https:\/\/www.ateti.pt\/loja\/wp-json\/wp\/v2\/media?parent=15342"}],"wp:term":[{"taxonomy":"product_brand","embeddable":true,"href":"https:\/\/www.ateti.pt\/loja\/wp-json\/wp\/v2\/product_brand?post=15342"},{"taxonomy":"product_cat","embeddable":true,"href":"https:\/\/www.ateti.pt\/loja\/wp-json\/wp\/v2\/product_cat?post=15342"},{"taxonomy":"product_tag","embeddable":true,"href":"https:\/\/www.ateti.pt\/loja\/wp-json\/wp\/v2\/product_tag?post=15342"},{"taxonomy":"woo-feed-brand","embeddable":true,"href":"https:\/\/www.ateti.pt\/loja\/wp-json\/wp\/v2\/woo-feed-brand?post=15342"}],"curies":[{"name":"wp","href":"https:\/\/api.w.org\/{rel}","templated":true}]}}