{"id":15340,"date":"2020-04-29T11:44:10","date_gmt":"2020-04-29T10:44:10","guid":{"rendered":"https:\/\/www.ateti.pt\/loja\/?post_type=product&#038;p=15340"},"modified":"2025-05-16T10:05:34","modified_gmt":"2025-05-16T09:05:34","slug":"cereais-fitness-original-nestle-375-gr","status":"publish","type":"product","link":"https:\/\/www.ateti.pt\/loja\/produto\/cereais-fitness-original-nestle-375-gr\/","title":{"rendered":"Cereais Fitness Original Nestl\u00e9 375g"},"content":{"rendered":"<p><strong>Cereais Fitness Original Nestl\u00e9<\/strong><\/p>\n<p>Quantidade: 375g<\/p>\n<p>&nbsp;<\/p>\n<p>FITNESS. Cereais de pequeno-almo\u00e7o com flocos feitos de \u00a0trigo 100% integral e arroz torrados. \u00a0Uma saborosa fonte natural de fibra.<\/p>\n<div class=\"titulo-paragrafo__field-titulo\">\n<p><strong>Ingredientes: <\/strong><strong>Trigo<\/strong>\u00a0integral (50,9%), arroz (37,3%), a\u00e7\u00facar, flocos de\u00a0<strong>aveia\u00a0<\/strong>integral (7,1%), xarope de a\u00e7\u00facar invertido, extrato de malte de\u00a0<strong>cevada\u00a0<\/strong>(<strong>cevada<\/strong>,\u00a0<strong>cevada\u00a0<\/strong>malteada), carbonato de c\u00e1lcio, sal, xarope de glucose, mela\u00e7o, antioxidante (extrato rico em tocofer\u00f3is), ferro, vitamina B3, B5, B6, B2, B9.<\/p>\n<\/div>\n<div class=\"titulo-paragrafo__field-paragrafo\">\n<p>Pode conter\u00a0<strong>amendoins<\/strong>,\u00a0<strong>frutos de casca rija<\/strong>\u00a0e\u00a0<strong>leite<\/strong>.<\/p>\n<p><strong>Valores nutricionais:<\/strong> Energia: 368kcal; L\u00edpidos: 1.8g, dos quais saturados: 0.6g; Hidratos de Carbono: 74.8g, dos quais a\u00e7\u00facares: 10.8; Fibra: 7.6g; Prote\u00ednas: 9.4g; Sal: 0.9g.<\/p>\n<p>Veja mais em <a href=\"https:\/\/www.ateti.pt\/loja\/categoria\/mercearia\/chocolates-biscoitos-e-cereais\/pequeno-almoco-e-cereais\/\">Pequeno Almo\u00e7o e Cereais<\/a><\/p>\n<\/div>\n","protected":false},"excerpt":{"rendered":"<p>9.57\u20ac\/kg<\/p>\n","protected":false},"featured_media":57186,"comment_status":"closed","ping_status":"closed","template":"","meta":{"_themeisle_gutenberg_block_has_review":false},"product_brand":[],"product_cat":[144,132,145],"product_tag":[],"woo-feed-brand":[],"class_list":{"0":"post-15340","1":"product","2":"type-product","3":"status-publish","4":"has-post-thumbnail","6":"product_cat-chocolates-biscoitos-e-cereais","7":"product_cat-mercearia","8":"product_cat-pequeno-almoco-e-cereais","9":"ts_product_brand-nestle","11":"first","12":"instock","13":"taxable","14":"shipping-taxable","15":"purchasable","16":"product-type-simple"},"_links":{"self":[{"href":"https:\/\/www.ateti.pt\/loja\/wp-json\/wp\/v2\/product\/15340","targetHints":{"allow":["GET"]}}],"collection":[{"href":"https:\/\/www.ateti.pt\/loja\/wp-json\/wp\/v2\/product"}],"about":[{"href":"https:\/\/www.ateti.pt\/loja\/wp-json\/wp\/v2\/types\/product"}],"replies":[{"embeddable":true,"href":"https:\/\/www.ateti.pt\/loja\/wp-json\/wp\/v2\/comments?post=15340"}],"wp:featuredmedia":[{"embeddable":true,"href":"https:\/\/www.ateti.pt\/loja\/wp-json\/wp\/v2\/media\/57186"}],"wp:attachment":[{"href":"https:\/\/www.ateti.pt\/loja\/wp-json\/wp\/v2\/media?parent=15340"}],"wp:term":[{"taxonomy":"product_brand","embeddable":true,"href":"https:\/\/www.ateti.pt\/loja\/wp-json\/wp\/v2\/product_brand?post=15340"},{"taxonomy":"product_cat","embeddable":true,"href":"https:\/\/www.ateti.pt\/loja\/wp-json\/wp\/v2\/product_cat?post=15340"},{"taxonomy":"product_tag","embeddable":true,"href":"https:\/\/www.ateti.pt\/loja\/wp-json\/wp\/v2\/product_tag?post=15340"},{"taxonomy":"woo-feed-brand","embeddable":true,"href":"https:\/\/www.ateti.pt\/loja\/wp-json\/wp\/v2\/woo-feed-brand?post=15340"}],"curies":[{"name":"wp","href":"https:\/\/api.w.org\/{rel}","templated":true}]}}

Cereais Fitness Original Nestlé 375g

<p><strong>Cereais Fitness Original Nestlé</strong></p>
<p>Quantidade: 375g</p>
<p>&nbsp;</p>
<p>FITNESS. Cereais de pequeno-almoço com flocos feitos de  trigo 100% integral e arroz torrados.  Uma saborosa fonte natural de fibra.</p>
<div class="titulo-paragrafo__field-titulo">
<p><strong>Ingredientes: </strong><strong>Trigo</strong> integral (50,9%), arroz (37,3%), açúcar, flocos de <strong>aveia </strong>integral (7,1%), xarope de açúcar invertido, extrato de malte de <strong>cevada </strong>(<strong>cevada</strong>, <strong>cevada </strong>malteada), carbonato de cálcio, sal, xarope de glucose, melaço, antioxidante (extrato rico em tocoferóis), ferro, vitamina B3, B5, B6, B2, B9.</p>
</div>
<div class="titulo-paragrafo__field-paragrafo">
<p>Pode conter <strong>amendoins</strong>, <strong>frutos de casca rija</strong> e <strong>leite</strong>.</p>
<p><strong>Valores nutricionais:</strong> Energia: 368kcal; Lípidos: 1.8g, dos quais saturados: 0.6g; Hidratos de Carbono: 74.8g, dos quais açúcares: 10.8; Fibra: 7.6g; Proteínas: 9.4g; Sal: 0.9g.</p>
<p>Veja mais em <a href="https://www.ateti.pt/loja/categoria/mercearia/chocolates-biscoitos-e-cereais/pequeno-almoco-e-cereais/">Pequeno Almoço e Cereais</a></p>
</div>
