{"id":15286,"date":"2025-04-29T10:38:11","date_gmt":"2025-04-29T09:38:11","guid":{"rendered":"https:\/\/www.ateti.pt\/loja\/?post_type=product&#038;p=15286"},"modified":"2025-12-16T16:17:13","modified_gmt":"2025-12-16T16:17:13","slug":"lava-tudo-lavanda-1300ml-cif","status":"publish","type":"product","link":"https:\/\/www.ateti.pt\/loja\/produto\/lava-tudo-lavanda-1300ml-cif\/","title":{"rendered":"Lava Tudo Lavanda 1300ml Cif"},"content":{"rendered":"<p><strong>Cif Lava Tudo Lavanda<\/strong><\/p>\n<p>Quantidade: 1300mL<\/p>\n<p><strong>Descri\u00e7\u00e3o: <\/strong>Desde sempre que a preocupa\u00e7\u00e3o com o resultado final, tem sido a constante da marca Cif. Com conhecimento profundo da sujidade e das superf\u00edcies, desenvolve os melhores produtos de limpeza, para os consumidores mais exigentes.<\/p>\n<p>Segmento de lava tudo, onde os produtos Cif re\u00fanem duas propriedades que geralmente n\u00e3o co-existem num lava tudo vulgar: uma limpeza imbat\u00edvel e um agrad\u00e1vel cheiro a limpo. Aqui encontramos os eficazes Cif Lava Tudo Regulares (Vinagre, Marinho, Madeiras, Lim\u00e3o Verde e Lavanda), Cif Lava Tudo Cl\u00e1ssico com Lix\u00edvia e dentro dos produtos mais especialistas, o Cif Gel com Lix\u00edvia.<\/p>\n<p>Apesar de Cif procurar sempre as respostas mais eficazes para os seus produtos, a marca sabe que a m\u00e1xima efic\u00e1cia n\u00e3o deve ser obtida a qualquer custo. Desde o seu lan\u00e7amento que Cif acredita que cuidar e respeitar as superf\u00edcies onde actua \u00e9 t\u00e3o importante quanto a m\u00e1xima efic\u00e1cia dos seus produtos. S\u00f3 assim reconhecidas marcas de cozinha e casa de banho (Hotpoint, Hoover, Electrolux, Samsung e AEG) continuam a recomendar Cif.<\/p>\n<p>Cif Lava Tudo Lavanda n\u00e3o possui apenas uma f\u00f3rmula \u00fanica que combate a sujidade mais dif\u00edcil, mas oferece resultados brilhantes numa variedade de pisos, deixando um aroma revigorante e um brilho \u00fanico. Limpa profundamente pisos laminados, vinil, lin\u00f3leo, cer\u00e2mica e madeira lav\u00e1vel ou envernizada.<\/p>\n<p><strong>Benef\u00edcios:<\/strong><\/p>\n<p>&#8211; Limpeza profunda;<\/p>\n<p>&#8211; N\u00e3o necessita de enxaguar;<\/p>\n<p>&#8211; Fragr\u00e2ncia intensa.<\/p>\n<p><strong>Utiliza\u00e7\u00e3o:<\/strong><\/p>\n<p><b>Uso dilu\u00eddo:<\/b>\u00a0Diluir 60ml de produto (3 tampas) em 5 litros de \u00e1gua. N\u00e3o necessita de enxaguar;<\/p>\n<p><b>Uso puro:<\/b>\u00a0Colocar numa esponja h\u00famida ou diretamente na superf\u00edcie. Enxaguar ap\u00f3s a utiliza\u00e7\u00e3o.<\/p>\n<p><strong>Precau\u00e7\u00f5es: <\/strong>Se entrar em contacto com olhos: enxaguar cuidadosamente com \u00e1gua durante v\u00e1rios minutos. Se usar lentes de contacto, retire-as, se tal lhe for poss\u00edvel. Continuar a enxaguar. Caso a irrita\u00e7\u00e3o ocular persista: consulte um m\u00e9dico.<\/p>\n<p>Manter fora do alcance das crian\u00e7as.<\/p>\n<p>Veja mais em <a href=\"https:\/\/www.ateti.pt\/loja\/categoria\/higiene-e-limpeza\/limpeza\/\">Limpeza<\/a><\/p>\n","protected":false},"excerpt":{"rendered":"<p>1.91\u20ac\/lt<\/p>\n","protected":false},"featured_media":76800,"comment_status":"closed","ping_status":"closed","template":"","meta":{"_themeisle_gutenberg_block_has_review":false},"product_brand":[],"product_cat":[190,232,204],"product_tag":[],"woo-feed-brand":[],"class_list":{"0":"post-15286","1":"product","2":"type-product","3":"status-publish","4":"has-post-thumbnail","6":"product_cat-desinfetantes-e-limpeza","7":"product_cat-lava-tudo","8":"product_cat-limpeza","9":"ts_product_brand-cif","11":"first","12":"instock","13":"taxable","14":"shipping-taxable","15":"purchasable","16":"product-type-simple"},"_links":{"self":[{"href":"https:\/\/www.ateti.pt\/loja\/wp-json\/wp\/v2\/product\/15286","targetHints":{"allow":["GET"]}}],"collection":[{"href":"https:\/\/www.ateti.pt\/loja\/wp-json\/wp\/v2\/product"}],"about":[{"href":"https:\/\/www.ateti.pt\/loja\/wp-json\/wp\/v2\/types\/product"}],"replies":[{"embeddable":true,"href":"https:\/\/www.ateti.pt\/loja\/wp-json\/wp\/v2\/comments?post=15286"}],"wp:featuredmedia":[{"embeddable":true,"href":"https:\/\/www.ateti.pt\/loja\/wp-json\/wp\/v2\/media\/76800"}],"wp:attachment":[{"href":"https:\/\/www.ateti.pt\/loja\/wp-json\/wp\/v2\/media?parent=15286"}],"wp:term":[{"taxonomy":"product_brand","embeddable":true,"href":"https:\/\/www.ateti.pt\/loja\/wp-json\/wp\/v2\/product_brand?post=15286"},{"taxonomy":"product_cat","embeddable":true,"href":"https:\/\/www.ateti.pt\/loja\/wp-json\/wp\/v2\/product_cat?post=15286"},{"taxonomy":"product_tag","embeddable":true,"href":"https:\/\/www.ateti.pt\/loja\/wp-json\/wp\/v2\/product_tag?post=15286"},{"taxonomy":"woo-feed-brand","embeddable":true,"href":"https:\/\/www.ateti.pt\/loja\/wp-json\/wp\/v2\/woo-feed-brand?post=15286"}],"curies":[{"name":"wp","href":"https:\/\/api.w.org\/{rel}","templated":true}]}}