{"id":15256,"date":"2021-06-17T18:20:34","date_gmt":"2021-06-17T17:20:34","guid":{"rendered":"https:\/\/www.ateti.pt\/loja\/?post_type=product&#038;p=15256"},"modified":"2025-05-16T15:44:01","modified_gmt":"2025-05-16T14:44:01","slug":"inseticida-super-rapido-moscas-e-mosquitos-raid-400-ml","status":"publish","type":"product","link":"https:\/\/www.ateti.pt\/loja\/produto\/inseticida-super-rapido-moscas-e-mosquitos-raid-400-ml\/","title":{"rendered":"Inseticida Moscas e Mosquitos Raid 400ml"},"content":{"rendered":"<h5>Inseticida\u00a0 Moscas e Mosquitos Raid<\/h5>\n<p>Quantidade: 400ml<\/p>\n<p><strong>Modo de utiliza\u00e7\u00e3o:<\/strong><\/p>\n<p>&#8211; Agitar bem antes de cada utiliza\u00e7\u00e3o.<br \/>\n&#8211; Pulverizar para o ar durante 6 segundos, em salas de dimens\u00e3o m\u00e9dia (20 m2).<br \/>\n&#8211; Deve-se manter uma dist\u00e2ncia de cerca de 45 cm a fim de evitar manchas nas paredes, portas e janelas.<br \/>\n&#8211; N\u00e3o pulverizar sobre papel de parede.<\/p>\n<p>Para uma a\u00e7\u00e3o r\u00e1pida pulverizar diretamente sobre os insetos, mantendo uma dist\u00e2ncia de 1 metro de qualquer objeto.<\/p>\n<p><strong>Ingredientes:<\/strong> Composi\u00e7\u00e3o: Piretrina 0,25%; But\u00f3xido de Piperonilo 1,05%; Subs. Inertes 98,70%.<\/p>\n<p><strong>Precau\u00e7\u00f5es:<\/strong><\/p>\n<p>Utilize os inseticidas com cuidado.<\/p>\n<p>Leia sempre o r\u00f3tulo e a informa\u00e7\u00e3o relativa ao produto antes de o utilizar.<\/p>\n<p>Veja mais em <a href=\"https:\/\/www.ateti.pt\/loja\/categoria\/higiene-e-limpeza\/acessorios-de-cozinha-casa-de-banho\/\">Acess\u00f3rios de Cozinha\/ Casa de Banho<\/a><\/p>\n","protected":false},"excerpt":{"rendered":"<p>10.98\u20ac\/lt<\/p>\n","protected":false},"featured_media":31263,"comment_status":"closed","ping_status":"closed","template":"","meta":{"_themeisle_gutenberg_block_has_review":false},"product_brand":[],"product_cat":[192,237,190,706],"product_tag":[],"woo-feed-brand":[],"class_list":{"0":"post-15256","1":"product","2":"type-product","3":"status-publish","4":"has-post-thumbnail","6":"product_cat-acessorios-de-cozinha-casa-de-banho","7":"product_cat-casa-jardim","8":"product_cat-desinfetantes-e-limpeza","9":"product_cat-utilitarios-de-casa","10":"ts_product_brand-raid","12":"first","13":"instock","14":"taxable","15":"shipping-taxable","16":"purchasable","17":"product-type-simple"},"_links":{"self":[{"href":"https:\/\/www.ateti.pt\/loja\/wp-json\/wp\/v2\/product\/15256","targetHints":{"allow":["GET"]}}],"collection":[{"href":"https:\/\/www.ateti.pt\/loja\/wp-json\/wp\/v2\/product"}],"about":[{"href":"https:\/\/www.ateti.pt\/loja\/wp-json\/wp\/v2\/types\/product"}],"replies":[{"embeddable":true,"href":"https:\/\/www.ateti.pt\/loja\/wp-json\/wp\/v2\/comments?post=15256"}],"wp:featuredmedia":[{"embeddable":true,"href":"https:\/\/www.ateti.pt\/loja\/wp-json\/wp\/v2\/media\/31263"}],"wp:attachment":[{"href":"https:\/\/www.ateti.pt\/loja\/wp-json\/wp\/v2\/media?parent=15256"}],"wp:term":[{"taxonomy":"product_brand","embeddable":true,"href":"https:\/\/www.ateti.pt\/loja\/wp-json\/wp\/v2\/product_brand?post=15256"},{"taxonomy":"product_cat","embeddable":true,"href":"https:\/\/www.ateti.pt\/loja\/wp-json\/wp\/v2\/product_cat?post=15256"},{"taxonomy":"product_tag","embeddable":true,"href":"https:\/\/www.ateti.pt\/loja\/wp-json\/wp\/v2\/product_tag?post=15256"},{"taxonomy":"woo-feed-brand","embeddable":true,"href":"https:\/\/www.ateti.pt\/loja\/wp-json\/wp\/v2\/woo-feed-brand?post=15256"}],"curies":[{"name":"wp","href":"https:\/\/api.w.org\/{rel}","templated":true}]}}