{"id":15197,"date":"2020-04-28T16:33:58","date_gmt":"2020-04-28T15:33:58","guid":{"rendered":"https:\/\/www.ateti.pt\/loja\/?post_type=product&#038;p=15197"},"modified":"2024-01-19T17:59:41","modified_gmt":"2024-01-19T16:59:41","slug":"pao-de-leite-dulca-10-un","status":"publish","type":"product","link":"https:\/\/www.ateti.pt\/loja\/produto\/pao-de-leite-dulca-10-un\/","title":{"rendered":"P\u00e3o de Leite Dulca 10un"},"content":{"rendered":"<h5>P\u00e3o de Leite Dulca<\/h5>\n<p><strong>Quantidade:\u00a0<\/strong>10un.<\/p>\n<p><strong>Ingredientes:<\/strong> farinha de trigo, \u00e1gua, ovo, margarina(\u00f3leos e gorduras vegetais de palma e girassol, \u00e1gua, emulsionantes: E471, lecitina de girassol; acidulante: \u00e1cido c\u00edtrico), a\u00e7\u00facar, \u00f3leo de girassol, leite em p\u00f3 desnatado (1%), fibra de trigo, sal, fermento, emulsionantes(E471, E481), espessantes(E466), gl\u00faten de trigo, umectante (sorbitol), conservantes(E200, E282) e aromas. Pode conter vest\u00edgios de soja e nozes.<\/p>\n<p><strong>Declara\u00e7\u00e3o Nutricional (por 100g):\u00a0<\/strong>Energia: 1531kj\/364kcal; L\u00edpidos: 12,4g; dos quais Saturados: 4,8g; Hidratos de Carbono: 52,6g; dos quais A\u00e7\u00facares: 12,3g; Prote\u00ednas: 9,7g; Sal: 1,0g.<\/p>\n<p>Veja mais em <a href=\"https:\/\/www.ateti.pt\/loja\/categoria\/mercearia\/chocolates-biscoitos-e-cereais\/pequeno-almoco-e-cereais\/\">Pequeno-almo\u00e7o e Cereais<\/a><\/p>\n","protected":false},"excerpt":{"rendered":"<p>0,20\u20ac\/un.<\/p>\n","protected":false},"featured_media":40669,"comment_status":"closed","ping_status":"closed","template":"","meta":{"_themeisle_gutenberg_block_has_review":false},"product_brand":[],"product_cat":[144,132,665,598,145],"product_tag":[],"woo-feed-brand":[],"class_list":{"0":"post-15197","1":"product","2":"type-product","3":"status-publish","4":"has-post-thumbnail","6":"product_cat-chocolates-biscoitos-e-cereais","7":"product_cat-mercearia","8":"product_cat-padaria","9":"product_cat-padaria-pastelaria","10":"product_cat-pequeno-almoco-e-cereais","11":"ts_product_brand-dulca","13":"first","14":"instock","15":"taxable","16":"shipping-taxable","17":"purchasable","18":"product-type-simple"},"_links":{"self":[{"href":"https:\/\/www.ateti.pt\/loja\/wp-json\/wp\/v2\/product\/15197","targetHints":{"allow":["GET"]}}],"collection":[{"href":"https:\/\/www.ateti.pt\/loja\/wp-json\/wp\/v2\/product"}],"about":[{"href":"https:\/\/www.ateti.pt\/loja\/wp-json\/wp\/v2\/types\/product"}],"replies":[{"embeddable":true,"href":"https:\/\/www.ateti.pt\/loja\/wp-json\/wp\/v2\/comments?post=15197"}],"wp:featuredmedia":[{"embeddable":true,"href":"https:\/\/www.ateti.pt\/loja\/wp-json\/wp\/v2\/media\/40669"}],"wp:attachment":[{"href":"https:\/\/www.ateti.pt\/loja\/wp-json\/wp\/v2\/media?parent=15197"}],"wp:term":[{"taxonomy":"product_brand","embeddable":true,"href":"https:\/\/www.ateti.pt\/loja\/wp-json\/wp\/v2\/product_brand?post=15197"},{"taxonomy":"product_cat","embeddable":true,"href":"https:\/\/www.ateti.pt\/loja\/wp-json\/wp\/v2\/product_cat?post=15197"},{"taxonomy":"product_tag","embeddable":true,"href":"https:\/\/www.ateti.pt\/loja\/wp-json\/wp\/v2\/product_tag?post=15197"},{"taxonomy":"woo-feed-brand","embeddable":true,"href":"https:\/\/www.ateti.pt\/loja\/wp-json\/wp\/v2\/woo-feed-brand?post=15197"}],"curies":[{"name":"wp","href":"https:\/\/api.w.org\/{rel}","templated":true}]}}

Pão de Leite Dulca 10un

<h5>Pão de Leite Dulca</h5>
<p><strong>Quantidade: </strong>10un.</p>
<p><strong>Ingredientes:</strong> farinha de trigo, água, ovo, margarina(óleos e gorduras vegetais de palma e girassol, água, emulsionantes: E471, lecitina de girassol; acidulante: ácido cítrico), açúcar, óleo de girassol, leite em pó desnatado (1%), fibra de trigo, sal, fermento, emulsionantes(E471, E481), espessantes(E466), glúten de trigo, umectante (sorbitol), conservantes(E200, E282) e aromas. Pode conter vestígios de soja e nozes.</p>
<p><strong>Declaração Nutricional (por 100g): </strong>Energia: 1531kj/364kcal; Lípidos: 12,4g; dos quais Saturados: 4,8g; Hidratos de Carbono: 52,6g; dos quais Açúcares: 12,3g; Proteínas: 9,7g; Sal: 1,0g.</p>
<p>Veja mais em <a href="https://www.ateti.pt/loja/categoria/mercearia/chocolates-biscoitos-e-cereais/pequeno-almoco-e-cereais/">Pequeno-almoço e Cereais</a></p>
