{"id":15120,"date":"2020-04-27T19:27:39","date_gmt":"2020-04-27T19:27:39","guid":{"rendered":"https:\/\/www.ateti.pt\/loja\/?post_type=product&#038;p=15120"},"modified":"2026-02-24T10:43:18","modified_gmt":"2026-02-24T10:43:18","slug":"oleo-hidratante-regular-baby-johnsons-300ml","status":"publish","type":"product","link":"https:\/\/www.ateti.pt\/loja\/produto\/oleo-hidratante-regular-baby-johnsons-300ml\/","title":{"rendered":"\u00d3leo Hidratante Baby Johnson\u00b4s 300mL"},"content":{"rendered":"<h5>\u00d3leo Hidratante Regular Baby Johnson\u00b4s<\/h5>\n<p>Quantidade: 300mL<\/p>\n<ul>\n<li>Hipoalerg\u00e9nico* e com pH equilibrado<\/li>\n<li>Testado por pediatras e dermatologistas<\/li>\n<li>Sem corantes, sulfatos, ftalatos e \u00e1lcool.<\/li>\n<li>A nossa f\u00f3rmula de suavidade clinicamente comprovada foi especialmente concebida para a pele delicada do beb\u00e9.<\/li>\n<li>Cuidado di\u00e1rio puro e suave<\/li>\n<li>Hidrata e protege a pele delicada da desidrata\u00e7\u00e3o<\/li>\n<li>Ideal para a massagem do beb\u00e9<\/li>\n<\/ul>\n<p>Quando o beb\u00e9 nasce, a sua pele \u00e9 mais delicada do que nunca. Motivo pelo qual aperfei\u00e7o\u00e1mos as nossas f\u00f3rmulas ao longo de 125 anos, sendo agora ainda mais delicadas para todos. O nosso JOHNSON\u2019S<sup>\u00ae<\/sup>\u00a0Baby \u00d3leo foi especialmente concebido para hidratar at\u00e9 10 vezes mais,\u2020 para manter a suavidade e o aspeto saud\u00e1vel da pele delicada. Crie la\u00e7os com o seu beb\u00e9 atrav\u00e9s do toque! Utilize o JOHNSON\u2019S<sup>\u00ae<\/sup>\u00a0Baby \u00d3leo durante a massagem do beb\u00e9 para estabelecer uma experi\u00eancia afetiva que \u00e9 tranquilizante tanto para si como para o seu pequenote. Ideal tamb\u00e9m para crian\u00e7as e adultos!<\/p>\n<p>S\u00f3 utilizamos ingredientes de elevada qualidade e delicados para o beb\u00e9. Motivo pelo qual rejeit\u00e1mos mais de 400 ingredientes que n\u00e3o cumprem os nossos padr\u00f5es O melhor para o seu beb\u00e9.<\/p>\n<p>*\u00a0formulado para minimizar o risco de alergias.<\/p>\n<p>\u2020\u00a0quando aplicado na pele molhada, comparativamente com muitas lo\u00e7\u00f5es normais em pele seca<\/p>\n<p>Verta uma pequena quantidade nas palmas das m\u00e3os e friccione-as para aquecer, depois massaje suavemente a pele. Funciona melhor na pele molhada do que em pele seca.<\/p>\n<p>* Manter fora do alcance das crian\u00e7as, para evitar a ingest\u00e3o ou inala\u00e7\u00e3o acidental que podem causar les\u00f5es graves. Caso ocorreram problemas respirat\u00f3rios, consulte imediatamente um m\u00e9dico. Apenas para uso externo.<\/p>\n<p><strong>Ingredientes:\u00a0<\/strong>Paraffinum Liquidum, Isopropyl Palmitate, Parfum.<\/p>\n<p>Veja mais em <a href=\"https:\/\/www.ateti.pt\/loja\/categoria\/bebe-crianca\/higiene-bebe-crianca\/\">Beb\u00e9 e Crian\u00e7a<\/a><\/p>\n","protected":false},"excerpt":{"rendered":"<p>16,63\u20ac\/lt<\/p>\n","protected":false},"featured_media":60756,"comment_status":"closed","ping_status":"closed","template":"","meta":{"_themeisle_gutenberg_block_has_review":false},"product_brand":[],"product_cat":[214,203,212,190,227],"product_tag":[],"woo-feed-brand":[],"class_list":{"0":"post-15120","1":"product","2":"type-product","3":"status-publish","4":"has-post-thumbnail","6":"product_cat-bebe-crianca","7":"product_cat-beleza-e-higiene","8":"product_cat-corpo","9":"product_cat-desinfetantes-e-limpeza","10":"product_cat-higiene-bebe-crianca","11":"ts_product_brand-johnsons","13":"first","14":"instock","15":"taxable","16":"shipping-taxable","17":"purchasable","18":"product-type-simple"},"_links":{"self":[{"href":"https:\/\/www.ateti.pt\/loja\/wp-json\/wp\/v2\/product\/15120","targetHints":{"allow":["GET"]}}],"collection":[{"href":"https:\/\/www.ateti.pt\/loja\/wp-json\/wp\/v2\/product"}],"about":[{"href":"https:\/\/www.ateti.pt\/loja\/wp-json\/wp\/v2\/types\/product"}],"replies":[{"embeddable":true,"href":"https:\/\/www.ateti.pt\/loja\/wp-json\/wp\/v2\/comments?post=15120"}],"wp:featuredmedia":[{"embeddable":true,"href":"https:\/\/www.ateti.pt\/loja\/wp-json\/wp\/v2\/media\/60756"}],"wp:attachment":[{"href":"https:\/\/www.ateti.pt\/loja\/wp-json\/wp\/v2\/media?parent=15120"}],"wp:term":[{"taxonomy":"product_brand","embeddable":true,"href":"https:\/\/www.ateti.pt\/loja\/wp-json\/wp\/v2\/product_brand?post=15120"},{"taxonomy":"product_cat","embeddable":true,"href":"https:\/\/www.ateti.pt\/loja\/wp-json\/wp\/v2\/product_cat?post=15120"},{"taxonomy":"product_tag","embeddable":true,"href":"https:\/\/www.ateti.pt\/loja\/wp-json\/wp\/v2\/product_tag?post=15120"},{"taxonomy":"woo-feed-brand","embeddable":true,"href":"https:\/\/www.ateti.pt\/loja\/wp-json\/wp\/v2\/woo-feed-brand?post=15120"}],"curies":[{"name":"wp","href":"https:\/\/api.w.org\/{rel}","templated":true}]}}