{"id":15065,"date":"2020-11-26T16:03:55","date_gmt":"2020-11-26T15:03:55","guid":{"rendered":"https:\/\/www.ateti.pt\/loja\/?post_type=product&#038;p=15065"},"modified":"2025-05-07T17:41:34","modified_gmt":"2025-05-07T16:41:34","slug":"abrilhantador-regular-finish-800-ml","status":"publish","type":"product","link":"https:\/\/www.ateti.pt\/loja\/produto\/abrilhantador-regular-finish-800-ml\/","title":{"rendered":"Abrilhantador Finish 800mL"},"content":{"rendered":"<p><strong>Abrilhantador Finish<\/strong><\/p>\n<p>Quantidade: 800mL<\/p>\n<p>Provavelmente n\u00e3o se apercebeu que a comida e os res\u00edduos de detergente podem depositar-se na sua loi\u00e7a durante o ciclo de enxaguamento deixando manchas nos copos e pratos.<\/p>\n<p>O Abrilhantador Finish atua no ciclo de enxaguamento contribuindo para eliminar os res\u00edduos de detergente e de comida.<\/p>\n<p>Para um brilho realmente vis\u00edvel e loi\u00e7a seca, pronta a usar, utilize Finish Abrilhantador juntamente com as pastilhas multi-benef\u00edcios de Finish.<\/p>\n<p>Finish Abrilhantador, com a sua f\u00f3rmula seca ativamente a sua loi\u00e7a para um brilho incr\u00edvel.<\/p>\n<p>Veja mais em <a href=\"https:\/\/www.ateti.pt\/loja\/categoria\/higiene-e-limpeza\/limpeza\/cozinha\/\">Cozinha<\/a><\/p>\n","protected":false},"excerpt":{"rendered":"<p>12.24\u20ac\/lt<\/p>\n","protected":false},"featured_media":57065,"comment_status":"closed","ping_status":"closed","template":"","meta":{"_themeisle_gutenberg_block_has_review":false},"product_brand":[],"product_cat":[209,190,204],"product_tag":[],"woo-feed-brand":[],"class_list":{"0":"post-15065","1":"product","2":"type-product","3":"status-publish","4":"has-post-thumbnail","6":"product_cat-cozinha","7":"product_cat-desinfetantes-e-limpeza","8":"product_cat-limpeza","9":"ts_product_brand-finish","11":"first","12":"instock","13":"taxable","14":"shipping-taxable","15":"purchasable","16":"product-type-simple"},"_links":{"self":[{"href":"https:\/\/www.ateti.pt\/loja\/wp-json\/wp\/v2\/product\/15065","targetHints":{"allow":["GET"]}}],"collection":[{"href":"https:\/\/www.ateti.pt\/loja\/wp-json\/wp\/v2\/product"}],"about":[{"href":"https:\/\/www.ateti.pt\/loja\/wp-json\/wp\/v2\/types\/product"}],"replies":[{"embeddable":true,"href":"https:\/\/www.ateti.pt\/loja\/wp-json\/wp\/v2\/comments?post=15065"}],"wp:featuredmedia":[{"embeddable":true,"href":"https:\/\/www.ateti.pt\/loja\/wp-json\/wp\/v2\/media\/57065"}],"wp:attachment":[{"href":"https:\/\/www.ateti.pt\/loja\/wp-json\/wp\/v2\/media?parent=15065"}],"wp:term":[{"taxonomy":"product_brand","embeddable":true,"href":"https:\/\/www.ateti.pt\/loja\/wp-json\/wp\/v2\/product_brand?post=15065"},{"taxonomy":"product_cat","embeddable":true,"href":"https:\/\/www.ateti.pt\/loja\/wp-json\/wp\/v2\/product_cat?post=15065"},{"taxonomy":"product_tag","embeddable":true,"href":"https:\/\/www.ateti.pt\/loja\/wp-json\/wp\/v2\/product_tag?post=15065"},{"taxonomy":"woo-feed-brand","embeddable":true,"href":"https:\/\/www.ateti.pt\/loja\/wp-json\/wp\/v2\/woo-feed-brand?post=15065"}],"curies":[{"name":"wp","href":"https:\/\/api.w.org\/{rel}","templated":true}]}}