{"id":15037,"date":"2024-09-04T16:23:22","date_gmt":"2024-09-04T15:23:22","guid":{"rendered":"https:\/\/www.ateti.pt\/loja\/?post_type=product&#038;p=15037"},"modified":"2026-02-18T09:30:17","modified_gmt":"2026-02-18T09:30:17","slug":"amaciador-garnier-fructis-hidra-liso-suave-200ml","status":"publish","type":"product","link":"https:\/\/www.ateti.pt\/loja\/produto\/amaciador-garnier-fructis-hidra-liso-suave-200ml\/","title":{"rendered":"Condicionador Hidra Liso Garnier Fructis 200mL"},"content":{"rendered":"<h4>Condicionador Hidra Liso Garnier Fructis<\/h4>\n<h5>Informa\u00e7\u00e3o do Produto<\/h5>\n<p>Adequado para cabelos dif\u00edceis de alisar, Fructis Hidra Liso amaciador fortificante, com um efeito reconstituinte para proteger o cabelo do frisado.<\/p>\n<h5>O que cont\u00eam<\/h5>\n<p>As novas f\u00f3rmulas de Fructis sem parabenos e com ativos fortificantes de frutos. Uma combina\u00e7\u00e3o exclusiva de derivado de prote\u00edna de fruto, Vitaminas B3 e B6 e de extratos de frutos e plantas. Efic\u00e1cia comprovada para um cabelo mais saud\u00e1vel, mais forte.<\/p>\n<h5>Resultado<\/h5>\n<p>72h de liso perfeito. O cabelo fica suave, brilhante e desliza entre os dedos.<\/p>\n<p>&nbsp;<\/p>\n<p>Embalagens com 25% de pl\u00e1stico reciclado para economizar recursos e energia. Embalagens 100% recicl\u00e1veis, se colocadas no ecoponto amarelo.<\/p>\n<p>&nbsp;<\/p>\n","protected":false},"excerpt":{"rendered":"<p>19.50\u20ac\/litro<\/p>\n","protected":false},"featured_media":57350,"comment_status":"closed","ping_status":"closed","template":"","meta":{"_themeisle_gutenberg_block_has_review":false},"product_brand":[],"product_cat":[203,211,190],"product_tag":[],"woo-feed-brand":[],"class_list":{"0":"post-15037","1":"product","2":"type-product","3":"status-publish","4":"has-post-thumbnail","6":"product_cat-beleza-e-higiene","7":"product_cat-cabelo","8":"product_cat-desinfetantes-e-limpeza","9":"ts_product_brand-garnier-fructis","11":"first","12":"instock","13":"sale","14":"taxable","15":"shipping-taxable","16":"purchasable","17":"product-type-simple"},"_links":{"self":[{"href":"https:\/\/www.ateti.pt\/loja\/wp-json\/wp\/v2\/product\/15037","targetHints":{"allow":["GET"]}}],"collection":[{"href":"https:\/\/www.ateti.pt\/loja\/wp-json\/wp\/v2\/product"}],"about":[{"href":"https:\/\/www.ateti.pt\/loja\/wp-json\/wp\/v2\/types\/product"}],"replies":[{"embeddable":true,"href":"https:\/\/www.ateti.pt\/loja\/wp-json\/wp\/v2\/comments?post=15037"}],"wp:featuredmedia":[{"embeddable":true,"href":"https:\/\/www.ateti.pt\/loja\/wp-json\/wp\/v2\/media\/57350"}],"wp:attachment":[{"href":"https:\/\/www.ateti.pt\/loja\/wp-json\/wp\/v2\/media?parent=15037"}],"wp:term":[{"taxonomy":"product_brand","embeddable":true,"href":"https:\/\/www.ateti.pt\/loja\/wp-json\/wp\/v2\/product_brand?post=15037"},{"taxonomy":"product_cat","embeddable":true,"href":"https:\/\/www.ateti.pt\/loja\/wp-json\/wp\/v2\/product_cat?post=15037"},{"taxonomy":"product_tag","embeddable":true,"href":"https:\/\/www.ateti.pt\/loja\/wp-json\/wp\/v2\/product_tag?post=15037"},{"taxonomy":"woo-feed-brand","embeddable":true,"href":"https:\/\/www.ateti.pt\/loja\/wp-json\/wp\/v2\/woo-feed-brand?post=15037"}],"curies":[{"name":"wp","href":"https:\/\/api.w.org\/{rel}","templated":true}]}}

<h4>Condicionador Hidra Liso Garnier Fructis</h4>
<h5>Informação do Produto</h5>
<p>Adequado para cabelos difíceis de alisar, Fructis Hidra Liso amaciador fortificante, com um efeito reconstituinte para proteger o cabelo do frisado.</p>
<h5>O que contêm</h5>
<p>As novas fórmulas de Fructis sem parabenos e com ativos fortificantes de frutos. Uma combinação exclusiva de derivado de proteína de fruto, Vitaminas B3 e B6 e de extratos de frutos e plantas. Eficácia comprovada para um cabelo mais saudável, mais forte.</p>
<h5>Resultado</h5>
<p>72h de liso perfeito. O cabelo fica suave, brilhante e desliza entre os dedos.</p>
<p>&nbsp;</p>
<p>Embalagens com 25% de plástico reciclado para economizar recursos e energia. Embalagens 100% recicláveis, se colocadas no ecoponto amarelo.</p>
<p>&nbsp;</p>
