{"id":14800,"date":"2024-09-03T14:55:23","date_gmt":"2024-09-03T13:55:23","guid":{"rendered":"https:\/\/www.ateti.pt\/loja\/?post_type=product&#038;p=14800"},"modified":"2025-11-25T12:08:04","modified_gmt":"2025-11-25T12:08:04","slug":"champo-ultra-suave-camomila-garnier-250ml","status":"publish","type":"product","link":"https:\/\/www.ateti.pt\/loja\/produto\/champo-ultra-suave-camomila-garnier-250ml\/","title":{"rendered":"Champ\u00f4 Camomila Garnier Ultra Suave  250mL"},"content":{"rendered":"<h5>Champ\u00f4 Camomila Garnier Ultra Suave<\/h5>\n<p><strong>Quantidade:<\/strong> 250mL<\/p>\n<p>A receita de luminosidade para cabelos louros.<\/p>\n<p>Garnier Ultra Suave associa:<\/p>\n<ul>\n<li><strong>A Camomila<\/strong>, reconhecida pelas suas propriedades aclaradoras e suavizantes.<\/li>\n<li><strong>O Mel de Flores<\/strong>, reconhecido pelas suas virtudes nutritivas<\/li>\n<\/ul>\n<p><strong>Resultado:\u00a0<\/strong>Luminoso como no regresso de f\u00e9rias, o seu cabelo fica com belos reflexos muito naturais e com um brilho incompar\u00e1vel. Perfeitamente cuidado sem ficar pesado, o cabelo louro reencontra a flexibilidade e suavidade ao toque.<\/p>\n<p>A sua f\u00f3rmula leve e fundente \u00e9 adequada para os cabelos mais delicados, numa fragr\u00e2ncia fresca e natural.<\/p>\n<ul>\n<li>Ingrediente natural e de origem renov\u00e1vel.<\/li>\n<li>Respeita e adapta-se perfeitamente aos cabelos delicados.<\/li>\n<li>F\u00e1brica comprometida com o desenvolvimento sustent\u00e1vel<\/li>\n<li>Embalagem 100% recicl\u00e1vel.<\/li>\n<\/ul>\n<p>Veja mais em <a href=\"https:\/\/www.ateti.pt\/loja\/categoria\/higiene-e-limpeza\/higiene\/cabelo\/\">Higiene e Limpeza<\/a><\/p>\n","protected":false},"excerpt":{"rendered":"<p>14.36\u20ac\/lt<\/p>\n","protected":false},"featured_media":56952,"comment_status":"closed","ping_status":"closed","template":"","meta":{"_themeisle_gutenberg_block_has_review":false},"product_brand":[],"product_cat":[203,211,190],"product_tag":[],"woo-feed-brand":[],"class_list":{"0":"post-14800","1":"product","2":"type-product","3":"status-publish","4":"has-post-thumbnail","6":"product_cat-beleza-e-higiene","7":"product_cat-cabelo","8":"product_cat-desinfetantes-e-limpeza","9":"ts_product_brand-garnier","11":"first","12":"outofstock","13":"sale","14":"taxable","15":"shipping-taxable","16":"purchasable","17":"product-type-simple"},"_links":{"self":[{"href":"https:\/\/www.ateti.pt\/loja\/wp-json\/wp\/v2\/product\/14800","targetHints":{"allow":["GET"]}}],"collection":[{"href":"https:\/\/www.ateti.pt\/loja\/wp-json\/wp\/v2\/product"}],"about":[{"href":"https:\/\/www.ateti.pt\/loja\/wp-json\/wp\/v2\/types\/product"}],"replies":[{"embeddable":true,"href":"https:\/\/www.ateti.pt\/loja\/wp-json\/wp\/v2\/comments?post=14800"}],"wp:featuredmedia":[{"embeddable":true,"href":"https:\/\/www.ateti.pt\/loja\/wp-json\/wp\/v2\/media\/56952"}],"wp:attachment":[{"href":"https:\/\/www.ateti.pt\/loja\/wp-json\/wp\/v2\/media?parent=14800"}],"wp:term":[{"taxonomy":"product_brand","embeddable":true,"href":"https:\/\/www.ateti.pt\/loja\/wp-json\/wp\/v2\/product_brand?post=14800"},{"taxonomy":"product_cat","embeddable":true,"href":"https:\/\/www.ateti.pt\/loja\/wp-json\/wp\/v2\/product_cat?post=14800"},{"taxonomy":"product_tag","embeddable":true,"href":"https:\/\/www.ateti.pt\/loja\/wp-json\/wp\/v2\/product_tag?post=14800"},{"taxonomy":"woo-feed-brand","embeddable":true,"href":"https:\/\/www.ateti.pt\/loja\/wp-json\/wp\/v2\/woo-feed-brand?post=14800"}],"curies":[{"name":"wp","href":"https:\/\/api.w.org\/{rel}","templated":true}]}}

Champô Camomila Garnier Ultra Suave  250mL

<h5>Champô Camomila Garnier Ultra Suave</h5>
<p><strong>Quantidade:</strong> 250mL</p>
<p>A receita de luminosidade para cabelos louros.</p>
<p>Garnier Ultra Suave associa:</p>
<ul>
<li><strong>A Camomila</strong>, reconhecida pelas suas propriedades aclaradoras e suavizantes.</li>
<li><strong>O Mel de Flores</strong>, reconhecido pelas suas virtudes nutritivas</li>
</ul>
<p><strong>Resultado: </strong>Luminoso como no regresso de férias, o seu cabelo fica com belos reflexos muito naturais e com um brilho incomparável. Perfeitamente cuidado sem ficar pesado, o cabelo louro reencontra a flexibilidade e suavidade ao toque.</p>
<p>A sua fórmula leve e fundente é adequada para os cabelos mais delicados, numa fragrância fresca e natural.</p>
<ul>
<li>Ingrediente natural e de origem renovável.</li>
<li>Respeita e adapta-se perfeitamente aos cabelos delicados.</li>
<li>Fábrica comprometida com o desenvolvimento sustentável</li>
<li>Embalagem 100% reciclável.</li>
</ul>
<p>Veja mais em <a href="https://www.ateti.pt/loja/categoria/higiene-e-limpeza/higiene/cabelo/">Higiene e Limpeza</a></p>
