{"id":14761,"date":"2020-04-22T16:20:24","date_gmt":"2020-04-22T15:20:24","guid":{"rendered":"https:\/\/www.ateti.pt\/loja\/?post_type=product&#038;p=14761"},"modified":"2024-08-28T15:25:16","modified_gmt":"2024-08-28T14:25:16","slug":"bebida-coco-1lt-alpro","status":"publish","type":"product","link":"https:\/\/www.ateti.pt\/loja\/produto\/bebida-coco-1lt-alpro\/","title":{"rendered":"Bebida Vegetal de C\u00f4co 1L Alpro"},"content":{"rendered":"<p><strong>Bebida Vegetal C\u00f4co Alpro<\/strong><\/p>\n<p>Quantidade: 1L<\/p>\n<p>Gosta tanto da nossa Bebida Vegetal C\u00f4co Alpro como n\u00f3s? Com apenas 40 kcal por copo e sem adi\u00e7\u00e3o de a\u00e7\u00facares* esta bebida dar\u00e1 sem d\u00favida <b>um toque tropical<\/b>\u00a0e refrescante ao seu dia. Para um momento ainda mais refrescante, coloque-a no frigor\u00edfico antes da sua utiliza\u00e7\u00e3o. Bom para ti!<\/p>\n<p>*Cont\u00e9m a\u00e7\u00facares naturalmente presentes.<\/p>\n<p><strong>Benef\u00edcios:<\/strong><\/p>\n<ul class=\"Lists__CleanList-sc-196lkw4-0 StyledCheckmarkList-sc-1q9guj4-0 kQWzKs jxQohD\">\n<li class=\"StyledCheckmarkList__StyledCheckmarkListItem-sc-1q9guj4-2 gzuEhL\">Naturalmente sem lactose<\/li>\n<li class=\"StyledCheckmarkList__StyledCheckmarkListItem-sc-1q9guj4-2 gzuEhL\">100% \u00e0 base de plantas<\/li>\n<li class=\"StyledCheckmarkList__StyledCheckmarkListItem-sc-1q9guj4-2 gzuEhL\">Vegetariano<\/li>\n<li class=\"StyledCheckmarkList__StyledCheckmarkListItem-sc-1q9guj4-2 gzuEhL\">Naturalmente baixo em gordura<\/li>\n<li class=\"StyledCheckmarkList__StyledCheckmarkListItem-sc-1q9guj4-2 gzuEhL\">Sem a\u00e7\u00facares ou ado\u00e7antes adicionados.<\/li>\n<li class=\"StyledCheckmarkList__StyledCheckmarkListItem-sc-1q9guj4-2 gzuEhL\">Uma fonte de c\u00e1lcio. Cont\u00e9m vitaminas B2, B12 e D.<\/li>\n<li class=\"StyledCheckmarkList__StyledCheckmarkListItem-sc-1q9guj4-2 gzuEhL\">Fonte de c\u00e1lcio e vitaminas D e B12. A vitamina B12 contribui para a redu\u00e7\u00e3o do cansa\u00e7o e fadiga.<\/li>\n<\/ul>\n<div>\n<div class=\"StyledNutritionAccordionsItem-lkkgbq-0 hQdOeg\" data-accordion-component=\"AccordionItem\">\n<div id=\"accordion__panel-0\" class=\"StyledNutritionAccordionsItem__StyledNutritionAccordionsItemPanel-lkkgbq-2 jLdFZJ\" role=\"region\" data-accordion-component=\"AccordionItemPanel\" aria-labelledby=\"accordion__heading-0\">\n<table class=\"StyledNutritionTable-ne8c4a-0 kJHarV\">\n<caption class=\"StyledNutritionTable__StyledNutritionTableCaption-ne8c4a-1 laQGJn\">100ml<\/caption>\n<tbody>\n<tr class=\"StyledNutritionTable__StyledNutritionTableRow-ne8c4a-2 iuNQUZ\" data-type=\"row\">\n<th class=\"StyledNutritionTable__StyledNutritionTableHead-ne8c4a-3 dFWedX\" colspan=\"1\">Energia<\/th>\n<td>85 kJ \/ 20 kcal<\/td>\n<\/tr>\n<tr class=\"StyledNutritionTable__StyledNutritionTableRow-ne8c4a-2 iuNQUZ\" data-type=\"row\">\n<th class=\"StyledNutritionTable__StyledNutritionTableHead-ne8c4a-3 dFWedX\" colspan=\"1\">Gordura<\/th>\n<td>0.9 g<\/td>\n<\/tr>\n<tr class=\"StyledNutritionTable__StyledNutritionTableRow-ne8c4a-2 iuNQUZ\">\n<th class=\"StyledNutritionTable__StyledNutritionTableHead-ne8c4a-3 dFWedX\" colspan=\"1\">Saturados<\/th>\n<td>0.9 g<\/td>\n<\/tr>\n<tr class=\"StyledNutritionTable__StyledNutritionTableRow-ne8c4a-2 iuNQUZ\">\n<th class=\"StyledNutritionTable__StyledNutritionTableHead-ne8c4a-3 dFWedX\" colspan=\"1\">Monoinsaturados<\/th>\n<td>0 g<\/td>\n<\/tr>\n<tr class=\"StyledNutritionTable__StyledNutritionTableRow-ne8c4a-2 iuNQUZ\">\n<th class=\"StyledNutritionTable__StyledNutritionTableHead-ne8c4a-3 dFWedX\" colspan=\"1\">Polinsaturados<\/th>\n<td>0 g<\/td>\n<\/tr>\n<tr class=\"StyledNutritionTable__StyledNutritionTableRow-ne8c4a-2 iuNQUZ\" data-type=\"row\">\n<th class=\"StyledNutritionTable__StyledNutritionTableHead-ne8c4a-3 dFWedX\" colspan=\"1\">Hidratos De Carbono<\/th>\n<td>2.7 g<\/td>\n<\/tr>\n<tr class=\"StyledNutritionTable__StyledNutritionTableRow-ne8c4a-2 iuNQUZ\">\n<th class=\"StyledNutritionTable__StyledNutritionTableHead-ne8c4a-3 dFWedX\" colspan=\"1\">A\u00e7\u00facares<\/th>\n<td>1.9 g<\/td>\n<\/tr>\n<tr class=\"StyledNutritionTable__StyledNutritionTableRow-ne8c4a-2 iuNQUZ\" data-type=\"row\">\n<th class=\"StyledNutritionTable__StyledNutritionTableHead-ne8c4a-3 dFWedX\" colspan=\"1\">Fibra<\/th>\n<td>0.1 g<\/td>\n<\/tr>\n<tr class=\"StyledNutritionTable__StyledNutritionTableRow-ne8c4a-2 iuNQUZ\" data-type=\"row\">\n<th class=\"StyledNutritionTable__StyledNutritionTableHead-ne8c4a-3 dFWedX\" colspan=\"1\">Prote\u00edna<\/th>\n<td>0.1 g<\/td>\n<\/tr>\n<tr class=\"StyledNutritionTable__StyledNutritionTableRow-ne8c4a-2 iuNQUZ\" data-type=\"row\">\n<th class=\"StyledNutritionTable__StyledNutritionTableHead-ne8c4a-3 dFWedX\" colspan=\"1\">Sal<\/th>\n<td>0.13 g<\/td>\n<\/tr>\n<tr class=\"StyledNutritionTable__StyledNutritionTableRow-ne8c4a-2 iuNQUZ\" data-type=\"row\">\n<th class=\"StyledNutritionTable__StyledNutritionTableHead-ne8c4a-3 dFWedX\" colspan=\"2\">Vitaminas<\/th>\n<\/tr>\n<tr class=\"StyledNutritionTable__StyledNutritionTableRow-ne8c4a-2 iuNQUZ\">\n<th class=\"StyledNutritionTable__StyledNutritionTableHead-ne8c4a-3 dFWedX\" colspan=\"1\">Vitamina D<\/th>\n<td>0.75 \u00b5g<\/td>\n<\/tr>\n<tr class=\"StyledNutritionTable__StyledNutritionTableRow-ne8c4a-2 iuNQUZ\">\n<th class=\"StyledNutritionTable__StyledNutritionTableHead-ne8c4a-3 dFWedX\" colspan=\"1\">Vitamina B12<\/th>\n<td>0.38 \u00b5g<\/td>\n<\/tr>\n<tr class=\"StyledNutritionTable__StyledNutritionTableRow-ne8c4a-2 iuNQUZ\" data-type=\"row\">\n<th class=\"StyledNutritionTable__StyledNutritionTableHead-ne8c4a-3 dFWedX\" colspan=\"2\">Minerais<\/th>\n<\/tr>\n<tr class=\"StyledNutritionTable__StyledNutritionTableRow-ne8c4a-2 iuNQUZ\">\n<th class=\"StyledNutritionTable__StyledNutritionTableHead-ne8c4a-3 dFWedX\" colspan=\"1\">C\u00e1lcio<\/th>\n<td>120 mg<\/td>\n<\/tr>\n<\/tbody>\n<\/table>\n<\/div>\n<\/div>\n<\/div>\n<div>\n<div class=\"StyledNutritionAccordionsItem-lkkgbq-0 hQdOeg\" data-accordion-component=\"AccordionItem\">\n<div class=\"StyledNutritionAccordionsItem__StyledNutritionAccordionsItemHeading-lkkgbq-1 bIzZwF\" role=\"heading\" data-accordion-component=\"AccordionItemHeading\">\n<div id=\"accordion__heading-1\" class=\"StyledNutritionAccordionsItem__StyledNutritionAccordionsItemButton-lkkgbq-3 ieXcmt\" role=\"button\" data-accordion-component=\"AccordionItemButton\">\n<table width=\"276\">\n<tbody>\n<tr>\n<td colspan=\"2\">100ml<\/td>\n<\/tr>\n<tr>\n<td>Energia<\/td>\n<td>85 kJ \/ 20 kcal<\/td>\n<\/tr>\n<tr>\n<td>Gordura<\/td>\n<td>0.9 g<\/td>\n<\/tr>\n<tr>\n<td>Saturados<\/td>\n<td>0.9 g<\/td>\n<\/tr>\n<tr>\n<td>Monoinsaturados<\/td>\n<td>0 g<\/td>\n<\/tr>\n<tr>\n<td>Polinsaturados<\/td>\n<td>0 g<\/td>\n<\/tr>\n<tr>\n<td>Hidratos De Carbono<\/td>\n<td>2.7 g<\/td>\n<\/tr>\n<tr>\n<td>A\u00e7\u00facares<\/td>\n<td>1.9 g<\/td>\n<\/tr>\n<tr>\n<td>Fibra<\/td>\n<td>0.1 g<\/td>\n<\/tr>\n<tr>\n<td>Prote\u00edna<\/td>\n<td>0.1 g<\/td>\n<\/tr>\n<tr>\n<td>Sal<\/td>\n<td>0.13 g<\/td>\n<\/tr>\n<tr>\n<td colspan=\"2\">Vitaminas<\/td>\n<\/tr>\n<tr>\n<td>Vitamina D<\/td>\n<td>0.75 \u00b5g<\/td>\n<\/tr>\n<tr>\n<td>Vitamina B12<\/td>\n<td>0.38 \u00b5g<\/td>\n<\/tr>\n<tr>\n<td colspan=\"2\">Minerais<\/td>\n<\/tr>\n<tr>\n<td>C\u00e1lcio<\/td>\n<td>120 mg<\/td>\n<\/tr>\n<\/tbody>\n<\/table>\n<p><strong>Ingredientes: <\/strong>\u00e1gua, leite de coco (5,3%) (creme de coco, \u00e1gua), arroz (3,3%), fosfato tric\u00e1lcico, estabilizadores (goma de guar, goma gelana, goma xantana), sal marinho, aromas, vitaminas (B12, D2).<\/p>\n<p>Veja mais em <a href=\"https:\/\/www.ateti.pt\/loja\/categoria\/bebidas\/bebidas-vegetais\/\">Bebidas Vegetal<\/a><\/p>\n<\/div>\n<\/div>\n<\/div>\n<\/div>\n","protected":false},"excerpt":{"rendered":"<p>2.49\u20ac\/lt<\/p>\n","protected":false},"featured_media":61145,"comment_status":"closed","ping_status":"closed","template":"","meta":{"_themeisle_gutenberg_block_has_review":false},"product_brand":[],"product_cat":[158,205,207,891,219],"product_tag":[],"woo-feed-brand":[],"class_list":{"0":"post-14761","1":"product","2":"type-product","3":"status-publish","4":"has-post-thumbnail","6":"product_cat-bebidas","7":"product_cat-bebidas-vegetais","8":"product_cat-bio-saudavel","9":"product_cat-iva-zero","10":"product_cat-sem-lactose","11":"ts_product_brand-alpro","13":"first","14":"instock","15":"taxable","16":"shipping-taxable","17":"purchasable","18":"product-type-simple"},"_links":{"self":[{"href":"https:\/\/www.ateti.pt\/loja\/wp-json\/wp\/v2\/product\/14761","targetHints":{"allow":["GET"]}}],"collection":[{"href":"https:\/\/www.ateti.pt\/loja\/wp-json\/wp\/v2\/product"}],"about":[{"href":"https:\/\/www.ateti.pt\/loja\/wp-json\/wp\/v2\/types\/product"}],"replies":[{"embeddable":true,"href":"https:\/\/www.ateti.pt\/loja\/wp-json\/wp\/v2\/comments?post=14761"}],"wp:featuredmedia":[{"embeddable":true,"href":"https:\/\/www.ateti.pt\/loja\/wp-json\/wp\/v2\/media\/61145"}],"wp:attachment":[{"href":"https:\/\/www.ateti.pt\/loja\/wp-json\/wp\/v2\/media?parent=14761"}],"wp:term":[{"taxonomy":"product_brand","embeddable":true,"href":"https:\/\/www.ateti.pt\/loja\/wp-json\/wp\/v2\/product_brand?post=14761"},{"taxonomy":"product_cat","embeddable":true,"href":"https:\/\/www.ateti.pt\/loja\/wp-json\/wp\/v2\/product_cat?post=14761"},{"taxonomy":"product_tag","embeddable":true,"href":"https:\/\/www.ateti.pt\/loja\/wp-json\/wp\/v2\/product_tag?post=14761"},{"taxonomy":"woo-feed-brand","embeddable":true,"href":"https:\/\/www.ateti.pt\/loja\/wp-json\/wp\/v2\/woo-feed-brand?post=14761"}],"curies":[{"name":"wp","href":"https:\/\/api.w.org\/{rel}","templated":true}]}}

Bebida Vegetal de Côco 1L Alpro

<p><strong>Bebida Vegetal Côco Alpro</strong></p>
<p>Quantidade: 1L</p>
<p>Gosta tanto da nossa Bebida Vegetal Côco Alpro como nós? Com apenas 40 kcal por copo e sem adição de açúcares* esta bebida dará sem dúvida <b>um toque tropical</b> e refrescante ao seu dia. Para um momento ainda mais refrescante, coloque-a no frigorífico antes da sua utilização. Bom para ti!</p>
<p>*Contém açúcares naturalmente presentes.</p>
<p><strong>Benefícios:</strong></p>
<ul class="Lists__CleanList-sc-196lkw4-0 StyledCheckmarkList-sc-1q9guj4-0 kQWzKs jxQohD">
<li class="StyledCheckmarkList__StyledCheckmarkListItem-sc-1q9guj4-2 gzuEhL">Naturalmente sem lactose</li>
<li class="StyledCheckmarkList__StyledCheckmarkListItem-sc-1q9guj4-2 gzuEhL">100% à base de plantas</li>
<li class="StyledCheckmarkList__StyledCheckmarkListItem-sc-1q9guj4-2 gzuEhL">Vegetariano</li>
<li class="StyledCheckmarkList__StyledCheckmarkListItem-sc-1q9guj4-2 gzuEhL">Naturalmente baixo em gordura</li>
<li class="StyledCheckmarkList__StyledCheckmarkListItem-sc-1q9guj4-2 gzuEhL">Sem açúcares ou adoçantes adicionados.</li>
<li class="StyledCheckmarkList__StyledCheckmarkListItem-sc-1q9guj4-2 gzuEhL">Uma fonte de cálcio. Contém vitaminas B2, B12 e D.</li>
<li class="StyledCheckmarkList__StyledCheckmarkListItem-sc-1q9guj4-2 gzuEhL">Fonte de cálcio e vitaminas D e B12. A vitamina B12 contribui para a redução do cansaço e fadiga.</li>
</ul>
<div>
<div class="StyledNutritionAccordionsItem-lkkgbq-0 hQdOeg" data-accordion-component="AccordionItem">
<div id="accordion__panel-0" class="StyledNutritionAccordionsItem__StyledNutritionAccordionsItemPanel-lkkgbq-2 jLdFZJ" role="region" data-accordion-component="AccordionItemPanel" aria-labelledby="accordion__heading-0">
<table class="StyledNutritionTable-ne8c4a-0 kJHarV">
<caption class="StyledNutritionTable__StyledNutritionTableCaption-ne8c4a-1 laQGJn">100ml</caption>
<tbody>
<tr class="StyledNutritionTable__StyledNutritionTableRow-ne8c4a-2 iuNQUZ" data-type="row">
<th class="StyledNutritionTable__StyledNutritionTableHead-ne8c4a-3 dFWedX" colspan="1">Energia</th>
<td>85 kJ / 20 kcal</td>
</tr>
<tr class="StyledNutritionTable__StyledNutritionTableRow-ne8c4a-2 iuNQUZ" data-type="row">
<th class="StyledNutritionTable__StyledNutritionTableHead-ne8c4a-3 dFWedX" colspan="1">Gordura</th>
<td>0.9 g</td>
</tr>
<tr class="StyledNutritionTable__StyledNutritionTableRow-ne8c4a-2 iuNQUZ">
<th class="StyledNutritionTable__StyledNutritionTableHead-ne8c4a-3 dFWedX" colspan="1">Saturados</th>
<td>0.9 g</td>
</tr>
<tr class="StyledNutritionTable__StyledNutritionTableRow-ne8c4a-2 iuNQUZ">
<th class="StyledNutritionTable__StyledNutritionTableHead-ne8c4a-3 dFWedX" colspan="1">Monoinsaturados</th>
<td>0 g</td>
</tr>
<tr class="StyledNutritionTable__StyledNutritionTableRow-ne8c4a-2 iuNQUZ">
<th class="StyledNutritionTable__StyledNutritionTableHead-ne8c4a-3 dFWedX" colspan="1">Polinsaturados</th>
<td>0 g</td>
</tr>
<tr class="StyledNutritionTable__StyledNutritionTableRow-ne8c4a-2 iuNQUZ" data-type="row">
<th class="StyledNutritionTable__StyledNutritionTableHead-ne8c4a-3 dFWedX" colspan="1">Hidratos De Carbono</th>
<td>2.7 g</td>
</tr>
<tr class="StyledNutritionTable__StyledNutritionTableRow-ne8c4a-2 iuNQUZ">
<th class="StyledNutritionTable__StyledNutritionTableHead-ne8c4a-3 dFWedX" colspan="1">Açúcares</th>
<td>1.9 g</td>
</tr>
<tr class="StyledNutritionTable__StyledNutritionTableRow-ne8c4a-2 iuNQUZ" data-type="row">
<th class="StyledNutritionTable__StyledNutritionTableHead-ne8c4a-3 dFWedX" colspan="1">Fibra</th>
<td>0.1 g</td>
</tr>
<tr class="StyledNutritionTable__StyledNutritionTableRow-ne8c4a-2 iuNQUZ" data-type="row">
<th class="StyledNutritionTable__StyledNutritionTableHead-ne8c4a-3 dFWedX" colspan="1">Proteína</th>
<td>0.1 g</td>
</tr>
<tr class="StyledNutritionTable__StyledNutritionTableRow-ne8c4a-2 iuNQUZ" data-type="row">
<th class="StyledNutritionTable__StyledNutritionTableHead-ne8c4a-3 dFWedX" colspan="1">Sal</th>
<td>0.13 g</td>
</tr>
<tr class="StyledNutritionTable__StyledNutritionTableRow-ne8c4a-2 iuNQUZ" data-type="row">
<th class="StyledNutritionTable__StyledNutritionTableHead-ne8c4a-3 dFWedX" colspan="2">Vitaminas</th>
</tr>
<tr class="StyledNutritionTable__StyledNutritionTableRow-ne8c4a-2 iuNQUZ">
<th class="StyledNutritionTable__StyledNutritionTableHead-ne8c4a-3 dFWedX" colspan="1">Vitamina D</th>
<td>0.75 µg</td>
</tr>
<tr class="StyledNutritionTable__StyledNutritionTableRow-ne8c4a-2 iuNQUZ">
<th class="StyledNutritionTable__StyledNutritionTableHead-ne8c4a-3 dFWedX" colspan="1">Vitamina B12</th>
<td>0.38 µg</td>
</tr>
<tr class="StyledNutritionTable__StyledNutritionTableRow-ne8c4a-2 iuNQUZ" data-type="row">
<th class="StyledNutritionTable__StyledNutritionTableHead-ne8c4a-3 dFWedX" colspan="2">Minerais</th>
</tr>
<tr class="StyledNutritionTable__StyledNutritionTableRow-ne8c4a-2 iuNQUZ">
<th class="StyledNutritionTable__StyledNutritionTableHead-ne8c4a-3 dFWedX" colspan="1">Cálcio</th>
<td>120 mg</td>
</tr>
</tbody>
</table>
</div>
</div>
</div>
<div>
<div class="StyledNutritionAccordionsItem-lkkgbq-0 hQdOeg" data-accordion-component="AccordionItem">
<div class="StyledNutritionAccordionsItem__StyledNutritionAccordionsItemHeading-lkkgbq-1 bIzZwF" role="heading" data-accordion-component="AccordionItemHeading">
<div id="accordion__heading-1" class="StyledNutritionAccordionsItem__StyledNutritionAccordionsItemButton-lkkgbq-3 ieXcmt" role="button" data-accordion-component="AccordionItemButton">
<table width="276">
<tbody>
<tr>
<td colspan="2">100ml</td>
</tr>
<tr>
<td>Energia</td>
<td>85 kJ / 20 kcal</td>
</tr>
<tr>
<td>Gordura</td>
<td>0.9 g</td>
</tr>
<tr>
<td>Saturados</td>
<td>0.9 g</td>
</tr>
<tr>
<td>Monoinsaturados</td>
<td>0 g</td>
</tr>
<tr>
<td>Polinsaturados</td>
<td>0 g</td>
</tr>
<tr>
<td>Hidratos De Carbono</td>
<td>2.7 g</td>
</tr>
<tr>
<td>Açúcares</td>
<td>1.9 g</td>
</tr>
<tr>
<td>Fibra</td>
<td>0.1 g</td>
</tr>
<tr>
<td>Proteína</td>
<td>0.1 g</td>
</tr>
<tr>
<td>Sal</td>
<td>0.13 g</td>
</tr>
<tr>
<td colspan="2">Vitaminas</td>
</tr>
<tr>
<td>Vitamina D</td>
<td>0.75 µg</td>
</tr>
<tr>
<td>Vitamina B12</td>
<td>0.38 µg</td>
</tr>
<tr>
<td colspan="2">Minerais</td>
</tr>
<tr>
<td>Cálcio</td>
<td>120 mg</td>
</tr>
</tbody>
</table>
<p><strong>Ingredientes: </strong>água, leite de coco (5,3%) (creme de coco, água), arroz (3,3%), fosfato tricálcico, estabilizadores (goma de guar, goma gelana, goma xantana), sal marinho, aromas, vitaminas (B12, D2).</p>
<p>Veja mais em <a href="https://www.ateti.pt/loja/categoria/bebidas/bebidas-vegetais/">Bebidas Vegetal</a></p>
</div>
</div>
</div>
</div>
