{"id":14753,"date":"2020-04-22T16:11:41","date_gmt":"2020-04-22T15:11:41","guid":{"rendered":"https:\/\/www.ateti.pt\/loja\/?post_type=product&#038;p=14753"},"modified":"2024-08-27T12:27:40","modified_gmt":"2024-08-27T11:27:40","slug":"bebida-amendoa-1lt-alpro","status":"publish","type":"product","link":"https:\/\/www.ateti.pt\/loja\/produto\/bebida-amendoa-1lt-alpro\/","title":{"rendered":"Bebida Vegetal de Am\u00eandoa 1L Alpro"},"content":{"rendered":"<p><strong>Bebida Vegetal Am\u00eandoa Alpro<\/strong><\/p>\n<p>Quantidade: 1L<\/p>\n<p>A sua ingest\u00e3o di\u00e1ria de fibras nunca foi t\u00e3o saborosa! <strong>Bebida Vegetal Amend\u00f4a Alpro<\/strong> \u00e9 rica em fibra e tem um sabor deliciosamente suave e natural. Simples, com cereais, com caf\u00e9 ou em batidos, desfrute da Alpro Bebida de Aveia ao pequeno-almo\u00e7o ou sempre que quiser. Bom para ti!<\/p>\n<p>Quantidade: 1L<\/p>\n<p><span style=\"font-family: Times New Roman, serif\"><b>Valores Nutricionais: <\/b><\/span><span style=\"font-family: Times New Roman, serif\">Energia: 185 KJ\/ 44 Kcal; Gorduras:1.5g, dos quais saturados: 0.1g, dos quais monoinsaturados: 0.7g, dos quais polinsaturados:: 0.7g; Hidratos de Carbono: 6.8g, dos quais a\u00e7\u00facares: 3.3g; Fibra: 1.4g; Prote\u00edna: 0.3g; Sal: 0.09g; Minerais, dos quais c\u00e1lcio:120mg<\/span><\/p>\n<p><b><span style=\"font-family: Times New Roman, serif\">Ingrediente<\/span><\/b><span style=\"font-family: Times New Roman, serif\"><b>s: <\/b><\/span><span style=\"color: #2d2d2d\"><span style=\"font-family: Times New Roman, serif\">base de<\/span><\/span><span style=\"color: #2d2d2d\"><span style=\"font-family: Times New Roman, serif\">aveia<\/span><\/span><span style=\"color: #2d2d2d\"><span style=\"font-family: Times New Roman, serif\">(\u00e1gua,<\/span><\/span><span style=\"color: #2d2d2d\"><span style=\"font-family: Times New Roman, serif\">\u00a0<\/span><\/span><span style=\"color: #2d2d2d\"><span style=\"font-family: Times New Roman, serif\">aveia<\/span><\/span><span style=\"color: #2d2d2d\"><span style=\"font-family: Times New Roman, serif\">(9,8%)), fibra de raiz de chic\u00f3ria, \u00f3leo de girassol, fosfato tric\u00e1lcico, sal marinho, estabilizador (goma gelana), vitaminas (B2, B12, D2).<\/span><\/span><\/p>\n<p><strong>Benef\u00edcios:<\/strong><\/p>\n<ul class=\"Lists__CleanList-sc-196lkw4-0 StyledCheckmarkList-sc-1q9guj4-0 kQWzKs jxQohD\">\n<li class=\"StyledCheckmarkList__StyledCheckmarkListItem-sc-1q9guj4-2 gzuEhL\">Naturalmente sem lactose<\/li>\n<li class=\"StyledCheckmarkList__StyledCheckmarkListItem-sc-1q9guj4-2 gzuEhL\">100% \u00e0 base de plantas<\/li>\n<li class=\"StyledCheckmarkList__StyledCheckmarkListItem-sc-1q9guj4-2 gzuEhL\">Vegetariano<\/li>\n<li class=\"StyledCheckmarkList__StyledCheckmarkListItem-sc-1q9guj4-2 gzuEhL\">Naturalmente baixo em gordura<\/li>\n<li class=\"StyledCheckmarkList__StyledCheckmarkListItem-sc-1q9guj4-2 gzuEhL\">Naturalmente baixo em gordura saturada<\/li>\n<li class=\"StyledCheckmarkList__StyledCheckmarkListItem-sc-1q9guj4-2 gzuEhL\">Sem a\u00e7\u00facares ou ado\u00e7antes adicionados.<\/li>\n<li class=\"StyledCheckmarkList__StyledCheckmarkListItem-sc-1q9guj4-2 gzuEhL\">Rico em fibra<\/li>\n<li class=\"StyledCheckmarkList__StyledCheckmarkListItem-sc-1q9guj4-2 gzuEhL\">Uma fonte de c\u00e1lcio. Cont\u00e9m vitaminas B2, B12 e D<\/li>\n<\/ul>\n<p>Veja mais em <a href=\"https:\/\/www.ateti.pt\/loja\/categoria\/bebidas\/bebidas-vegetais\/\">Bebidas Vegetais<\/a><\/p>\n","protected":false},"excerpt":{"rendered":"<p>2.49\u20ac\/lt<\/p>\n","protected":false},"featured_media":61147,"comment_status":"closed","ping_status":"closed","template":"","meta":{"_themeisle_gutenberg_block_has_review":false},"product_brand":[],"product_cat":[158,205,207,891,219],"product_tag":[],"woo-feed-brand":[],"class_list":{"0":"post-14753","1":"product","2":"type-product","3":"status-publish","4":"has-post-thumbnail","6":"product_cat-bebidas","7":"product_cat-bebidas-vegetais","8":"product_cat-bio-saudavel","9":"product_cat-iva-zero","10":"product_cat-sem-lactose","11":"ts_product_brand-alpro","13":"first","14":"instock","15":"taxable","16":"shipping-taxable","17":"purchasable","18":"product-type-simple"},"_links":{"self":[{"href":"https:\/\/www.ateti.pt\/loja\/wp-json\/wp\/v2\/product\/14753","targetHints":{"allow":["GET"]}}],"collection":[{"href":"https:\/\/www.ateti.pt\/loja\/wp-json\/wp\/v2\/product"}],"about":[{"href":"https:\/\/www.ateti.pt\/loja\/wp-json\/wp\/v2\/types\/product"}],"replies":[{"embeddable":true,"href":"https:\/\/www.ateti.pt\/loja\/wp-json\/wp\/v2\/comments?post=14753"}],"wp:featuredmedia":[{"embeddable":true,"href":"https:\/\/www.ateti.pt\/loja\/wp-json\/wp\/v2\/media\/61147"}],"wp:attachment":[{"href":"https:\/\/www.ateti.pt\/loja\/wp-json\/wp\/v2\/media?parent=14753"}],"wp:term":[{"taxonomy":"product_brand","embeddable":true,"href":"https:\/\/www.ateti.pt\/loja\/wp-json\/wp\/v2\/product_brand?post=14753"},{"taxonomy":"product_cat","embeddable":true,"href":"https:\/\/www.ateti.pt\/loja\/wp-json\/wp\/v2\/product_cat?post=14753"},{"taxonomy":"product_tag","embeddable":true,"href":"https:\/\/www.ateti.pt\/loja\/wp-json\/wp\/v2\/product_tag?post=14753"},{"taxonomy":"woo-feed-brand","embeddable":true,"href":"https:\/\/www.ateti.pt\/loja\/wp-json\/wp\/v2\/woo-feed-brand?post=14753"}],"curies":[{"name":"wp","href":"https:\/\/api.w.org\/{rel}","templated":true}]}}

Bebida Vegetal de Amêndoa 1L Alpro

<p><strong>Bebida Vegetal Amêndoa Alpro</strong></p>
<p>Quantidade: 1L</p>
<p>A sua ingestão diária de fibras nunca foi tão saborosa! <strong>Bebida Vegetal Amendôa Alpro</strong> é rica em fibra e tem um sabor deliciosamente suave e natural. Simples, com cereais, com café ou em batidos, desfrute da Alpro Bebida de Aveia ao pequeno-almoço ou sempre que quiser. Bom para ti!</p>
<p>Quantidade: 1L</p>
<p><span style="font-family: Times New Roman, serif"><b>Valores Nutricionais: </b></span><span style="font-family: Times New Roman, serif">Energia: 185 KJ/ 44 Kcal; Gorduras:1.5g, dos quais saturados: 0.1g, dos quais monoinsaturados: 0.7g, dos quais polinsaturados:: 0.7g; Hidratos de Carbono: 6.8g, dos quais açúcares: 3.3g; Fibra: 1.4g; Proteína: 0.3g; Sal: 0.09g; Minerais, dos quais cálcio:120mg</span></p>
<p><b><span style="font-family: Times New Roman, serif">Ingrediente</span></b><span style="font-family: Times New Roman, serif"><b>s: </b></span><span style="color: #2d2d2d"><span style="font-family: Times New Roman, serif">base de</span></span><span style="color: #2d2d2d"><span style="font-family: Times New Roman, serif">aveia</span></span><span style="color: #2d2d2d"><span style="font-family: Times New Roman, serif">(água,</span></span><span style="color: #2d2d2d"><span style="font-family: Times New Roman, serif"> </span></span><span style="color: #2d2d2d"><span style="font-family: Times New Roman, serif">aveia</span></span><span style="color: #2d2d2d"><span style="font-family: Times New Roman, serif">(9,8%)), fibra de raiz de chicória, óleo de girassol, fosfato tricálcico, sal marinho, estabilizador (goma gelana), vitaminas (B2, B12, D2).</span></span></p>
<p><strong>Benefícios:</strong></p>
<ul class="Lists__CleanList-sc-196lkw4-0 StyledCheckmarkList-sc-1q9guj4-0 kQWzKs jxQohD">
<li class="StyledCheckmarkList__StyledCheckmarkListItem-sc-1q9guj4-2 gzuEhL">Naturalmente sem lactose</li>
<li class="StyledCheckmarkList__StyledCheckmarkListItem-sc-1q9guj4-2 gzuEhL">100% à base de plantas</li>
<li class="StyledCheckmarkList__StyledCheckmarkListItem-sc-1q9guj4-2 gzuEhL">Vegetariano</li>
<li class="StyledCheckmarkList__StyledCheckmarkListItem-sc-1q9guj4-2 gzuEhL">Naturalmente baixo em gordura</li>
<li class="StyledCheckmarkList__StyledCheckmarkListItem-sc-1q9guj4-2 gzuEhL">Naturalmente baixo em gordura saturada</li>
<li class="StyledCheckmarkList__StyledCheckmarkListItem-sc-1q9guj4-2 gzuEhL">Sem açúcares ou adoçantes adicionados.</li>
<li class="StyledCheckmarkList__StyledCheckmarkListItem-sc-1q9guj4-2 gzuEhL">Rico em fibra</li>
<li class="StyledCheckmarkList__StyledCheckmarkListItem-sc-1q9guj4-2 gzuEhL">Uma fonte de cálcio. Contém vitaminas B2, B12 e D</li>
</ul>
<p>Veja mais em <a href="https://www.ateti.pt/loja/categoria/bebidas/bebidas-vegetais/">Bebidas Vegetais</a></p>
