{"id":14598,"date":"2020-04-21T21:28:01","date_gmt":"2020-04-21T20:28:01","guid":{"rendered":"https:\/\/www.ateti.pt\/loja\/?post_type=product&#038;p=14598"},"modified":"2024-06-19T16:24:19","modified_gmt":"2024-06-19T15:24:19","slug":"cereais-nesquik-nestle-375gr","status":"publish","type":"product","link":"https:\/\/www.ateti.pt\/loja\/produto\/cereais-nesquik-nestle-375gr\/","title":{"rendered":"Cereais Nesquik 300g Nestl\u00e9"},"content":{"rendered":"<h5>Cereais Nesquik Nestl\u00e9<\/h5>\n<p>Quantidade: 375g<\/p>\n<p>NESQUIK. Cereais com irresist\u00edvel sabor a chocolate. Cont\u00eam cereais integrais e 7 vitaminas e minerais.<\/p>\n<p><strong>Ingredientes: <\/strong>Cereais (68,4%) [<strong>trigo\u00a0<\/strong>integral (51,4%), s\u00eamola de milho (17%)], a\u00e7\u00facar, xarope de glucose, cacau em p\u00f3 magro (5,7%), vitaminas e minerais (c\u00e1lcio, niacina, \u00e1cido pantot\u00e9nico, ferro, vitamina D, vitamina B6, tiamina, riboflavina, \u00e1cido f\u00f3lico), sal, aroma natural.<\/p>\n<div class=\"field__item\">\n<div class=\"paragraph paragraph--type--titulo-paragrafo paragraph--view-mode--default\">\n<div class=\"titulo-paragrafo__field-paragrafo\">\n<p>Pode conter<strong>\u00a0leite, amendoins e frutos secos de casca rija.<\/strong><\/p>\n<\/div>\n<\/div>\n<\/div>\n<div class=\"field__item\">\n<div class=\"paragraph paragraph--type--titulo-paragrafo paragraph--view-mode--default\">\n<div class=\"titulo-paragrafo__field-titulo\">\n<p><strong>Prepara\u00e7\u00e3o: <\/strong>junte 30 g de Cereais NESQUIK com 125ml de leite meio gordo.<\/p>\n<\/div>\n<\/div>\n<\/div>\n<div class=\"field__item\">\n<div class=\"paragraph paragraph--type--titulo-paragrafo paragraph--view-mode--default\">\n<div class=\"titulo-paragrafo__field-titulo\">\n<p><strong>Conserva\u00e7\u00e3o: <\/strong>conservar num local fresco e seco. Consumir de prefer\u00eancia antes do fim da data especificada na embalagem.<\/p>\n<table>\n<thead>\n<tr>\n<td><strong>Declara\u00e7\u00e3o Nutricional\u00a0<\/strong>(valores m\u00e9dios)<\/td>\n<td><strong>Por 100g<\/strong><\/td>\n<td><strong>Por dose\/refei\u00e7\u00e3o *<\/strong><\/td>\n<td>%\u00a0<strong>DR **<\/strong><\/td>\n<\/tr>\n<\/thead>\n<tbody>\n<tr>\n<td><strong>Energia<\/strong><\/td>\n<td>369kcal<\/td>\n<td>171kcal<\/td>\n<td>9%<\/td>\n<\/tr>\n<tr>\n<td><strong>L\u00edpidos<\/strong><br \/>\nDos quais Saturados<\/td>\n<td>1.7g<br \/>\n0.6g<\/td>\n<td>2.6g<br \/>\n1.4g<\/td>\n<td>4%<br \/>\n7%<\/td>\n<\/tr>\n<tr>\n<td><strong>Hidratos de Carbono<\/strong><br \/>\nDos quais A\u00e7\u00facares<\/td>\n<td>75.8g<br \/>\n24.9g<\/td>\n<td>28.9g<br \/>\n13.3g<\/td>\n<td>11%<br \/>\n15%<\/td>\n<\/tr>\n<tr>\n<td><strong>Fibra<\/strong><\/td>\n<td>8.7g<\/td>\n<td>2.6g<\/td>\n<td>&#8211;<\/td>\n<\/tr>\n<tr>\n<td><strong>Prote\u00ednas<\/strong><\/td>\n<td>8.4g<\/td>\n<td>6.8g<\/td>\n<td>14%<\/td>\n<\/tr>\n<tr>\n<td><strong>Sal<\/strong><\/td>\n<td>0.44g<\/td>\n<td>0.28g<\/td>\n<td>5%<\/td>\n<\/tr>\n<\/tbody>\n<\/table>\n<\/div>\n<\/div>\n<\/div>\n<p>Veja mais em <a href=\"https:\/\/www.ateti.pt\/loja\/categoria\/mercearia\/chocolates-biscoitos-e-cereais\/pequeno-almoco-e-cereais\/\">Pequeno-almo\u00e7o e cereais<\/a><\/p>\n","protected":false},"excerpt":{"rendered":"<p>7.87\u20ac\/KG<\/p>\n","protected":false},"featured_media":57193,"comment_status":"closed","ping_status":"closed","template":"","meta":{"_themeisle_gutenberg_block_has_review":false},"product_brand":[],"product_cat":[144,132,145],"product_tag":[],"woo-feed-brand":[],"class_list":{"0":"post-14598","1":"product","2":"type-product","3":"status-publish","4":"has-post-thumbnail","6":"product_cat-chocolates-biscoitos-e-cereais","7":"product_cat-mercearia","8":"product_cat-pequeno-almoco-e-cereais","9":"ts_product_brand-nestle","11":"first","12":"instock","13":"taxable","14":"shipping-taxable","15":"purchasable","16":"product-type-simple"},"_links":{"self":[{"href":"https:\/\/www.ateti.pt\/loja\/wp-json\/wp\/v2\/product\/14598","targetHints":{"allow":["GET"]}}],"collection":[{"href":"https:\/\/www.ateti.pt\/loja\/wp-json\/wp\/v2\/product"}],"about":[{"href":"https:\/\/www.ateti.pt\/loja\/wp-json\/wp\/v2\/types\/product"}],"replies":[{"embeddable":true,"href":"https:\/\/www.ateti.pt\/loja\/wp-json\/wp\/v2\/comments?post=14598"}],"wp:featuredmedia":[{"embeddable":true,"href":"https:\/\/www.ateti.pt\/loja\/wp-json\/wp\/v2\/media\/57193"}],"wp:attachment":[{"href":"https:\/\/www.ateti.pt\/loja\/wp-json\/wp\/v2\/media?parent=14598"}],"wp:term":[{"taxonomy":"product_brand","embeddable":true,"href":"https:\/\/www.ateti.pt\/loja\/wp-json\/wp\/v2\/product_brand?post=14598"},{"taxonomy":"product_cat","embeddable":true,"href":"https:\/\/www.ateti.pt\/loja\/wp-json\/wp\/v2\/product_cat?post=14598"},{"taxonomy":"product_tag","embeddable":true,"href":"https:\/\/www.ateti.pt\/loja\/wp-json\/wp\/v2\/product_tag?post=14598"},{"taxonomy":"woo-feed-brand","embeddable":true,"href":"https:\/\/www.ateti.pt\/loja\/wp-json\/wp\/v2\/woo-feed-brand?post=14598"}],"curies":[{"name":"wp","href":"https:\/\/api.w.org\/{rel}","templated":true}]}}

Cereais Nesquik 300g Nestlé

<h5>Cereais Nesquik Nestlé</h5>
<p>Quantidade: 375g</p>
<p>NESQUIK. Cereais com irresistível sabor a chocolate. Contêm cereais integrais e 7 vitaminas e minerais.</p>
<p><strong>Ingredientes: </strong>Cereais (68,4%) [<strong>trigo </strong>integral (51,4%), sêmola de milho (17%)], açúcar, xarope de glucose, cacau em pó magro (5,7%), vitaminas e minerais (cálcio, niacina, ácido pantoténico, ferro, vitamina D, vitamina B6, tiamina, riboflavina, ácido fólico), sal, aroma natural.</p>
<div class="field__item">
<div class="paragraph paragraph--type--titulo-paragrafo paragraph--view-mode--default">
<div class="titulo-paragrafo__field-paragrafo">
<p>Pode conter<strong> leite, amendoins e frutos secos de casca rija.</strong></p>
</div>
</div>
</div>
<div class="field__item">
<div class="paragraph paragraph--type--titulo-paragrafo paragraph--view-mode--default">
<div class="titulo-paragrafo__field-titulo">
<p><strong>Preparação: </strong>junte 30 g de Cereais NESQUIK com 125ml de leite meio gordo.</p>
</div>
</div>
</div>
<div class="field__item">
<div class="paragraph paragraph--type--titulo-paragrafo paragraph--view-mode--default">
<div class="titulo-paragrafo__field-titulo">
<p><strong>Conservação: </strong>conservar num local fresco e seco. Consumir de preferência antes do fim da data especificada na embalagem.</p>
<table>
<thead>
<tr>
<td><strong>Declaração Nutricional </strong>(valores médios)</td>
<td><strong>Por 100g</strong></td>
<td><strong>Por dose/refeição *</strong></td>
<td>% <strong>DR **</strong></td>
</tr>
</thead>
<tbody>
<tr>
<td><strong>Energia</strong></td>
<td>369kcal</td>
<td>171kcal</td>
<td>9%</td>
</tr>
<tr>
<td><strong>Lípidos</strong><br />
Dos quais Saturados</td>
<td>1.7g<br />
0.6g</td>
<td>2.6g<br />
1.4g</td>
<td>4%<br />
7%</td>
</tr>
<tr>
<td><strong>Hidratos de Carbono</strong><br />
Dos quais Açúcares</td>
<td>75.8g<br />
24.9g</td>
<td>28.9g<br />
13.3g</td>
<td>11%<br />
15%</td>
</tr>
<tr>
<td><strong>Fibra</strong></td>
<td>8.7g</td>
<td>2.6g</td>
<td>&#8211;</td>
</tr>
<tr>
<td><strong>Proteínas</strong></td>
<td>8.4g</td>
<td>6.8g</td>
<td>14%</td>
</tr>
<tr>
<td><strong>Sal</strong></td>
<td>0.44g</td>
<td>0.28g</td>
<td>5%</td>
</tr>
</tbody>
</table>
</div>
</div>
</div>
<p>Veja mais em <a href="https://www.ateti.pt/loja/categoria/mercearia/chocolates-biscoitos-e-cereais/pequeno-almoco-e-cereais/">Pequeno-almoço e cereais</a></p>
