{"id":14596,"date":"2020-04-21T16:29:53","date_gmt":"2020-04-21T15:29:53","guid":{"rendered":"https:\/\/www.ateti.pt\/loja\/?post_type=product&#038;p=14596"},"modified":"2024-04-17T15:32:18","modified_gmt":"2024-04-17T15:32:18","slug":"cereais-chocapic-nestle-375gr","status":"publish","type":"product","link":"https:\/\/www.ateti.pt\/loja\/produto\/cereais-chocapic-nestle-375gr\/","title":{"rendered":"Cereais Chocapic Nestl\u00e9 375g"},"content":{"rendered":"<h5>Cereais Chocapic Nestl\u00e9<\/h5>\n<p>CHOCAPIC. Deliciosos cereais com trigo e chocolate. Cont\u00eam cereais integrais e 7 vitaminas e minerais.<\/p>\n<div class=\"field__item\">\n<div class=\"paragraph paragraph--type--titulo-paragrafo paragraph--view-mode--default\">\n<div class=\"titulo-paragrafo__field-paragrafo\">\n<p>Farinha de\u00a0<strong>trigo\u00a0<\/strong>integral (33,6%), a\u00e7\u00facar, farinha de\u00a0<strong>trigo\u00a0<\/strong>(16,9%), s\u00eamola de milho (15,1%), cacau em p\u00f3 (7,3%), xarope de glucose, extrato de malte de\u00a0<strong>cevada\u00a0<\/strong>(<strong>cevada<\/strong>, cevada malteada), \u00f3leo de girassol, carbonato de c\u00e1lcio, emulsionante (lecitina de girassol), sal, aromas naturais, ferro, vitamina B3, B5, D, B6, B1, B2, B9.<\/p>\n<p>Pode conter\u00a0<strong>leite<\/strong>,\u00a0<strong>amendoins\u00a0<\/strong>e f<strong>rutos de casca rija.<\/strong><\/p>\n<\/div>\n<\/div>\n<\/div>\n<div class=\"field__item\">\n<div class=\"paragraph paragraph--type--titulo-paragrafo paragraph--view-mode--default\">\n<div class=\"titulo-paragrafo__field-titulo\"><strong>Prepara\u00e7\u00e3o:<\/strong>\u00a0 junte 30g de Cereais CHOCAPIC com 125ml de leite meio gordo.<\/div>\n<\/div>\n<\/div>\n<div class=\"field__item\">\n<div class=\"paragraph paragraph--type--titulo-paragrafo paragraph--view-mode--default\">\n<div><\/div>\n<div class=\"titulo-paragrafo__field-titulo\"><strong>Conserva\u00e7\u00e3o:<\/strong>\u00a0conservar num local fresco e seco. Consumir de prefer\u00eancia antes do fim da data especificada na embalagem.<\/div>\n<div><\/div>\n<div><strong>Valores nutricionais:\u00a0<\/strong>Energia: 385kcal; L\u00edpidos: 4.6g, dos quais saturados: 1.3g; Hidratos de carbono: 73.1g, dos quais a\u00e7\u00facares: 24.8g; Fibra:8g; Prote\u00ednas: 8.8g; Sal: 0.22g.<\/div>\n<\/div>\n<\/div>\n<p>Quantidade: 375g<\/p>\n<p>Veja mais em <a href=\"https:\/\/www.ateti.pt\/loja\/categoria\/mercearia\/chocolates-biscoitos-e-cereais\/pequeno-almoco-e-cereais\/\">Pequeno-almo\u00e7o e Cereais<\/a><\/p>\n","protected":false},"excerpt":{"rendered":"<p>8.77\/KG<\/p>\n","protected":false},"featured_media":57195,"comment_status":"closed","ping_status":"closed","template":"","meta":{"_themeisle_gutenberg_block_has_review":false},"product_brand":[],"product_cat":[144,132,145],"product_tag":[],"woo-feed-brand":[],"class_list":{"0":"post-14596","1":"product","2":"type-product","3":"status-publish","4":"has-post-thumbnail","6":"product_cat-chocolates-biscoitos-e-cereais","7":"product_cat-mercearia","8":"product_cat-pequeno-almoco-e-cereais","9":"ts_product_brand-nestle","11":"first","12":"instock","13":"sale","14":"taxable","15":"shipping-taxable","16":"purchasable","17":"product-type-simple"},"_links":{"self":[{"href":"https:\/\/www.ateti.pt\/loja\/wp-json\/wp\/v2\/product\/14596","targetHints":{"allow":["GET"]}}],"collection":[{"href":"https:\/\/www.ateti.pt\/loja\/wp-json\/wp\/v2\/product"}],"about":[{"href":"https:\/\/www.ateti.pt\/loja\/wp-json\/wp\/v2\/types\/product"}],"replies":[{"embeddable":true,"href":"https:\/\/www.ateti.pt\/loja\/wp-json\/wp\/v2\/comments?post=14596"}],"wp:featuredmedia":[{"embeddable":true,"href":"https:\/\/www.ateti.pt\/loja\/wp-json\/wp\/v2\/media\/57195"}],"wp:attachment":[{"href":"https:\/\/www.ateti.pt\/loja\/wp-json\/wp\/v2\/media?parent=14596"}],"wp:term":[{"taxonomy":"product_brand","embeddable":true,"href":"https:\/\/www.ateti.pt\/loja\/wp-json\/wp\/v2\/product_brand?post=14596"},{"taxonomy":"product_cat","embeddable":true,"href":"https:\/\/www.ateti.pt\/loja\/wp-json\/wp\/v2\/product_cat?post=14596"},{"taxonomy":"product_tag","embeddable":true,"href":"https:\/\/www.ateti.pt\/loja\/wp-json\/wp\/v2\/product_tag?post=14596"},{"taxonomy":"woo-feed-brand","embeddable":true,"href":"https:\/\/www.ateti.pt\/loja\/wp-json\/wp\/v2\/woo-feed-brand?post=14596"}],"curies":[{"name":"wp","href":"https:\/\/api.w.org\/{rel}","templated":true}]}}

Cereais Chocapic Nestlé 375g

<h5>Cereais Chocapic Nestlé</h5>
<p>CHOCAPIC. Deliciosos cereais com trigo e chocolate. Contêm cereais integrais e 7 vitaminas e minerais.</p>
<div class="field__item">
<div class="paragraph paragraph--type--titulo-paragrafo paragraph--view-mode--default">
<div class="titulo-paragrafo__field-paragrafo">
<p>Farinha de <strong>trigo </strong>integral (33,6%), açúcar, farinha de <strong>trigo </strong>(16,9%), sêmola de milho (15,1%), cacau em pó (7,3%), xarope de glucose, extrato de malte de <strong>cevada </strong>(<strong>cevada</strong>, cevada malteada), óleo de girassol, carbonato de cálcio, emulsionante (lecitina de girassol), sal, aromas naturais, ferro, vitamina B3, B5, D, B6, B1, B2, B9.</p>
<p>Pode conter <strong>leite</strong>, <strong>amendoins </strong>e f<strong>rutos de casca rija.</strong></p>
</div>
</div>
</div>
<div class="field__item">
<div class="paragraph paragraph--type--titulo-paragrafo paragraph--view-mode--default">
<div class="titulo-paragrafo__field-titulo"><strong>Preparação:</strong>  junte 30g de Cereais CHOCAPIC com 125ml de leite meio gordo.</div>
</div>
</div>
<div class="field__item">
<div class="paragraph paragraph--type--titulo-paragrafo paragraph--view-mode--default">
<div></div>
<div class="titulo-paragrafo__field-titulo"><strong>Conservação:</strong> conservar num local fresco e seco. Consumir de preferência antes do fim da data especificada na embalagem.</div>
<div></div>
<div><strong>Valores nutricionais: </strong>Energia: 385kcal; Lípidos: 4.6g, dos quais saturados: 1.3g; Hidratos de carbono: 73.1g, dos quais açúcares: 24.8g; Fibra:8g; Proteínas: 8.8g; Sal: 0.22g.</div>
</div>
</div>
<p>Quantidade: 375g</p>
<p>Veja mais em <a href="https://www.ateti.pt/loja/categoria/mercearia/chocolates-biscoitos-e-cereais/pequeno-almoco-e-cereais/">Pequeno-almoço e Cereais</a></p>
