{"id":14304,"date":"2025-12-09T09:30:08","date_gmt":"2025-12-09T09:30:08","guid":{"rendered":"https:\/\/www.ateti.pt\/loja\/?post_type=product&#038;p=14304"},"modified":"2026-01-16T11:18:16","modified_gmt":"2026-01-16T11:18:16","slug":"farinha-extra-fina-s-fermento-nacional","status":"publish","type":"product","link":"https:\/\/www.ateti.pt\/loja\/produto\/farinha-extra-fina-s-fermento-nacional\/","title":{"rendered":"Farinha Extra Fina s\/Fermento T55 1Kg Nacional"},"content":{"rendered":"<p><strong>Farinha Extra Fina Nacional<\/strong><\/p>\n<p>Quantidade: 1Kg<\/p>\n<p>Com trigos selecionados, a Farinha Extra Fina da Nacional sem fermento est\u00e1 ainda mais fina, mais branca e mais pura.<\/p>\n<p>Ideal para a confe\u00e7\u00e3o de bolos, massas, tartes e biscoitos, experimente e d\u00ea um toque especial \u00e0s suas receitas, tornando-as ainda mais deliciosas e requintadas.<\/p>\n<table id=\"table_nutricional\" border=\"0\" width=\"340\" cellspacing=\"0\" cellpadding=\"0\">\n<tbody>\n<tr>\n<th scope=\"col\" align=\"left\" valign=\"middle\" width=\"60%\">Declara\u00e7\u00e3o nutricional<\/th>\n<th colspan=\"2\" scope=\"col\" align=\"center\" valign=\"middle\"><\/th>\n<\/tr>\n<tr class=\"tablehead\">\n<td align=\"left\" valign=\"middle\">Valores m\u00e9dios:<\/td>\n<td colspan=\"2\" align=\"center\" valign=\"middle\">Por 100g de produto<\/td>\n<\/tr>\n<tr>\n<td align=\"left\" valign=\"middle\">Energia<\/td>\n<td align=\"right\" valign=\"middle\" width=\"12%\">1483<\/td>\n<td align=\"left\" valign=\"middle\" width=\"10%\">kJ<\/td>\n<\/tr>\n<tr class=\"separador\">\n<td align=\"left\" valign=\"middle\"><\/td>\n<td align=\"right\" valign=\"middle\">350<\/td>\n<td align=\"left\" valign=\"middle\">kcal<\/td>\n<\/tr>\n<tr>\n<td align=\"left\" valign=\"middle\">L\u00edpidos<\/td>\n<td align=\"right\" valign=\"middle\">1,0<\/td>\n<td align=\"left\" valign=\"middle\">g<\/td>\n<\/tr>\n<tr class=\"separador\">\n<td align=\"left\" valign=\"middle\">dos quais saturados<\/td>\n<td align=\"right\" valign=\"middle\">0,3<\/td>\n<td align=\"left\" valign=\"middle\">g<\/td>\n<\/tr>\n<tr>\n<td align=\"left\" valign=\"middle\">Hidratos de carbono<\/td>\n<td align=\"right\" valign=\"middle\">74<\/td>\n<td align=\"left\" valign=\"middle\">g<\/td>\n<\/tr>\n<tr class=\"separador\">\n<td align=\"left\" valign=\"middle\">dos quais a\u00e7\u00facares<\/td>\n<td align=\"right\" valign=\"middle\">3,0<\/td>\n<td align=\"left\" valign=\"middle\">g<\/td>\n<\/tr>\n<tr class=\"separador\">\n<td align=\"left\" valign=\"middle\">Fibra<\/td>\n<td align=\"right\" valign=\"middle\">2,3<\/td>\n<td align=\"left\" valign=\"middle\">g<\/td>\n<\/tr>\n<tr class=\"separador\">\n<td align=\"left\" valign=\"middle\">Prote\u00ednas<\/td>\n<td align=\"right\" valign=\"middle\">10<\/td>\n<td align=\"left\" valign=\"middle\">g<\/td>\n<\/tr>\n<tr class=\"separadorfinal\">\n<td align=\"left\" valign=\"middle\">sal*<\/td>\n<td align=\"right\" valign=\"middle\">0,03<\/td>\n<td align=\"left\" valign=\"middle\">g<\/td>\n<\/tr>\n<\/tbody>\n<\/table>\n<p>Sugest\u00e3o de receita<\/p>\n<h5>Bolo de Canela<\/h5>\n<p><strong>Ingredientes:<\/strong><\/p>\n<ul class=\"wpurp-recipe-ingredient-container\">\n<li class=\"wpurp-recipe-ingredient\"><span class=\"wpurp-recipe-ingredient-quantity\" data-normalized=\"200\" data-fraction=\"\" data-original=\"200\">200<\/span>\u00a0<span class=\"wpurp-recipe-ingredient-unit\" data-original=\"g\">g<\/span>\u00a0<span class=\"wpurp-recipe-ingredient-name\">de Farinha Extra Fina s\/Fermento T55 Nacional<\/span><\/li>\n<li class=\"wpurp-recipe-ingredient\"><span class=\"wpurp-recipe-ingredient-quantity\" data-normalized=\"200\" data-fraction=\"\" data-original=\"200\">200<\/span>\u00a0<span class=\"wpurp-recipe-ingredient-unit\" data-original=\"g\">g<\/span>\u00a0<span class=\"wpurp-recipe-ingredient-name\">de a\u00e7\u00facar<\/span><\/li>\n<li class=\"wpurp-recipe-ingredient\"><span class=\"wpurp-recipe-ingredient-quantity\" data-normalized=\"100\" data-fraction=\"\" data-original=\"100\">100<\/span>\u00a0<span class=\"wpurp-recipe-ingredient-unit\" data-original=\"g\">g<\/span>\u00a0<span class=\"wpurp-recipe-ingredient-name\">de margarina amolecida<\/span><\/li>\n<li class=\"wpurp-recipe-ingredient\"><span class=\"wpurp-recipe-ingredient-quantity\" data-normalized=\"5\" data-fraction=\"\" data-original=\"5\">5<\/span>\u00a0<span class=\"wpurp-recipe-ingredient-name\">Ovos<\/span><\/li>\n<li class=\"wpurp-recipe-ingredient\"><span class=\"wpurp-recipe-ingredient-quantity\" data-normalized=\"1\" data-fraction=\"\" data-original=\"1\">1<\/span>\u00a0<span class=\"wpurp-recipe-ingredient-unit\" data-original=\"colher (ch\u00e1)\">colher (ch\u00e1)<\/span>\u00a0<span class=\"wpurp-recipe-ingredient-name\">bem cheia de canela em p\u00f3<\/span><\/li>\n<li class=\"wpurp-recipe-ingredient\"><span class=\"wpurp-recipe-ingredient-quantity\" data-normalized=\"1\" data-fraction=\"\" data-original=\"1\">1<\/span>\u00a0<span class=\"wpurp-recipe-ingredient-unit\" data-original=\"colher (ch\u00e1)\">colher (ch\u00e1)<\/span>\u00a0<span class=\"wpurp-recipe-ingredient-name\">bem cheia de fermento<\/span><\/li>\n<li class=\"wpurp-recipe-ingredient\"><span class=\"wpurp-recipe-ingredient-quantity\" data-normalized=\"0\" data-fraction=\"\" data-original=\"q.b. \">q.b.<\/span>\u00a0<span class=\"wpurp-recipe-ingredient-name\">am\u00eandoa laminada<\/span><\/li>\n<\/ul>\n<p><strong>Prepara\u00e7\u00e3o:<\/strong><\/p>\n<div class=\"wpurp-rows-row\">\n<div class=\"wpurp-rows\">\n<div class=\"wpurp-rows-row\">\n<div class=\"wpurp-recipe-instructions\">\n<div class=\"wpurp-recipe-instruction-group-container wpurp-recipe-instruction-group-container-\">\n<div class=\"wpurp-rows\">\n<div class=\"wpurp-rows-row\">\n<ol class=\"wpurp-recipe-instruction-container\">\n<li class=\"wpurp-recipe-instruction\">\n<div class=\"wpurp-rows\">\n<div class=\"wpurp-rows-row\"><span class=\"wpurp-recipe-instruction-text\">Ligue o forno a 180\u00bac, unte uma forma com manteiga e polvilhe com farinha.<\/span><\/div>\n<\/div>\n<\/li>\n<li class=\"wpurp-recipe-instruction\">\n<div class=\"wpurp-rows\">\n<div class=\"wpurp-rows-row\"><span class=\"wpurp-recipe-instruction-text\">Numa tigela, bata bem a manteiga amolecida com o a\u00e7\u00facar at\u00e9 ficar uma mistura esbranqui\u00e7ada. Junte depois as gemas e bata muito bem.<\/span><\/div>\n<\/div>\n<\/li>\n<li class=\"wpurp-recipe-instruction\">\n<div class=\"wpurp-rows\">\n<div class=\"wpurp-rows-row\"><span class=\"wpurp-recipe-instruction-text\">\u00c0 parte, bata as claras em castelo. Misture a farinha com a canela e peneire.<\/span><\/div>\n<\/div>\n<\/li>\n<li class=\"wpurp-recipe-instruction\">\n<div class=\"wpurp-rows\">\n<div class=\"wpurp-rows-row\"><span class=\"wpurp-recipe-instruction-text\">Junte, ao preparado das gemas, a mistura da farinha e as claras em castelo e envolva tudo suavemente.<\/span><\/div>\n<\/div>\n<\/li>\n<li class=\"wpurp-recipe-instruction\">\n<div class=\"wpurp-rows\">\n<div class=\"wpurp-rows-row\"><span class=\"wpurp-recipe-instruction-text\">Verta para a forma e se desejar polvilhe com am\u00eandoa laminada<\/span><\/div>\n<\/div>\n<\/li>\n<li class=\"wpurp-recipe-instruction\">\n<div class=\"wpurp-rows\">\n<div class=\"wpurp-rows-row\"><span class=\"wpurp-recipe-instruction-text\">Leve ao forno durante aproximadamente 40 minutos. Espete um palito para verificar a cozedura, retire do forno, desenforme e sirva decorado a gosto.<\/span><\/div>\n<\/div>\n<\/li>\n<\/ol>\n<\/div>\n<\/div>\n<\/div>\n<\/div>\n<\/div>\n<\/div>\n<\/div>\n<div class=\"wpurp-rows-row\">\n<div class=\"wpurp-rows\">\n<div class=\"wpurp-rows-row\">\n<div class=\"wpurp-rows\">\n<div class=\"wpurp-rows-row\">Bom apetite!<\/div>\n<\/div>\n<\/div>\n<\/div>\n<\/div>\n<p>Veja mais em <a href=\"https:\/\/www.ateti.pt\/loja\/categoria\/mercearia\/farinhaeacucares\/\">Farinhas e A\u00e7\u00facares<\/a><\/p>\n","protected":false},"excerpt":{"rendered":"<p>1.69\u20ac\/kg<\/p>\n","protected":false},"featured_media":57162,"comment_status":"closed","ping_status":"closed","template":"","meta":{"_themeisle_gutenberg_block_has_review":false},"product_brand":[],"product_cat":[188,132],"product_tag":[],"woo-feed-brand":[],"class_list":{"0":"post-14304","1":"product","2":"type-product","3":"status-publish","4":"has-post-thumbnail","6":"product_cat-farinhaeacucares","7":"product_cat-mercearia","8":"ts_product_brand-nacional","10":"first","11":"instock","12":"taxable","13":"shipping-taxable","14":"purchasable","15":"product-type-simple"},"_links":{"self":[{"href":"https:\/\/www.ateti.pt\/loja\/wp-json\/wp\/v2\/product\/14304","targetHints":{"allow":["GET"]}}],"collection":[{"href":"https:\/\/www.ateti.pt\/loja\/wp-json\/wp\/v2\/product"}],"about":[{"href":"https:\/\/www.ateti.pt\/loja\/wp-json\/wp\/v2\/types\/product"}],"replies":[{"embeddable":true,"href":"https:\/\/www.ateti.pt\/loja\/wp-json\/wp\/v2\/comments?post=14304"}],"wp:featuredmedia":[{"embeddable":true,"href":"https:\/\/www.ateti.pt\/loja\/wp-json\/wp\/v2\/media\/57162"}],"wp:attachment":[{"href":"https:\/\/www.ateti.pt\/loja\/wp-json\/wp\/v2\/media?parent=14304"}],"wp:term":[{"taxonomy":"product_brand","embeddable":true,"href":"https:\/\/www.ateti.pt\/loja\/wp-json\/wp\/v2\/product_brand?post=14304"},{"taxonomy":"product_cat","embeddable":true,"href":"https:\/\/www.ateti.pt\/loja\/wp-json\/wp\/v2\/product_cat?post=14304"},{"taxonomy":"product_tag","embeddable":true,"href":"https:\/\/www.ateti.pt\/loja\/wp-json\/wp\/v2\/product_tag?post=14304"},{"taxonomy":"woo-feed-brand","embeddable":true,"href":"https:\/\/www.ateti.pt\/loja\/wp-json\/wp\/v2\/woo-feed-brand?post=14304"}],"curies":[{"name":"wp","href":"https:\/\/api.w.org\/{rel}","templated":true}]}}