{"id":14031,"date":"2022-06-12T14:23:54","date_gmt":"2022-06-12T13:23:54","guid":{"rendered":"https:\/\/www.ateti.pt\/loja\/?post_type=product&#038;p=14031"},"modified":"2024-06-19T12:41:12","modified_gmt":"2024-06-19T11:41:12","slug":"ricore-lata-260g-nestle","status":"publish","type":"product","link":"https:\/\/www.ateti.pt\/loja\/produto\/ricore-lata-260g-nestle\/","title":{"rendered":"Caf\u00e9 Ricor\u00e9 260g Nestl\u00e9"},"content":{"rendered":"<h5>Caf\u00e9 Ricor\u00e9<\/h5>\n<p>Quantidade: 260g<\/p>\n<p><strong>Descri\u00e7\u00e3o:\u00a0<\/strong>Uma receita de elei\u00e7\u00e3o, apenas \u00e0 base de caf\u00e9 e chic\u00f3ria, uma combina\u00e7\u00e3o de ingredientes que produz um sabor \u00fanico e d\u00e1 uma cremosidade irresist\u00edvel \u00e0 sua bebida matinal.<\/p>\n<div>RICOR\u00c9 \u00e9 uma bebida de cereais com 34,3% de caf\u00e9, chic\u00f3ria e magn\u00e9sio.<\/div>\n<div><\/div>\n<div>A gama de Bebidas de Cereais Nestl\u00e9 tem ainda outras variedades com ou sem caf\u00e9, adequadas para tomar nos v\u00e1rios momentos do dia.<\/div>\n<div><\/div>\n<div>Seja como parte de um pequeno almo\u00e7o saud\u00e1vel, de um lanche a meio do dia, ou num momento reconfortante antes de dormir, estas bebidas s\u00e3o uma alternativa saborosa e nutritiva.<\/div>\n<div><\/div>\n<div>Podem ser reconstitu\u00eddas com leite ou \u00e1gua, conforme a sua prefer\u00eancia. Conhe\u00e7a a gama e experimente a forma mais saborosa de beber cereais.<\/div>\n<div>\n<div class=\"field__item\">\n<div class=\"paragraph paragraph--type--titulo-paragrafo paragraph--view-mode--default\">\n<div class=\"titulo-paragrafo__field-titulo\">\n<p><strong>Ingredientes: <\/strong>Caf\u00e9 Sol\u00favel (34,3%), fibras de chic\u00f3ria (oligofrutose) (33%), Chic\u00f3ria sol\u00favel (30,8%) e sulfato de Magn\u00e9sio.<\/p>\n<\/div>\n<\/div>\n<\/div>\n<div class=\"field__item\">\n<div class=\"paragraph paragraph--type--titulo-paragrafo paragraph--view-mode--default\">\n<div class=\"titulo-paragrafo__field-titulo\">\n<p><strong>Prepara\u00e7\u00e3o:<\/strong><\/p>\n<p>1. Deitar duas ou mais colheres de ch\u00e1 de Ricor\u00e9 numa caneca.<\/p>\n<\/div>\n<div><\/div>\n<div class=\"titulo-paragrafo__field-paragrafo\">\u00a02. Juntar leite ou agua quente, ado\u00e7ar a gosto e mexer.<\/div>\n<\/div>\n<\/div>\n<div class=\"field__item\">\n<div class=\"paragraph paragraph--type--titulo-paragrafo paragraph--view-mode--default\">\n<div class=\"titulo-paragrafo__field-titulo\">\n<p><strong>Conserva\u00e7\u00e3o: <\/strong>conservar em local fresco e seco, consumir de prefer\u00eancia antes do fim da data especificada na embalagem.<\/p>\n<p>Sem Gl\u00faten, Sem Lactose, Sem Leite<\/p>\n<p><strong>Valores nutricionais:<\/strong> Energia: 141kcal; L\u00edpidos: 0g, dos quais saturados:0g; Hidratos de Carbono: 9,1g, dos quais a\u00e7\u00facares: 9,1g; Fibra:45,3g; Prote\u00ednas:2,7g; Sal:0,2g.<\/p>\n<p>Veja mais em <a href=\"https:\/\/www.ateti.pt\/loja\/categoria\/cafe-moido-em-grao-e-soluvel\/\">Caf\u00e9 mo\u00eddo, em gr\u00e3o e sol\u00favel<\/a><\/p>\n<\/div>\n<\/div>\n<\/div>\n<\/div>\n","protected":false},"excerpt":{"rendered":"<p>23.04\u20ac\/Kg<\/p>\n","protected":false},"featured_media":34911,"comment_status":"closed","ping_status":"closed","template":"","meta":{"_themeisle_gutenberg_block_has_review":false},"product_brand":[],"product_cat":[24,171,132],"product_tag":[],"woo-feed-brand":[],"class_list":{"0":"post-14031","1":"product","2":"type-product","3":"status-publish","4":"has-post-thumbnail","6":"product_cat-cafe-moido-em-grao-e-soluvel","7":"product_cat-cafe-soluvel","8":"product_cat-mercearia","9":"ts_product_brand-nestle","11":"first","12":"instock","13":"sale","14":"taxable","15":"shipping-taxable","16":"purchasable","17":"product-type-simple"},"_links":{"self":[{"href":"https:\/\/www.ateti.pt\/loja\/wp-json\/wp\/v2\/product\/14031","targetHints":{"allow":["GET"]}}],"collection":[{"href":"https:\/\/www.ateti.pt\/loja\/wp-json\/wp\/v2\/product"}],"about":[{"href":"https:\/\/www.ateti.pt\/loja\/wp-json\/wp\/v2\/types\/product"}],"replies":[{"embeddable":true,"href":"https:\/\/www.ateti.pt\/loja\/wp-json\/wp\/v2\/comments?post=14031"}],"wp:featuredmedia":[{"embeddable":true,"href":"https:\/\/www.ateti.pt\/loja\/wp-json\/wp\/v2\/media\/34911"}],"wp:attachment":[{"href":"https:\/\/www.ateti.pt\/loja\/wp-json\/wp\/v2\/media?parent=14031"}],"wp:term":[{"taxonomy":"product_brand","embeddable":true,"href":"https:\/\/www.ateti.pt\/loja\/wp-json\/wp\/v2\/product_brand?post=14031"},{"taxonomy":"product_cat","embeddable":true,"href":"https:\/\/www.ateti.pt\/loja\/wp-json\/wp\/v2\/product_cat?post=14031"},{"taxonomy":"product_tag","embeddable":true,"href":"https:\/\/www.ateti.pt\/loja\/wp-json\/wp\/v2\/product_tag?post=14031"},{"taxonomy":"woo-feed-brand","embeddable":true,"href":"https:\/\/www.ateti.pt\/loja\/wp-json\/wp\/v2\/woo-feed-brand?post=14031"}],"curies":[{"name":"wp","href":"https:\/\/api.w.org\/{rel}","templated":true}]}}

Café Ricoré 260g Nestlé

<h5>Café Ricoré</h5>
<p>Quantidade: 260g</p>
<p><strong>Descrição: </strong>Uma receita de eleição, apenas à base de café e chicória, uma combinação de ingredientes que produz um sabor único e dá uma cremosidade irresistível à sua bebida matinal.</p>
<div>RICORÉ é uma bebida de cereais com 34,3% de café, chicória e magnésio.</div>
<div></div>
<div>A gama de Bebidas de Cereais Nestlé tem ainda outras variedades com ou sem café, adequadas para tomar nos vários momentos do dia.</div>
<div></div>
<div>Seja como parte de um pequeno almoço saudável, de um lanche a meio do dia, ou num momento reconfortante antes de dormir, estas bebidas são uma alternativa saborosa e nutritiva.</div>
<div></div>
<div>Podem ser reconstituídas com leite ou água, conforme a sua preferência. Conheça a gama e experimente a forma mais saborosa de beber cereais.</div>
<div>
<div class="field__item">
<div class="paragraph paragraph--type--titulo-paragrafo paragraph--view-mode--default">
<div class="titulo-paragrafo__field-titulo">
<p><strong>Ingredientes: </strong>Café Solúvel (34,3%), fibras de chicória (oligofrutose) (33%), Chicória solúvel (30,8%) e sulfato de Magnésio.</p>
</div>
</div>
</div>
<div class="field__item">
<div class="paragraph paragraph--type--titulo-paragrafo paragraph--view-mode--default">
<div class="titulo-paragrafo__field-titulo">
<p><strong>Preparação:</strong></p>
<p>1. Deitar duas ou mais colheres de chá de Ricoré numa caneca.</p>
</div>
<div></div>
<div class="titulo-paragrafo__field-paragrafo"> 2. Juntar leite ou agua quente, adoçar a gosto e mexer.</div>
</div>
</div>
<div class="field__item">
<div class="paragraph paragraph--type--titulo-paragrafo paragraph--view-mode--default">
<div class="titulo-paragrafo__field-titulo">
<p><strong>Conservação: </strong>conservar em local fresco e seco, consumir de preferência antes do fim da data especificada na embalagem.</p>
<p>Sem Glúten, Sem Lactose, Sem Leite</p>
<p><strong>Valores nutricionais:</strong> Energia: 141kcal; Lípidos: 0g, dos quais saturados:0g; Hidratos de Carbono: 9,1g, dos quais açúcares: 9,1g; Fibra:45,3g; Proteínas:2,7g; Sal:0,2g.</p>
<p>Veja mais em <a href="https://www.ateti.pt/loja/categoria/cafe-moido-em-grao-e-soluvel/">Café moído, em grão e solúvel</a></p>
</div>
</div>
</div>
</div>
