{"id":14028,"date":"2025-04-04T09:30:22","date_gmt":"2025-04-04T08:30:22","guid":{"rendered":"https:\/\/www.ateti.pt\/loja\/?post_type=product&#038;p=14028"},"modified":"2025-10-29T12:54:35","modified_gmt":"2025-10-29T12:54:35","slug":"sical-dolce-gusto-pack-3x16-cap","status":"publish","type":"product","link":"https:\/\/www.ateti.pt\/loja\/produto\/sical-dolce-gusto-pack-3x16-cap\/","title":{"rendered":"Caf\u00e9 Sical 48 C\u00e1psulas Dolce Gusto"},"content":{"rendered":"<p><strong><span style=\"font-size: 16px;\">Dolce Gusto <\/span>Sical\u00a0 Pack<\/strong><\/p>\n<p><strong>Intensidade:<\/strong>\u00a07<\/p>\n<p><strong>Peso L\u00edquido:<\/strong> 218 g (cada embalagem)<\/p>\n<p><strong>Lista de Ingredientes:<\/strong>\u00a0Caf\u00e9 torrado (ingrediente \u00fanico)<\/p>\n<p><strong>Origem:<\/strong>\u00a0Mat\u00e9ria prima oriunda do Honduras, Brasil, Vietname e Col\u00f4mbia.<\/p>\n<p>Conservar em local fresco e seco.<\/p>\n<p>Descubra NESCAF\u00c9\u00ae Dolce Gusto\u00ae SICAL\u00ae, um caf\u00e9 expresso inspirado nos caf\u00e9 portugueses.<\/p>\n<p>Um blend cuidadosamente selecionado com gr\u00e3os de caf\u00e9 Ar\u00e1bica e Robusta, que equilibra os aromas frutados , com notas subtis apimentadas e de chocolate preto.<\/p>\n<p>Um caf\u00e9 expresso curto e encorpado finalizado com um creme denso e aveludado.<\/p>\n<p>Delicie-se com o saboroso caf\u00e9 NESCAF\u00c9\u00ae Dolce Gusto\u00ae Sical no conforto de sua casa, a qualquer hora do dia.<\/p>\n<p>Com o sistema NESCAF\u00c9 Dolce Gusto de m\u00e1quinas, caf\u00e9s e bebidas, pode saborear mais de 20 cria\u00e7\u00f5es de caf\u00e9. Descubra uma sele\u00e7\u00e3o de fortes Ristrettos, Expressos intensos, caf\u00e9s longos e encorpados, Cappuccinos e Latte Machiatos cremosos, ou at\u00e9 mesmo chocolates quentes, ch\u00e1s e bebidas frias.<\/p>\n<p>Pode criar caf\u00e9s de alta qualidade com cremes aveludados devido ao sistema de alta press\u00e3o das m\u00e1quinas de caf\u00e9 NESCAF\u00c9 Dolce Gusto.<\/p>\n<p>Com as c\u00e1psulas hermeticamente seladas que preservam todos os aromas, ir\u00e1 desfrutar de uma deliciosa bebida arom\u00e1tica em cada ch\u00e1vena no conforto de sua casa.<\/p>\n<p><strong>Quantidade:<\/strong> 3&#215;16 (48 c\u00e1psulas)<\/p>\n<p>Veja mais em <a href=\"https:\/\/www.ateti.pt\/loja\/categoria\/cafe-em-capsula\/capsulas-dolce-gusto\/\">Caf\u00e9 em C\u00e1psula<\/a><\/p>\n","protected":false},"excerpt":{"rendered":"<p>0.35\u20ac\/UNID<\/p>\n","protected":false},"featured_media":69207,"comment_status":"closed","ping_status":"closed","template":"","meta":{"_themeisle_gutenberg_block_has_review":false},"product_brand":[],"product_cat":[117,18,138,257],"product_tag":[],"woo-feed-brand":[],"class_list":{"0":"post-14028","1":"product","2":"type-product","3":"status-publish","4":"has-post-thumbnail","6":"product_cat-cafe-em-capsula","7":"product_cat-capsulas-dolce-gusto","8":"product_cat-originais-e-compativeis-dg","9":"product_cat-original","10":"ts_product_brand-dolce-gusto","12":"first","13":"instock","14":"sale","15":"taxable","16":"shipping-taxable","17":"purchasable","18":"product-type-simple"},"_links":{"self":[{"href":"https:\/\/www.ateti.pt\/loja\/wp-json\/wp\/v2\/product\/14028","targetHints":{"allow":["GET"]}}],"collection":[{"href":"https:\/\/www.ateti.pt\/loja\/wp-json\/wp\/v2\/product"}],"about":[{"href":"https:\/\/www.ateti.pt\/loja\/wp-json\/wp\/v2\/types\/product"}],"replies":[{"embeddable":true,"href":"https:\/\/www.ateti.pt\/loja\/wp-json\/wp\/v2\/comments?post=14028"}],"wp:featuredmedia":[{"embeddable":true,"href":"https:\/\/www.ateti.pt\/loja\/wp-json\/wp\/v2\/media\/69207"}],"wp:attachment":[{"href":"https:\/\/www.ateti.pt\/loja\/wp-json\/wp\/v2\/media?parent=14028"}],"wp:term":[{"taxonomy":"product_brand","embeddable":true,"href":"https:\/\/www.ateti.pt\/loja\/wp-json\/wp\/v2\/product_brand?post=14028"},{"taxonomy":"product_cat","embeddable":true,"href":"https:\/\/www.ateti.pt\/loja\/wp-json\/wp\/v2\/product_cat?post=14028"},{"taxonomy":"product_tag","embeddable":true,"href":"https:\/\/www.ateti.pt\/loja\/wp-json\/wp\/v2\/product_tag?post=14028"},{"taxonomy":"woo-feed-brand","embeddable":true,"href":"https:\/\/www.ateti.pt\/loja\/wp-json\/wp\/v2\/woo-feed-brand?post=14028"}],"curies":[{"name":"wp","href":"https:\/\/api.w.org\/{rel}","templated":true}]}}

Café Sical 48 Cápsulas Dolce Gusto

<p><strong><span style="font-size: 16px;">Dolce Gusto </span>Sical  Pack</strong></p>
<p><strong>Intensidade:</strong> 7</p>
<p><strong>Peso Líquido:</strong> 218 g (cada embalagem)</p>
<p><strong>Lista de Ingredientes:</strong> Café torrado (ingrediente único)</p>
<p><strong>Origem:</strong> Matéria prima oriunda do Honduras, Brasil, Vietname e Colômbia.</p>
<p>Conservar em local fresco e seco.</p>
<p>Descubra NESCAFÉ® Dolce Gusto® SICAL®, um café expresso inspirado nos café portugueses.</p>
<p>Um blend cuidadosamente selecionado com grãos de café Arábica e Robusta, que equilibra os aromas frutados , com notas subtis apimentadas e de chocolate preto.</p>
<p>Um café expresso curto e encorpado finalizado com um creme denso e aveludado.</p>
<p>Delicie-se com o saboroso café NESCAFÉ® Dolce Gusto® Sical no conforto de sua casa, a qualquer hora do dia.</p>
<p>Com o sistema NESCAFÉ Dolce Gusto de máquinas, cafés e bebidas, pode saborear mais de 20 criações de café. Descubra uma seleção de fortes Ristrettos, Expressos intensos, cafés longos e encorpados, Cappuccinos e Latte Machiatos cremosos, ou até mesmo chocolates quentes, chás e bebidas frias.</p>
<p>Pode criar cafés de alta qualidade com cremes aveludados devido ao sistema de alta pressão das máquinas de café NESCAFÉ Dolce Gusto.</p>
<p>Com as cápsulas hermeticamente seladas que preservam todos os aromas, irá desfrutar de uma deliciosa bebida aromática em cada chávena no conforto de sua casa.</p>
<p><strong>Quantidade:</strong> 3&#215;16 (48 cápsulas)</p>
<p>Veja mais em <a href="https://www.ateti.pt/loja/categoria/cafe-em-capsula/capsulas-dolce-gusto/">Café em Cápsula</a></p>
