{"id":13969,"date":"2020-03-28T09:16:58","date_gmt":"2020-03-28T08:16:58","guid":{"rendered":"https:\/\/www.ateti.pt\/loja\/?post_type=product&#038;p=13969"},"modified":"2025-09-08T11:10:50","modified_gmt":"2025-09-08T10:10:50","slug":"vinho-porto-tinto-grf-0-75l-calem-velhotes","status":"publish","type":"product","link":"https:\/\/www.ateti.pt\/loja\/produto\/vinho-porto-tinto-grf-0-75l-calem-velhotes\/","title":{"rendered":"Vinho Porto Tinto Cal\u00e9m Velhotes 75cl"},"content":{"rendered":"<h5>Vinho Porto Tinto Cal\u00e9m Velhotes<\/h5>\n<p>Quantidade: 75cl<\/p>\n<p>\u00c1lcool: 20% vol.<\/p>\n<p>Alerg\u00e9nios: Cont\u00e9m sulfitos e di\u00f3xido de enxofre.<\/p>\n<p>Veja mais em <a href=\"https:\/\/www.ateti.pt\/loja\/categoria\/bebidas\/garrafeira\/\">Garrafeira<\/a><\/p>\n<blockquote><p>O C\u00e1lem 3 Velhotes \u00e9 um vinho tinto aloirado e meio doce, lotado a partir de uma sele\u00e7\u00e3o cuidadosa dos melhores tawnies e envelhecido nas caves em Vila Nova de Gaia. Tem um aroma de fruta madura (groselha e laranja), com tons laranja e um brilho intenso. O paladar \u00e9 elegante e redondo. Este vinho pode estar em garrafa at\u00e9 3 anos. \u00c9 \u00f3timo para acompanhar doces. Excelente se servido fresco com salada de frutas, bolo de chocolate e queijos cremosos. Final harmonioso, fresco e persistente.<\/p><\/blockquote>\n","protected":false},"excerpt":{"rendered":"<p>8.79\u20ac\/LT<\/p>\n","protected":false},"featured_media":35535,"comment_status":"closed","ping_status":"closed","template":"","meta":{"_themeisle_gutenberg_block_has_review":false},"product_brand":[],"product_cat":[158,739,173,627],"product_tag":[],"woo-feed-brand":[],"class_list":{"0":"post-13969","1":"product","2":"type-product","3":"status-publish","4":"has-post-thumbnail","6":"product_cat-bebidas","7":"product_cat-bebidas-de-natal","8":"product_cat-garrafeira","9":"product_cat-licores-espirituosas","10":"pa_origem-regiao-douro","11":"pa_tipologia-vinho-licores-espirituosas","12":"pa_tipologia-vinho-vinho-do-porto","13":"ts_product_brand-velhotes","15":"first","16":"instock","17":"taxable","18":"shipping-taxable","19":"purchasable","20":"product-type-simple"},"_links":{"self":[{"href":"https:\/\/www.ateti.pt\/loja\/wp-json\/wp\/v2\/product\/13969","targetHints":{"allow":["GET"]}}],"collection":[{"href":"https:\/\/www.ateti.pt\/loja\/wp-json\/wp\/v2\/product"}],"about":[{"href":"https:\/\/www.ateti.pt\/loja\/wp-json\/wp\/v2\/types\/product"}],"replies":[{"embeddable":true,"href":"https:\/\/www.ateti.pt\/loja\/wp-json\/wp\/v2\/comments?post=13969"}],"wp:featuredmedia":[{"embeddable":true,"href":"https:\/\/www.ateti.pt\/loja\/wp-json\/wp\/v2\/media\/35535"}],"wp:attachment":[{"href":"https:\/\/www.ateti.pt\/loja\/wp-json\/wp\/v2\/media?parent=13969"}],"wp:term":[{"taxonomy":"product_brand","embeddable":true,"href":"https:\/\/www.ateti.pt\/loja\/wp-json\/wp\/v2\/product_brand?post=13969"},{"taxonomy":"product_cat","embeddable":true,"href":"https:\/\/www.ateti.pt\/loja\/wp-json\/wp\/v2\/product_cat?post=13969"},{"taxonomy":"product_tag","embeddable":true,"href":"https:\/\/www.ateti.pt\/loja\/wp-json\/wp\/v2\/product_tag?post=13969"},{"taxonomy":"woo-feed-brand","embeddable":true,"href":"https:\/\/www.ateti.pt\/loja\/wp-json\/wp\/v2\/woo-feed-brand?post=13969"}],"curies":[{"name":"wp","href":"https:\/\/api.w.org\/{rel}","templated":true}]}}

Vinho Porto Tinto Calém Velhotes 75cl

<h5>Vinho Porto Tinto Calém Velhotes</h5>
<p>Quantidade: 75cl</p>
<p>Álcool: 20% vol.</p>
<p>Alergénios: Contém sulfitos e dióxido de enxofre.</p>
<p>Veja mais em <a href="https://www.ateti.pt/loja/categoria/bebidas/garrafeira/">Garrafeira</a></p>
<blockquote><p>O Cálem 3 Velhotes é um vinho tinto aloirado e meio doce, lotado a partir de uma seleção cuidadosa dos melhores tawnies e envelhecido nas caves em Vila Nova de Gaia. Tem um aroma de fruta madura (groselha e laranja), com tons laranja e um brilho intenso. O paladar é elegante e redondo. Este vinho pode estar em garrafa até 3 anos. É ótimo para acompanhar doces. Excelente se servido fresco com salada de frutas, bolo de chocolate e queijos cremosos. Final harmonioso, fresco e persistente.</p></blockquote>
