{"id":13967,"date":"2021-06-01T09:14:21","date_gmt":"2021-06-01T08:14:21","guid":{"rendered":"https:\/\/www.ateti.pt\/loja\/?post_type=product&#038;p=13967"},"modified":"2026-01-26T18:30:07","modified_gmt":"2026-01-26T18:30:07","slug":"vinho-porto-branco-grf-0-75l-calem-velhotes","status":"publish","type":"product","link":"https:\/\/www.ateti.pt\/loja\/produto\/vinho-porto-branco-grf-0-75l-calem-velhotes\/","title":{"rendered":"Vinho Porto Branco Cal\u00e9m Velhotes 75cl"},"content":{"rendered":"<h5>Vinho Porto Branco Cal\u00e9m Velhotes<\/h5>\n<p>Quantidade: 75cl<\/p>\n<p>\u00c1lcool: 19.5% vol.<br \/>\nAlerg\u00e9nios: Cont\u00e9m sulfitos e di\u00f3xido de enxofre.<\/p>\n<p>Veja mais em <a href=\"https:\/\/www.ateti.pt\/loja\/categoria\/bebidas\/garrafeira\/\">Garrafeira<\/a><\/p>\n","protected":false},"excerpt":{"rendered":"<p>8.79\u20ac\/LT<\/p>\n","protected":false},"featured_media":31570,"comment_status":"closed","ping_status":"closed","template":"","meta":{"_themeisle_gutenberg_block_has_review":false},"product_brand":[],"product_cat":[158,739,173,627],"product_tag":[],"woo-feed-brand":[],"class_list":{"0":"post-13967","1":"product","2":"type-product","3":"status-publish","4":"has-post-thumbnail","6":"product_cat-bebidas","7":"product_cat-bebidas-de-natal","8":"product_cat-garrafeira","9":"product_cat-licores-espirituosas","10":"pa_origem-regiao-douro","11":"pa_tipologia-vinho-licores-espirituosas","12":"pa_tipologia-vinho-vinho-do-porto","13":"ts_product_brand-velhotes","15":"first","16":"instock","17":"taxable","18":"shipping-taxable","19":"purchasable","20":"product-type-simple"},"_links":{"self":[{"href":"https:\/\/www.ateti.pt\/loja\/wp-json\/wp\/v2\/product\/13967","targetHints":{"allow":["GET"]}}],"collection":[{"href":"https:\/\/www.ateti.pt\/loja\/wp-json\/wp\/v2\/product"}],"about":[{"href":"https:\/\/www.ateti.pt\/loja\/wp-json\/wp\/v2\/types\/product"}],"replies":[{"embeddable":true,"href":"https:\/\/www.ateti.pt\/loja\/wp-json\/wp\/v2\/comments?post=13967"}],"wp:featuredmedia":[{"embeddable":true,"href":"https:\/\/www.ateti.pt\/loja\/wp-json\/wp\/v2\/media\/31570"}],"wp:attachment":[{"href":"https:\/\/www.ateti.pt\/loja\/wp-json\/wp\/v2\/media?parent=13967"}],"wp:term":[{"taxonomy":"product_brand","embeddable":true,"href":"https:\/\/www.ateti.pt\/loja\/wp-json\/wp\/v2\/product_brand?post=13967"},{"taxonomy":"product_cat","embeddable":true,"href":"https:\/\/www.ateti.pt\/loja\/wp-json\/wp\/v2\/product_cat?post=13967"},{"taxonomy":"product_tag","embeddable":true,"href":"https:\/\/www.ateti.pt\/loja\/wp-json\/wp\/v2\/product_tag?post=13967"},{"taxonomy":"woo-feed-brand","embeddable":true,"href":"https:\/\/www.ateti.pt\/loja\/wp-json\/wp\/v2\/woo-feed-brand?post=13967"}],"curies":[{"name":"wp","href":"https:\/\/api.w.org\/{rel}","templated":true}]}}

Vinho Porto Branco Calém Velhotes 75cl

<h5>Vinho Porto Branco Calém Velhotes</h5>
<p>Quantidade: 75cl</p>
<p>Álcool: 19.5% vol.<br />
Alergénios: Contém sulfitos e dióxido de enxofre.</p>
<p>Veja mais em <a href="https://www.ateti.pt/loja/categoria/bebidas/garrafeira/">Garrafeira</a></p>
