{"id":13925,"date":"2021-11-10T18:22:43","date_gmt":"2021-11-10T17:22:43","guid":{"rendered":"https:\/\/www.ateti.pt\/loja\/?post_type=product&#038;p=13925"},"modified":"2024-12-27T12:01:56","modified_gmt":"2024-12-27T12:01:56","slug":"tarte-maca-1kg-davigel","status":"publish","type":"product","link":"https:\/\/www.ateti.pt\/loja\/produto\/tarte-maca-1kg-davigel\/","title":{"rendered":"Tarte Ma\u00e7\u00e3 Congelada 950g Davigel"},"content":{"rendered":"<h5>Tarte Ma\u00e7\u00e3 Congelada Davigel<\/h5>\n<p>Quantidade: 1Kg<\/p>\n<div class=\"uk-margin uk-text-lead\">\n<p>Tarte com base de massa de ovos e manteiga, recheada com tiras de ma\u00e7\u00e3s frescas.<\/p>\n<\/div>\n<div class=\"uk-margin-remove-vertical uk-width-xxlarge uk-text-left uk-overflow-auto\">\n<table class=\"uk-table uk-table-divider uk-table-small uk-table-middle\">\n<tbody>\n<tr class=\"el-item\">\n<td class=\"uk-text-nowrap\">\n<div class=\"el-title\">Descongelar (entre 0\u00baC e 4\u00baC) \u2013 10 a 12 h<\/div>\n<\/td>\n<\/tr>\n<tr class=\"el-item\">\n<td class=\"uk-text-nowrap\">\n<div class=\"el-title\">Sem descongelar \u2013 Forno \u2013 160\u00baC \u2013 12 a 14 min<\/div>\n<\/td>\n<\/tr>\n<\/tbody>\n<\/table>\n<\/div>\n<div>Veja mais em <a href=\"https:\/\/www.ateti.pt\/loja\/categoria\/congelados\/sobremesas-frescos-e-congelados\/\">Sobremesas<\/a><\/div>\n","protected":false},"excerpt":{"rendered":"<p>11.49\u20ac\/kg<\/p>\n","protected":false},"featured_media":35126,"comment_status":"closed","ping_status":"closed","template":"","meta":{"_themeisle_gutenberg_block_has_review":false},"product_brand":[],"product_cat":[177,180],"product_tag":[],"woo-feed-brand":[],"class_list":{"0":"post-13925","1":"product","2":"type-product","3":"status-publish","4":"has-post-thumbnail","6":"product_cat-congelados","7":"product_cat-sobremesas-frescos-e-congelados","8":"ts_product_brand-davigel","10":"first","11":"instock","12":"taxable","13":"shipping-taxable","14":"purchasable","15":"product-type-simple"},"_links":{"self":[{"href":"https:\/\/www.ateti.pt\/loja\/wp-json\/wp\/v2\/product\/13925","targetHints":{"allow":["GET"]}}],"collection":[{"href":"https:\/\/www.ateti.pt\/loja\/wp-json\/wp\/v2\/product"}],"about":[{"href":"https:\/\/www.ateti.pt\/loja\/wp-json\/wp\/v2\/types\/product"}],"replies":[{"embeddable":true,"href":"https:\/\/www.ateti.pt\/loja\/wp-json\/wp\/v2\/comments?post=13925"}],"wp:featuredmedia":[{"embeddable":true,"href":"https:\/\/www.ateti.pt\/loja\/wp-json\/wp\/v2\/media\/35126"}],"wp:attachment":[{"href":"https:\/\/www.ateti.pt\/loja\/wp-json\/wp\/v2\/media?parent=13925"}],"wp:term":[{"taxonomy":"product_brand","embeddable":true,"href":"https:\/\/www.ateti.pt\/loja\/wp-json\/wp\/v2\/product_brand?post=13925"},{"taxonomy":"product_cat","embeddable":true,"href":"https:\/\/www.ateti.pt\/loja\/wp-json\/wp\/v2\/product_cat?post=13925"},{"taxonomy":"product_tag","embeddable":true,"href":"https:\/\/www.ateti.pt\/loja\/wp-json\/wp\/v2\/product_tag?post=13925"},{"taxonomy":"woo-feed-brand","embeddable":true,"href":"https:\/\/www.ateti.pt\/loja\/wp-json\/wp\/v2\/woo-feed-brand?post=13925"}],"curies":[{"name":"wp","href":"https:\/\/api.w.org\/{rel}","templated":true}]}}