{"id":13902,"date":"2021-08-23T17:28:18","date_gmt":"2021-08-23T16:28:18","guid":{"rendered":"https:\/\/www.ateti.pt\/loja\/?post_type=product&#038;p=13902"},"modified":"2026-02-13T12:48:44","modified_gmt":"2026-02-13T12:48:44","slug":"pastel-bacalhau-saco-20unid-neutura","status":"publish","type":"product","link":"https:\/\/www.ateti.pt\/loja\/produto\/pastel-bacalhau-saco-20unid-neutura\/","title":{"rendered":"Pastel Bacalhau Congelado saco 20un Neutura"},"content":{"rendered":"<p><strong>Pastel Bacalhau Congelado Neutura<\/strong><\/p>\n<p><strong>Descri\u00e7\u00e3o do Produto<\/strong><\/p>\n<p>Mistura de batata e bacalhau cozidos, posteriormente moldada. Produto pr\u00e9-cozinhado e ultracongelado. \u00c9 processado de forma semiautom\u00e1tica e congelado de forma r\u00e1pida.<\/p>\n<p><strong>Apar\u00eancia<\/strong><\/p>\n<p>Forma alongada caracter\u00edstica (3 faces) ou ligeiramente cil\u00edndrica. Cor amarela ligeiramente ponteada de salsa. Sem sinais de desidrata\u00e7\u00e3o provocada pela congela\u00e7\u00e3o.<\/p>\n<p><strong>Ingredientes<\/strong><\/p>\n<p>\u00e1gua, desfiado de BACALHAU salgado semiseco (Gadus mohrua) (27%), floco de batata, OVO inteiro pasteurizado, cebola, salsa reidratada, farinha de TRIGO, especiarias, sal, levedante, mono e diglicer\u00eddeos de \u00e1cidos gordos (origem vegetal) (E471), difosfato de s\u00f3dio (E450), curcumina (E100), palmitato de ascorbilo (E304(i)), \u00e1cido c\u00edtrico (E330) e bissulfito de s\u00f3dio (E223).<\/p>\n","protected":false},"excerpt":{"rendered":"<p>0.27\u20ac\/un<\/p>\n<p>Mistura e batata e bacalhau cozidos, posteriormente moldada. Produto pr\u00e9-cozinhado ultracongelado.<\/p>\n","protected":false},"featured_media":32979,"comment_status":"closed","ping_status":"closed","template":"","meta":{"_themeisle_gutenberg_block_has_review":false},"product_brand":[],"product_cat":[177,183],"product_tag":[],"woo-feed-brand":[],"class_list":{"0":"post-13902","1":"product","2":"type-product","3":"status-publish","4":"has-post-thumbnail","6":"product_cat-congelados","7":"product_cat-pre-cozinhados","8":"ts_product_brand-neutura","10":"first","11":"instock","12":"taxable","13":"shipping-taxable","14":"purchasable","15":"product-type-simple"},"_links":{"self":[{"href":"https:\/\/www.ateti.pt\/loja\/wp-json\/wp\/v2\/product\/13902","targetHints":{"allow":["GET"]}}],"collection":[{"href":"https:\/\/www.ateti.pt\/loja\/wp-json\/wp\/v2\/product"}],"about":[{"href":"https:\/\/www.ateti.pt\/loja\/wp-json\/wp\/v2\/types\/product"}],"replies":[{"embeddable":true,"href":"https:\/\/www.ateti.pt\/loja\/wp-json\/wp\/v2\/comments?post=13902"}],"wp:featuredmedia":[{"embeddable":true,"href":"https:\/\/www.ateti.pt\/loja\/wp-json\/wp\/v2\/media\/32979"}],"wp:attachment":[{"href":"https:\/\/www.ateti.pt\/loja\/wp-json\/wp\/v2\/media?parent=13902"}],"wp:term":[{"taxonomy":"product_brand","embeddable":true,"href":"https:\/\/www.ateti.pt\/loja\/wp-json\/wp\/v2\/product_brand?post=13902"},{"taxonomy":"product_cat","embeddable":true,"href":"https:\/\/www.ateti.pt\/loja\/wp-json\/wp\/v2\/product_cat?post=13902"},{"taxonomy":"product_tag","embeddable":true,"href":"https:\/\/www.ateti.pt\/loja\/wp-json\/wp\/v2\/product_tag?post=13902"},{"taxonomy":"woo-feed-brand","embeddable":true,"href":"https:\/\/www.ateti.pt\/loja\/wp-json\/wp\/v2\/woo-feed-brand?post=13902"}],"curies":[{"name":"wp","href":"https:\/\/api.w.org\/{rel}","templated":true}]}}