{"id":13824,"date":"2021-10-11T10:28:04","date_gmt":"2021-10-11T09:28:04","guid":{"rendered":"https:\/\/www.ateti.pt\/loja\/?post_type=product&#038;p=13824"},"modified":"2025-10-01T16:29:55","modified_gmt":"2025-10-01T15:29:55","slug":"caldeirada-900g-congelada-neutura","status":"publish","type":"product","link":"https:\/\/www.ateti.pt\/loja\/produto\/caldeirada-900g-congelada-neutura\/","title":{"rendered":"Caldeirada Congelada 900g Neutura"},"content":{"rendered":"<h5>Caldeirada Congelada Neutura<\/h5>\n<p>Quantidade: 900g<\/p>\n<p><strong>Ingredientes:<\/strong> Solha(Limanda ferruginea), Atl\u00e2ntica Sudoeste, por redes de arrastar; Pescada- Merluccius, Capensis, Paradoxus- Capturado no Atl\u00e2ntico Sudoeste, por redes de arrastar; Pota (Lex argentinus); Raia (Raja) spp); Maruca (Genypterus blacoides); Pescada (Merluccius hubbsi); Abr\u00f3tea (Salilota australis), Atl\u00e2ntico Nordeste, por redes de arrastar; Red fish ( Sebastes spp), (red fish, antioxidante E316), Mar da Noruega; Peixe espada preto (Aphanopis carbo), Norte dos A\u00e7ores , Atl\u00e2ntico Centro-Este por anzois e aparelhos de anzol; Tintureira (Prinace glauca), Oceano Pac\u00edfico; Am\u00eaijoa c\/casca (Meretrix Lyrata, Oceano Pac\u00edfico), por dragas; Salm\u00e3o (oncorhynchos Keta), por redes de cercar e redes de sacada, Oceano \u00cdndico, por redes de arrastar; Espadarte (Xiphias gladius); Corvina (Otolithoides biauritus), Lago Vitoria (Tanzania), por redes de emalhar e redes semelhantes; Perca (Lates niloticus); Pimento e Tomate.<\/p>\n<p>Alerg\u00e9nios: Pode conter vest\u00edgios de outros peixes, moluscos e crust\u00e1ceos.<\/p>\n<p>Produto Congelado.<\/p>\n<p>Para consumir submeter a tratamento t\u00e9rmico.<\/p>\n<p><strong>Conserva\u00e7\u00e3o:<\/strong> Conservar a temperaturas iguais ou inferiores a -18\u00baC.<\/p>\n<p>Declara\u00e7\u00e3o nutricional de 100g:<\/p>\n<p>Energia:368Kj\/88Kcal; L\u00edpidos:2,7g dos quais Saturados:1.09g; Hidratos de carbono:\u00ab1g; dos quais a\u00e7ucares\u00ab0,5g; Prote\u00ednas: 15.4g; Sal:0,24g.<\/p>\n<h4>Como preparar caldeirada<\/h4>\n<p>Sugest\u00e3o de receita<\/p>\n<h5>Caldeirada de Peixe<\/h5>\n<p><strong>Ingredientes:<\/strong><\/p>\n<p>2 covetes <a href=\"https:\/\/www.ateti.pt\/loja\/categoria\/congelados\/peixeemarisco\/\">Caldeirada Congelada Neutura<\/a><\/p>\n<p>4 dentes <a href=\"https:\/\/www.ateti.pt\/loja\/categoria\/frutas-e-legumes\/legumes-frescos\/\">alho picados<\/a><\/p>\n<p>2 <a href=\"https:\/\/www.ateti.pt\/loja\/categoria\/frutas-e-legumes\/legumes-frescos\/\">cebolas grande cortadas em rodelas finas <\/a><\/p>\n<p>\u00bd <a href=\"https:\/\/www.ateti.pt\/loja\/categoria\/frutas-e-legumes\/legumes-frescos\/\">pimento vermelho\u00a0<\/a><\/p>\n<p>\u00bd <a href=\"https:\/\/www.ateti.pt\/loja\/categoria\/frutas-e-legumes\/legumes-frescos\/\">pimento amarelo\u00a0<\/a><\/p>\n<p><a href=\"https:\/\/www.ateti.pt\/loja\/categoria\/frutas-e-legumes\/legumes-frescos\/\">batata em rodelas<\/a><\/p>\n<p>100 ml <a href=\"https:\/\/www.ateti.pt\/loja\/categoria\/mercearia\/azeiteseoleos\/\">azeite <\/a><\/p>\n<p><a href=\"https:\/\/www.ateti.pt\/loja\/categoria\/mercearia\/temperos-e-molhos\/\">pimenta de moinho<\/a><\/p>\n<p>20 ml <a href=\"https:\/\/www.ateti.pt\/loja\/categoria\/bebidas\/garrafeira\/\">vinho branco<\/a><\/p>\n<p>100 gr de <a href=\"https:\/\/www.ateti.pt\/loja\/categoria\/mercearia\/conservas\/\">tomate picado<\/a><\/p>\n<p><a href=\"https:\/\/www.ateti.pt\/loja\/categoria\/mercearia\/temperos-e-molhos\/\">\u00a0salsa<\/a> q.b<\/p>\n<p><a href=\"https:\/\/www.ateti.pt\/loja\/categoria\/mercearia\/temperos-e-molhos\/\">\u00a0coentros<\/a> q.b<\/p>\n<p><a href=\"https:\/\/www.ateti.pt\/loja\/categoria\/mercearia\/temperos-e-molhos\/\">2 folhas de louro<\/a><\/p>\n<p><strong>Prepara\u00e7\u00e3o:<\/strong><\/p>\n<p>1-Levar um tacho ao lume com um fundo de azeite. Quando estiver quente, colocar o alho picado, a cebola em rodelas, umas tiras de pimentos e uma ter\u00e7a parte do tomate.<\/p>\n<p>2-Adicionar as rodelas de batata e por cima o misto de peixes. Regar com um fio de azeite e temperar com uma folha de louro e pimenta.<\/p>\n<p>3-Colocar nova camada de alho picado, cebola em rodelas e umas tiras de pimentos e o restante\u00a0 tomate. Adicionar as restantes batatas. Por cima destas o restante tomate, a folha de louro, o fio de azeite e o vinho branco. Deixar cozer cerca de 20 minutos.<\/p>\n<p>4-Retificar o tempero se necess\u00e1rio. Servir com o caldo e polvilhar com a salsa e coentros frescos picados.<\/p>\n<p>Bom apetite!<\/p>\n<p>Veja mais em <a href=\"https:\/\/neutura.pt\/\">Neutura<\/a><\/p>\n<p>Veja mais em <a href=\"https:\/\/www.ateti.pt\/loja\/categoria\/congelados\/peixeemarisco\/\">Peixe e Marisco congelado<\/a><\/p>\n","protected":false},"excerpt":{"rendered":"<p>3.66\/kg<\/p>\n","protected":false},"featured_media":34184,"comment_status":"closed","ping_status":"closed","template":"","meta":{"_themeisle_gutenberg_block_has_review":false},"product_brand":[],"product_cat":[177,181],"product_tag":[],"woo-feed-brand":[],"class_list":{"0":"post-13824","1":"product","2":"type-product","3":"status-publish","4":"has-post-thumbnail","6":"product_cat-congelados","7":"product_cat-peixeemarisco","8":"ts_product_brand-neutura","10":"first","11":"instock","12":"taxable","13":"shipping-taxable","14":"purchasable","15":"product-type-simple"},"_links":{"self":[{"href":"https:\/\/www.ateti.pt\/loja\/wp-json\/wp\/v2\/product\/13824","targetHints":{"allow":["GET"]}}],"collection":[{"href":"https:\/\/www.ateti.pt\/loja\/wp-json\/wp\/v2\/product"}],"about":[{"href":"https:\/\/www.ateti.pt\/loja\/wp-json\/wp\/v2\/types\/product"}],"replies":[{"embeddable":true,"href":"https:\/\/www.ateti.pt\/loja\/wp-json\/wp\/v2\/comments?post=13824"}],"wp:featuredmedia":[{"embeddable":true,"href":"https:\/\/www.ateti.pt\/loja\/wp-json\/wp\/v2\/media\/34184"}],"wp:attachment":[{"href":"https:\/\/www.ateti.pt\/loja\/wp-json\/wp\/v2\/media?parent=13824"}],"wp:term":[{"taxonomy":"product_brand","embeddable":true,"href":"https:\/\/www.ateti.pt\/loja\/wp-json\/wp\/v2\/product_brand?post=13824"},{"taxonomy":"product_cat","embeddable":true,"href":"https:\/\/www.ateti.pt\/loja\/wp-json\/wp\/v2\/product_cat?post=13824"},{"taxonomy":"product_tag","embeddable":true,"href":"https:\/\/www.ateti.pt\/loja\/wp-json\/wp\/v2\/product_tag?post=13824"},{"taxonomy":"woo-feed-brand","embeddable":true,"href":"https:\/\/www.ateti.pt\/loja\/wp-json\/wp\/v2\/woo-feed-brand?post=13824"}],"curies":[{"name":"wp","href":"https:\/\/api.w.org\/{rel}","templated":true}]}}