{"id":13586,"date":"2021-08-23T18:28:12","date_gmt":"2021-08-23T17:28:12","guid":{"rendered":"https:\/\/www.ateti.pt\/loja\/?post_type=product&#038;p=13586"},"modified":"2026-02-05T14:36:41","modified_gmt":"2026-02-05T14:36:41","slug":"cafe-moido-mistura-peninsular-delta-220gr","status":"publish","type":"product","link":"https:\/\/www.ateti.pt\/loja\/produto\/cafe-moido-mistura-peninsular-delta-220gr\/","title":{"rendered":"Caf\u00e9 Mo\u00eddo Mistura Peninsular 220g Delta"},"content":{"rendered":"<p><strong>Caf\u00e9 Mo\u00eddo Mistura Peninsular Delta<\/strong><\/p>\n<p>Quantidade: 220g<\/p>\n<p><b>Descri\u00e7\u00e3o:<\/b><\/p>\n<p>Bebida revigorante que tem na sua composi\u00e7\u00e3o cevada (50%), chic\u00f3ria (30%) e caf\u00e9 (20%). Esta mistura atribui \u00e1 bebida final um sabor adocicado, contendo um teor de cafe\u00edna mais reduzido que e um caf\u00e9 expresso normal, ideal para quem quer evitar o consumo excessivo de cafe\u00edna.<\/p>\n<p><strong>Conserva\u00e7\u00e3o:<\/strong><\/p>\n<p>Para garantir a m\u00e1xima frescura do caf\u00e9 deve conservar-se a embalagem bem fechada, em local seco e fresco, longe de fontes de calor e humidade.<br \/>\n<b><\/b><\/p>\n<p>Veja mais em <a href=\"https:\/\/www.ateti.pt\/loja\/categoria\/cafe-moido-em-grao-e-soluvel\/\">Caf\u00e9 mo\u00eddo, em gr\u00e3o e sol\u00favel<\/a><\/p>\n","protected":false},"excerpt":{"rendered":"<p>10.41\u20ac\/kg<\/p>\n","protected":false},"featured_media":60417,"comment_status":"closed","ping_status":"closed","template":"","meta":{"_themeisle_gutenberg_block_has_review":false},"product_brand":[],"product_cat":[169,24,132],"product_tag":[],"woo-feed-brand":[],"class_list":{"0":"post-13586","1":"product","2":"type-product","3":"status-publish","4":"has-post-thumbnail","6":"product_cat-cafe-moido","7":"product_cat-cafe-moido-em-grao-e-soluvel","8":"product_cat-mercearia","9":"ts_product_brand-delta","11":"first","12":"instock","13":"taxable","14":"shipping-taxable","15":"purchasable","16":"product-type-simple"},"_links":{"self":[{"href":"https:\/\/www.ateti.pt\/loja\/wp-json\/wp\/v2\/product\/13586","targetHints":{"allow":["GET"]}}],"collection":[{"href":"https:\/\/www.ateti.pt\/loja\/wp-json\/wp\/v2\/product"}],"about":[{"href":"https:\/\/www.ateti.pt\/loja\/wp-json\/wp\/v2\/types\/product"}],"replies":[{"embeddable":true,"href":"https:\/\/www.ateti.pt\/loja\/wp-json\/wp\/v2\/comments?post=13586"}],"wp:featuredmedia":[{"embeddable":true,"href":"https:\/\/www.ateti.pt\/loja\/wp-json\/wp\/v2\/media\/60417"}],"wp:attachment":[{"href":"https:\/\/www.ateti.pt\/loja\/wp-json\/wp\/v2\/media?parent=13586"}],"wp:term":[{"taxonomy":"product_brand","embeddable":true,"href":"https:\/\/www.ateti.pt\/loja\/wp-json\/wp\/v2\/product_brand?post=13586"},{"taxonomy":"product_cat","embeddable":true,"href":"https:\/\/www.ateti.pt\/loja\/wp-json\/wp\/v2\/product_cat?post=13586"},{"taxonomy":"product_tag","embeddable":true,"href":"https:\/\/www.ateti.pt\/loja\/wp-json\/wp\/v2\/product_tag?post=13586"},{"taxonomy":"woo-feed-brand","embeddable":true,"href":"https:\/\/www.ateti.pt\/loja\/wp-json\/wp\/v2\/woo-feed-brand?post=13586"}],"curies":[{"name":"wp","href":"https:\/\/api.w.org\/{rel}","templated":true}]}}

Café Moído Mistura Peninsular 220g Delta

<p><strong>Café Moído Mistura Peninsular Delta</strong></p>
<p>Quantidade: 220g</p>
<p><b>Descrição:</b></p>
<p>Bebida revigorante que tem na sua composição cevada (50%), chicória (30%) e café (20%). Esta mistura atribui á bebida final um sabor adocicado, contendo um teor de cafeína mais reduzido que e um café expresso normal, ideal para quem quer evitar o consumo excessivo de cafeína.</p>
<p><strong>Conservação:</strong></p>
<p>Para garantir a máxima frescura do café deve conservar-se a embalagem bem fechada, em local seco e fresco, longe de fontes de calor e humidade.<br />
<b></b></p>
<p>Veja mais em <a href="https://www.ateti.pt/loja/categoria/cafe-moido-em-grao-e-soluvel/">Café moído, em grão e solúvel</a></p>
