{"id":13470,"date":"2020-03-24T09:06:33","date_gmt":"2020-03-24T08:06:33","guid":{"rendered":"https:\/\/www.ateti.pt\/loja\/?post_type=product&#038;p=13470"},"modified":"2024-01-29T11:37:30","modified_gmt":"2024-01-29T10:37:30","slug":"agua-pedras-salgadas-pack6-250ml","status":"publish","type":"product","link":"https:\/\/www.ateti.pt\/loja\/produto\/agua-pedras-salgadas-pack6-250ml\/","title":{"rendered":"\u00c1gua Pedras Salgadas Pack6 250mL"},"content":{"rendered":"<p><strong>\u00c1gua Pedras Salgadas<\/strong><\/p>\n<p>Quantidade: 6x250mL (1500mL)<\/p>\n<div class=\"bl-text bl-dyn c4w5uJt2dyE\" data-bl-name=\"Text\" data-bl-id=\"cfAJ52JP5kR\" data-bl-index=\"0\" data-content-id=\"nvQnQrNANN\" data-repeater=\"false\">\n<p>S\u00f3 Pedras \u00e9 Pedras. 100% Natural.<\/p>\n<p>Pedras \u00e9 uma \u00c1gua Mineral Natural Gasocarb\u00f3nica.<\/p>\n<p>Assim, o sabor distinto e refrescante desta \u00e1gua s\u00e3o o resultado de um processo lento e natural. Durante o seu percurso pelas profundezas da Terra, Pedras adquire as suas caracter\u00edsticas \u00fanicas, reconhecidas em todo o Mundo, como s\u00e3o prova as 31 medalhas de Ouro recebidas.<\/p>\n<\/div>\n<div class=\"bl-text cvXhemh9g07\" data-bl-name=\"Text\" data-bl-id=\"c03mdjbUZK\" data-bl-index=\"0\" data-content-id=\"nvQnQrNANN\" data-repeater=\"false\">\n<p>Pedras vem da natureza at\u00e9 ti. Conhece o seu percurso.<\/p>\n<p>A \u00e1gua que est\u00e1 na origem de Pedras vem da chuva que cai sobre o vale de Pedras Salgadas. Num processo lento e cont\u00ednuo, circula em profundidade, em contacto com o maci\u00e7o rochoso.<\/p>\n<p>A 580 metros de altitude, afastado de qualquer influ\u00eancia da polui\u00e7\u00e3o, est\u00e1 o vale de Pedras Salgadas: um s\u00edtio especial, capaz de receber a \u00e1gua da chuva e transform\u00e1-la em Pedras.<\/p>\n<p>O processo de Pedras \u00e9 lento e complexo: para atingir o ponto certo, a \u00e1gua circula durante d\u00e9cadas, de forma a concluir toda a sua transforma\u00e7\u00e3o at\u00e9 surgir na nascente.<\/p>\n<p>Em profundidade, entre os 500m e os 1000m, a \u00e1gua circula lentamente atrav\u00e9s das fraturas do granito.<\/p>\n<p>Este \u00e9 o enquadramento onde a \u00e1gua recebe de forma natural a sua carga mineral e todo o seu g\u00e1s carb\u00f3nico, assumindo a identidade de Pedras.<\/p>\n<p>O c\u00e1lcio, o magn\u00e9sio, o bicarbonato e os outros oligoelementos que d\u00e3o o sabor e a identidade a Pedras s\u00e3o recebidos da rocha, enquanto o seu g\u00e1s carb\u00f3nico ascende das profundezas da terra, incorporando-se naturalmente.<\/p>\n<p>Depois de um longo percurso pelas profundezas da terra, Pedras chega \u00e0 sua fonte, perfeita e refrescante.<\/p>\n<p>Assim, esta \u00e1gua \u00e9 uma raridade: muito poucas \u00e1guas com g\u00e1s em todo o mundo s\u00e3o 100% naturais como Pedras (uma \u00e1gua mineral natural gasocarb\u00f3nica), o que a torna t\u00e3o especial e completa.<\/p>\n<p>A sua qualidade e carater\u00edsticas \u00fanicas, reconhecidas por especialistas de todo o mundo, j\u00e1 somam desde 1873 mais de 60 prestigiados pr\u00e9mios.<\/p>\n<p>Veja mais em <a href=\"https:\/\/www.ateti.pt\/loja\/categoria\/bebidas\/aguas\/\">\u00c1guas<\/a><\/p>\n<\/div>\n","protected":false},"excerpt":{"rendered":"<p>0.69\u20ac\/un<\/p>\n","protected":false},"featured_media":57318,"comment_status":"closed","ping_status":"closed","template":"","meta":{"_themeisle_gutenberg_block_has_review":false},"product_brand":[],"product_cat":[162,158],"product_tag":[],"woo-feed-brand":[],"class_list":{"0":"post-13470","1":"product","2":"type-product","3":"status-publish","4":"has-post-thumbnail","6":"product_cat-aguas","7":"product_cat-bebidas","8":"ts_product_brand-pedras-salgadas","10":"first","11":"instock","12":"taxable","13":"shipping-taxable","14":"purchasable","15":"product-type-simple"},"_links":{"self":[{"href":"https:\/\/www.ateti.pt\/loja\/wp-json\/wp\/v2\/product\/13470","targetHints":{"allow":["GET"]}}],"collection":[{"href":"https:\/\/www.ateti.pt\/loja\/wp-json\/wp\/v2\/product"}],"about":[{"href":"https:\/\/www.ateti.pt\/loja\/wp-json\/wp\/v2\/types\/product"}],"replies":[{"embeddable":true,"href":"https:\/\/www.ateti.pt\/loja\/wp-json\/wp\/v2\/comments?post=13470"}],"wp:featuredmedia":[{"embeddable":true,"href":"https:\/\/www.ateti.pt\/loja\/wp-json\/wp\/v2\/media\/57318"}],"wp:attachment":[{"href":"https:\/\/www.ateti.pt\/loja\/wp-json\/wp\/v2\/media?parent=13470"}],"wp:term":[{"taxonomy":"product_brand","embeddable":true,"href":"https:\/\/www.ateti.pt\/loja\/wp-json\/wp\/v2\/product_brand?post=13470"},{"taxonomy":"product_cat","embeddable":true,"href":"https:\/\/www.ateti.pt\/loja\/wp-json\/wp\/v2\/product_cat?post=13470"},{"taxonomy":"product_tag","embeddable":true,"href":"https:\/\/www.ateti.pt\/loja\/wp-json\/wp\/v2\/product_tag?post=13470"},{"taxonomy":"woo-feed-brand","embeddable":true,"href":"https:\/\/www.ateti.pt\/loja\/wp-json\/wp\/v2\/woo-feed-brand?post=13470"}],"curies":[{"name":"wp","href":"https:\/\/api.w.org\/{rel}","templated":true}]}}

Água Pedras Salgadas Pack6 250mL

<p><strong>Água Pedras Salgadas</strong></p>
<p>Quantidade: 6x250mL (1500mL)</p>
<div class="bl-text bl-dyn c4w5uJt2dyE" data-bl-name="Text" data-bl-id="cfAJ52JP5kR" data-bl-index="0" data-content-id="nvQnQrNANN" data-repeater="false">
<p>Só Pedras é Pedras. 100% Natural.</p>
<p>Pedras é uma Água Mineral Natural Gasocarbónica.</p>
<p>Assim, o sabor distinto e refrescante desta água são o resultado de um processo lento e natural. Durante o seu percurso pelas profundezas da Terra, Pedras adquire as suas características únicas, reconhecidas em todo o Mundo, como são prova as 31 medalhas de Ouro recebidas.</p>
</div>
<div class="bl-text cvXhemh9g07" data-bl-name="Text" data-bl-id="c03mdjbUZK" data-bl-index="0" data-content-id="nvQnQrNANN" data-repeater="false">
<p>Pedras vem da natureza até ti. Conhece o seu percurso.</p>
<p>A água que está na origem de Pedras vem da chuva que cai sobre o vale de Pedras Salgadas. Num processo lento e contínuo, circula em profundidade, em contacto com o maciço rochoso.</p>
<p>A 580 metros de altitude, afastado de qualquer influência da poluição, está o vale de Pedras Salgadas: um sítio especial, capaz de receber a água da chuva e transformá-la em Pedras.</p>
<p>O processo de Pedras é lento e complexo: para atingir o ponto certo, a água circula durante décadas, de forma a concluir toda a sua transformação até surgir na nascente.</p>
<p>Em profundidade, entre os 500m e os 1000m, a água circula lentamente através das fraturas do granito.</p>
<p>Este é o enquadramento onde a água recebe de forma natural a sua carga mineral e todo o seu gás carbónico, assumindo a identidade de Pedras.</p>
<p>O cálcio, o magnésio, o bicarbonato e os outros oligoelementos que dão o sabor e a identidade a Pedras são recebidos da rocha, enquanto o seu gás carbónico ascende das profundezas da terra, incorporando-se naturalmente.</p>
<p>Depois de um longo percurso pelas profundezas da terra, Pedras chega à sua fonte, perfeita e refrescante.</p>
<p>Assim, esta água é uma raridade: muito poucas águas com gás em todo o mundo são 100% naturais como Pedras (uma água mineral natural gasocarbónica), o que a torna tão especial e completa.</p>
<p>A sua qualidade e caraterísticas únicas, reconhecidas por especialistas de todo o mundo, já somam desde 1873 mais de 60 prestigiados prémios.</p>
<p>Veja mais em <a href="https://www.ateti.pt/loja/categoria/bebidas/aguas/">Águas</a></p>
</div>
