{"id":134,"date":"2023-06-28T09:00:43","date_gmt":"2023-06-28T08:00:43","guid":{"rendered":"https:\/\/www.ateti.pt\/loja\/?post_type=product&#038;p=134"},"modified":"2025-08-18T09:34:30","modified_gmt":"2025-08-18T08:34:30","slug":"cafe-forte-dolce-gusto-bonini","status":"publish","type":"product","link":"https:\/\/www.ateti.pt\/loja\/produto\/cafe-forte-dolce-gusto-bonini\/","title":{"rendered":"Caf\u00e9 Forte Dolce Gusto 16 C\u00e1psulas Bonini"},"content":{"rendered":"<p><strong>Caf\u00e9 Forte Dolce Gusto Bonini<\/strong><\/p>\n<h3>Descri\u00e7\u00e3o<\/h3>\n<p><strong>Caf\u00e9 Forte Dolce Gusto Bonini ,<\/strong>uma mistura consistente e vigorosa com aroma forte e penetrante. Uma experi\u00eancia digna de verdadeiros conhecedores!<\/p>\n<h3>Ficha t\u00e9cnica<\/h3>\n<div class=\"row\">\n<div class=\"col-xs-6 pull-left\">\n<div class=\"panel panel-default\">\n<div class=\"panel-heading\">INFORMA\u00c7\u00d5ES GERAIS<\/div>\n<table class=\"table table-bordered\">\n<tbody>\n<tr>\n<td colspan=\"2\">Armazenar em local seco \u00e0 temperatura ambiente<\/td>\n<\/tr>\n<tr>\n<th width=\"30%\">Ingredientes<\/th>\n<td>Caf\u00e9 torrado e mo\u00eddo. Embalado numa atmosfera protegida.<\/td>\n<\/tr>\n<tr>\n<th>Produtor<\/th>\n<td>Caff\u00e8 Bonini S.r.l.<\/td>\n<\/tr>\n<tr>\n<th>Peso l\u00edquido<\/th>\n<td>7,00 gr\u00a0<span class=\"peso\">\u212e<\/span><\/td>\n<\/tr>\n<\/tbody>\n<\/table>\n<\/div>\n<\/div>\n<\/div>\n","protected":false},"excerpt":{"rendered":"<p>0,25\u20ac\/unid<\/p>\n<p>Intensidade: 10<\/p>\n<p>N\u00ba C\u00e1psulas: 16<\/p>\n<p>&nbsp;<\/p>\n","protected":false},"featured_media":72051,"comment_status":"closed","ping_status":"closed","template":"","meta":{"_themeisle_gutenberg_block_has_review":false},"product_brand":[],"product_cat":[117,18,256,138,787],"product_tag":[],"woo-feed-brand":[756],"class_list":{"0":"post-134","1":"product","2":"type-product","3":"status-publish","4":"has-post-thumbnail","6":"product_cat-cafe-em-capsula","7":"product_cat-capsulas-dolce-gusto","8":"product_cat-compativeis-cafe-em-capsula","9":"product_cat-originais-e-compativeis-dg","10":"product_cat-promocao-bonini","11":"ts_product_brand-bonini","12":"woo-feed-brand-bonini","14":"first","15":"instock","16":"sale","17":"taxable","18":"shipping-taxable","19":"purchasable","20":"product-type-simple"},"_links":{"self":[{"href":"https:\/\/www.ateti.pt\/loja\/wp-json\/wp\/v2\/product\/134","targetHints":{"allow":["GET"]}}],"collection":[{"href":"https:\/\/www.ateti.pt\/loja\/wp-json\/wp\/v2\/product"}],"about":[{"href":"https:\/\/www.ateti.pt\/loja\/wp-json\/wp\/v2\/types\/product"}],"replies":[{"embeddable":true,"href":"https:\/\/www.ateti.pt\/loja\/wp-json\/wp\/v2\/comments?post=134"}],"wp:featuredmedia":[{"embeddable":true,"href":"https:\/\/www.ateti.pt\/loja\/wp-json\/wp\/v2\/media\/72051"}],"wp:attachment":[{"href":"https:\/\/www.ateti.pt\/loja\/wp-json\/wp\/v2\/media?parent=134"}],"wp:term":[{"taxonomy":"product_brand","embeddable":true,"href":"https:\/\/www.ateti.pt\/loja\/wp-json\/wp\/v2\/product_brand?post=134"},{"taxonomy":"product_cat","embeddable":true,"href":"https:\/\/www.ateti.pt\/loja\/wp-json\/wp\/v2\/product_cat?post=134"},{"taxonomy":"product_tag","embeddable":true,"href":"https:\/\/www.ateti.pt\/loja\/wp-json\/wp\/v2\/product_tag?post=134"},{"taxonomy":"woo-feed-brand","embeddable":true,"href":"https:\/\/www.ateti.pt\/loja\/wp-json\/wp\/v2\/woo-feed-brand?post=134"}],"curies":[{"name":"wp","href":"https:\/\/api.w.org\/{rel}","templated":true}]}}

Café Forte Dolce Gusto 16 Cápsulas Bonini

<p><strong>Café Forte Dolce Gusto Bonini</strong></p>
<h3>Descrição</h3>
<p><strong>Café Forte Dolce Gusto Bonini ,</strong>uma mistura consistente e vigorosa com aroma forte e penetrante. Uma experiência digna de verdadeiros conhecedores!</p>
<h3>Ficha técnica</h3>
<div class="row">
<div class="col-xs-6 pull-left">
<div class="panel panel-default">
<div class="panel-heading">INFORMAÇÕES GERAIS</div>
<table class="table table-bordered">
<tbody>
<tr>
<td colspan="2">Armazenar em local seco à temperatura ambiente</td>
</tr>
<tr>
<th width="30%">Ingredientes</th>
<td>Café torrado e moído. Embalado numa atmosfera protegida.</td>
</tr>
<tr>
<th>Produtor</th>
<td>Caffè Bonini S.r.l.</td>
</tr>
<tr>
<th>Peso líquido</th>
<td>7,00 gr <span class="peso">℮</span></td>
</tr>
</tbody>
</table>
</div>
</div>
</div>

<p>0,25€/unid</p>
<p>Intensidade: 10</p>
<p>Nº Cápsulas: 16</p>
<p>&nbsp;</p>
